-- Dumping data for table `staff_payslip`
--


--
-- Table structure for table `staff_rating`
--

CREATE TABLE `staff_rating` (
  `id` int NOT NULL AUTO_INCREMENT,
  `staff_id` int NOT NULL,
  `comment` text NOT NULL,
  `rate` int NOT NULL,
  `user_id` int NOT NULL,
  `role` varchar(255) NOT NULL,
  `status` int NOT NULL COMMENT '0 decline, 1 Approve',
  `entrydt` timestamp NOT NULL DEFAULT CURRENT_TIMESTAMP ON UPDATE CURRENT_TIMESTAMP,
  PRIMARY KEY (`id`),
  KEY `FK_staff_rating_staff` (`staff_id`),
  CONSTRAINT `FK_staff_rating_staff` FOREIGN KEY (`staff_id`) REFERENCES `staff` (`id`) ON DELETE CASCADE
) ENGINE=InnoDB AUTO_INCREMENT=3 DEFAULT CHARSET=utf8mb3;

--
-- Dumping data for table `staff_rating`
--

INSERT INTO `staff_rating` VALUES (1,31,'ok',2,1109,'student',1,'2024-05-11 09:59:53'),(2,31,'ok',1,1111,'student',0,'2024-05-12 12:47:49');

--
-- Table structure for table `staff_roles`
--

CREATE TABLE `staff_roles` (
  `id` int NOT NULL AUTO_INCREMENT,
  `role_id` int DEFAULT NULL,
  `staff_id` int DEFAULT NULL,
  `is_active` int DEFAULT '0',
  `created_at` timestamp NOT NULL DEFAULT CURRENT_TIMESTAMP ON UPDATE CURRENT_TIMESTAMP,
  `updated_at` date DEFAULT NULL,
  PRIMARY KEY (`id`),
  KEY `role_id` (`role_id`),
  KEY `staff_id` (`staff_id`),
  CONSTRAINT `FK_staff_roles_roles` FOREIGN KEY (`role_id`) REFERENCES `roles` (`id`) ON DELETE CASCADE,
  CONSTRAINT `FK_staff_roles_staff` FOREIGN KEY (`staff_id`) REFERENCES `staff` (`id`) ON DELETE CASCADE
) ENGINE=InnoDB AUTO_INCREMENT=43 DEFAULT CHARSET=utf8mb3;

--
-- Dumping data for table `staff_roles`
--

INSERT INTO `staff_roles` VALUES (1,7,1,0,'2024-05-06 08:25:56',NULL),(28,2,28,0,'2024-05-07 13:13:42',NULL),(29,2,29,0,'2024-05-07 13:13:42',NULL),(30,2,30,0,'2024-05-07 13:13:42',NULL),(31,2,31,0,'2024-05-07 13:13:42',NULL),(32,2,32,0,'2024-05-07 13:13:42',NULL),(33,2,33,0,'2024-05-07 13:13:42',NULL),(34,2,34,0,'2024-05-07 13:13:42',NULL),(35,2,35,0,'2024-05-07 13:13:42',NULL),(36,2,36,0,'2024-05-07 13:13:42',NULL),(37,2,37,0,'2024-05-07 13:13:42',NULL),(38,2,38,0,'2024-05-07 13:13:42',NULL),(39,2,39,0,'2024-05-07 13:13:42',NULL),(40,2,40,0,'2024-05-07 13:13:43',NULL),(41,2,41,0,'2024-05-07 13:13:43',NULL),(42,1,42,0,'2024-05-07 15:33:25',NULL);

--
-- Table structure for table `staff_timeline`
--

CREATE TABLE `staff_timeline` (
  `id` int NOT NULL AUTO_INCREMENT,
  `staff_id` int NOT NULL,
  `title` varchar(200) NOT NULL,
  `timeline_date` date NOT NULL,
  `description` varchar(300) NOT NULL,
  `document` varchar(200) NOT NULL,
  `status` varchar(200) NOT NULL,
  `date` date NOT NULL,
  `created_at` timestamp NOT NULL DEFAULT CURRENT_TIMESTAMP,
  PRIMARY KEY (`id`),
  KEY `FK_staff_timeline_staff` (`staff_id`),
  CONSTRAINT `FK_staff_timeline_staff` FOREIGN KEY (`staff_id`) REFERENCES `staff` (`id`) ON DELETE CASCADE
) ENGINE=InnoDB DEFAULT CHARSET=utf8mb3;

--
-- Dumping data for table `staff_timeline`
--


--
-- Table structure for table `student_applyleave`
--

CREATE TABLE `student_applyleave` (
  `id` int NOT NULL AUTO_INCREMENT,
  `student_session_id` int NOT NULL,
  `from_date` date NOT NULL,
  `to_date` date NOT NULL,
  `apply_date` date NOT NULL,
  `status` int NOT NULL,
  `docs` varchar(200) DEFAULT NULL,
  `reason` text NOT NULL,
  `approve_by` int DEFAULT NULL,
  `approve_date` date DEFAULT NULL,
  `request_type` int NOT NULL COMMENT '0 student,1 staff',
  `created_at` timestamp NOT NULL DEFAULT CURRENT_TIMESTAMP ON UPDATE CURRENT_TIMESTAMP,
  PRIMARY KEY (`id`),
  KEY `student_session_id` (`student_session_id`),
  KEY `approve_by` (`approve_by`),
  CONSTRAINT `student_applyleave_ibfk_1` FOREIGN KEY (`student_session_id`) REFERENCES `student_session` (`id`) ON DELETE CASCADE,
  CONSTRAINT `student_applyleave_ibfk_2` FOREIGN KEY (`approve_by`) REFERENCES `staff` (`id`) ON DELETE CASCADE
) ENGINE=InnoDB DEFAULT CHARSET=utf8mb3;

--
-- Dumping data for table `student_applyleave`
--


--
-- Table structure for table `student_attendences`
--

CREATE TABLE `student_attendences` (
  `id` int NOT NULL AUTO_INCREMENT,
  `student_session_id` int DEFAULT NULL,
  `biometric_attendence` int NOT NULL DEFAULT '0',
  `qrcode_attendance` int NOT NULL DEFAULT '0',
  `date` date DEFAULT NULL,
  `attendence_type_id` int DEFAULT NULL,
  `remark` varchar(200) NOT NULL,
  `biometric_device_data` text,
  `user_agent` varchar(250) DEFAULT NULL,
  `is_active` varchar(255) DEFAULT 'no',
  `created_at` timestamp NOT NULL DEFAULT CURRENT_TIMESTAMP ON UPDATE CURRENT_TIMESTAMP,
  `updated_at` timestamp NULL DEFAULT NULL,
  PRIMARY KEY (`id`),
  KEY `student_session_id` (`student_session_id`),
  KEY `attendence_type_id` (`attendence_type_id`),
  CONSTRAINT `student_attendences_ibfk_1` FOREIGN KEY (`attendence_type_id`) REFERENCES `attendence_type` (`id`) ON DELETE CASCADE,
  CONSTRAINT `student_attendences_ibfk_2` FOREIGN KEY (`student_session_id`) REFERENCES `student_session` (`id`) ON DELETE CASCADE
) ENGINE=InnoDB DEFAULT CHARSET=utf8mb3;

--
-- Dumping data for table `student_attendences`
--


--
-- Table structure for table `student_doc`
--

CREATE TABLE `student_doc` (
  `id` int NOT NULL AUTO_INCREMENT,
  `student_id` int DEFAULT NULL,
  `title` varchar(200) DEFAULT NULL,
  `doc` varchar(200) DEFAULT NULL,
  PRIMARY KEY (`id`),
  KEY `idx_student_id` (`student_id`)
) ENGINE=InnoDB DEFAULT CHARSET=utf8mb3;

--
-- Dumping data for table `student_doc`
--


--
-- Table structure for table `student_edit_fields`
--

CREATE TABLE `student_edit_fields` (
  `id` int NOT NULL AUTO_INCREMENT,
  `name` varchar(250) DEFAULT NULL,
  `status` int DEFAULT NULL,
  `created_at` timestamp NOT NULL DEFAULT CURRENT_TIMESTAMP ON UPDATE CURRENT_TIMESTAMP,
  PRIMARY KEY (`id`)
) ENGINE=InnoDB AUTO_INCREMENT=7 DEFAULT CHARSET=utf8mb3;

--
-- Dumping data for table `student_edit_fields`
--

INSERT INTO `student_edit_fields` VALUES (1,'previous_school_details',1,'2024-05-09 09:48:57'),(2,'student_photo',1,'2024-05-09 09:49:06'),(3,'dob',1,'2024-05-09 09:50:25'),(4,'firstname',0,'2024-05-09 09:50:35'),(5,'mobile_no',1,'2024-05-09 09:50:41'),(6,'gender',1,'2024-05-09 09:50:48');

--
-- Table structure for table `student_fees`
--

CREATE TABLE `student_fees` (
  `id` int NOT NULL AUTO_INCREMENT,
  `student_session_id` int DEFAULT NULL,
  `feemaster_id` int DEFAULT NULL,
  `amount` float(10,2) DEFAULT NULL,
  `amount_discount` float(10,2) NOT NULL,
  `amount_fine` float(10,2) NOT NULL DEFAULT '0.00',
  `description` text,
  `date` date DEFAULT NULL,
  `payment_mode` varchar(50) NOT NULL,
  `is_active` varchar(255) DEFAULT 'no',
  `created_at` timestamp NOT NULL DEFAULT CURRENT_TIMESTAMP ON UPDATE CURRENT_TIMESTAMP,
  `updated_at` date DEFAULT NULL,
  PRIMARY KEY (`id`),
  KEY `feemaster_id` (`feemaster_id`),
  KEY `student_session_id` (`student_session_id`),
  CONSTRAINT `student_fees_ibfk_1` FOREIGN KEY (`feemaster_id`) REFERENCES `feemasters` (`id`) ON DELETE CASCADE,
  CONSTRAINT `student_fees_ibfk_2` FOREIGN KEY (`student_session_id`) REFERENCES `student_session` (`id`) ON DELETE CASCADE
) ENGINE=InnoDB DEFAULT CHARSET=utf8mb3;

--
-- Dumping data for table `student_fees`
--


--
-- Table structure for table `student_fees_deposite`
--

CREATE TABLE `student_fees_deposite` (
  `id` int NOT NULL AUTO_INCREMENT,
  `student_fees_master_id` int DEFAULT NULL,
  `fee_groups_feetype_id` int DEFAULT NULL,
  `student_transport_fee_id` int DEFAULT NULL,
  `amount_detail` text,
  `is_active` varchar(10) NOT NULL DEFAULT 'no',
  `created_at` timestamp NOT NULL DEFAULT CURRENT_TIMESTAMP ON UPDATE CURRENT_TIMESTAMP,
  PRIMARY KEY (`id`),
  KEY `student_fees_master_id` (`student_fees_master_id`),
  KEY `fee_groups_feetype_id` (`fee_groups_feetype_id`),
  KEY `student_transport_fee_id` (`student_transport_fee_id`),
  CONSTRAINT `student_fees_deposite_ibfk_1` FOREIGN KEY (`student_transport_fee_id`) REFERENCES `student_transport_fees` (`id`) ON DELETE CASCADE,
  CONSTRAINT `student_fees_deposite_ibfk_2` FOREIGN KEY (`student_fees_master_id`) REFERENCES `student_fees_master` (`id`) ON DELETE CASCADE,
  CONSTRAINT `student_fees_deposite_ibfk_3` FOREIGN KEY (`fee_groups_feetype_id`) REFERENCES `fee_groups_feetype` (`id`) ON DELETE CASCADE
) ENGINE=InnoDB AUTO_INCREMENT=8 DEFAULT CHARSET=utf8mb3;

--
-- Dumping data for table `student_fees_deposite`
--

INSERT INTO `student_fees_deposite` VALUES (5,121,4,NULL,'{\"1\":{\"amount\":12,\"amount_discount\":5,\"amount_fine\":0,\"date\":\"2024-05-12\",\"description\":\"\",\"collected_by\":\"Cabdixakiin Xuseen Caamir(15)\",\"payment_mode\":\"EVC\",\"received_by\":\"42\",\"inv_no\":1}}','no','2024-05-12 12:30:44'),(6,151,5,NULL,'{\"1\":{\"amount\":\"25.00\",\"date\":\"2024-05-12\",\"description\":\"\",\"amount_discount\":0,\"collected_by\":\"Cabdixakiin Xuseen Caamir(15)\",\"amount_fine\":\"0\",\"payment_mode\":\"EVC\",\"received_by\":\"42\",\"inv_no\":1}}','no','2024-05-12 12:45:08'),(7,151,4,NULL,'{\"1\":{\"amount\":\"17.00\",\"date\":\"2024-05-12\",\"description\":\"\",\"amount_discount\":0,\"collected_by\":\"Cabdixakiin Xuseen Caamir(15)\",\"amount_fine\":\"0\",\"payment_mode\":\"EVC\",\"received_by\":\"42\",\"inv_no\":1}}','no','2024-05-12 12:45:08');

--
-- Table structure for table `student_fees_discounts`
--

CREATE TABLE `student_fees_discounts` (
  `id` int NOT NULL AUTO_INCREMENT,
  `student_session_id` int DEFAULT NULL,
  `fees_discount_id` int DEFAULT NULL,
  `status` varchar(20) DEFAULT 'assigned',
  `payment_id` varchar(50) DEFAULT NULL,
  `description` text,
  `is_active` varchar(10) NOT NULL DEFAULT 'no',
  `created_at` timestamp NOT NULL DEFAULT CURRENT_TIMESTAMP ON UPDATE CURRENT_TIMESTAMP,
  PRIMARY KEY (`id`),
  KEY `student_session_id` (`student_session_id`),
  KEY `fees_discount_id` (`fees_discount_id`),
  CONSTRAINT `student_fees_discounts_ibfk_1` FOREIGN KEY (`fees_discount_id`) REFERENCES `fees_discounts` (`id`) ON DELETE CASCADE,
  CONSTRAINT `student_fees_discounts_ibfk_2` FOREIGN KEY (`student_session_id`) REFERENCES `student_session` (`id`) ON DELETE CASCADE
) ENGINE=InnoDB DEFAULT CHARSET=utf8mb3;

--
-- Dumping data for table `student_fees_discounts`
--


--
-- Table structure for table `student_fees_master`
--

CREATE TABLE `student_fees_master` (
  `id` int NOT NULL AUTO_INCREMENT,
  `is_system` int NOT NULL DEFAULT '0',
  `student_session_id` int DEFAULT NULL,
  `fee_session_group_id` int DEFAULT NULL,
  `amount` float(10,2) DEFAULT '0.00',
  `is_active` varchar(10) NOT NULL DEFAULT 'no',
  `created_at` timestamp NOT NULL DEFAULT CURRENT_TIMESTAMP ON UPDATE CURRENT_TIMESTAMP,
  PRIMARY KEY (`id`),
  KEY `student_session_id` (`student_session_id`),
  KEY `fee_session_group_id` (`fee_session_group_id`),
  CONSTRAINT `student_fees_master_ibfk_1` FOREIGN KEY (`fee_session_group_id`) REFERENCES `fee_session_groups` (`id`) ON DELETE CASCADE,
  CONSTRAINT `student_fees_master_ibfk_2` FOREIGN KEY (`student_session_id`) REFERENCES `student_session` (`id`) ON DELETE CASCADE
) ENGINE=InnoDB AUTO_INCREMENT=181 DEFAULT CHARSET=utf8mb3;

--
-- Dumping data for table `student_fees_master`
--

INSERT INTO `student_fees_master` VALUES (55,0,89,1,0.00,'no','2024-05-07 15:24:15'),(56,0,90,1,0.00,'no','2024-05-07 15:24:15'),(57,0,91,1,0.00,'no','2024-05-07 15:24:15'),(58,0,92,1,0.00,'no','2024-05-07 15:24:15'),(59,0,93,1,0.00,'no','2024-05-07 15:24:15'),(60,0,94,1,0.00,'no','2024-05-07 15:24:15'),(61,0,95,1,0.00,'no','2024-05-07 15:24:15'),(62,0,96,1,0.00,'no','2024-05-07 15:24:15'),(63,0,97,1,0.00,'no','2024-05-07 15:24:15'),(64,0,98,1,0.00,'no','2024-05-07 15:24:15'),(65,0,99,1,0.00,'no','2024-05-07 15:24:15'),(66,0,100,1,0.00,'no','2024-05-07 15:24:15'),(67,0,101,1,0.00,'no','2024-05-07 15:24:15'),(68,0,102,1,0.00,'no','2024-05-07 15:24:15'),(69,0,103,1,0.00,'no','2024-05-07 15:24:15'),(70,0,104,1,0.00,'no','2024-05-07 15:24:15'),(71,0,105,1,0.00,'no','2024-05-07 15:24:15'),(72,0,106,1,0.00,'no','2024-05-07 15:24:15'),(73,0,107,1,0.00,'no','2024-05-07 15:24:15'),(74,0,108,1,0.00,'no','2024-05-07 15:24:15'),(75,0,109,1,0.00,'no','2024-05-07 15:24:15'),(76,0,110,1,0.00,'no','2024-05-07 15:24:15'),(77,0,111,1,0.00,'no','2024-05-07 15:24:15'),(78,0,112,1,0.00,'no','2024-05-07 15:24:15'),(79,0,113,1,0.00,'no','2024-05-07 15:24:15'),(80,0,114,1,0.00,'no','2024-05-07 15:24:15'),(81,0,115,1,0.00,'no','2024-05-07 15:24:15'),(82,0,116,1,0.00,'no','2024-05-07 15:24:15'),(83,0,117,1,0.00,'no','2024-05-07 15:24:15'),(84,0,118,1,0.00,'no','2024-05-07 15:24:15'),(85,0,477,1,0.00,'no','2024-05-07 15:24:15'),(86,0,478,1,0.00,'no','2024-05-07 15:24:15'),(87,0,479,1,0.00,'no','2024-05-07 15:24:15'),(88,0,480,1,0.00,'no','2024-05-07 15:24:15'),(89,0,481,1,0.00,'no','2024-05-07 15:24:15'),(90,0,482,1,0.00,'no','2024-05-07 15:24:15'),(91,0,483,1,0.00,'no','2024-05-07 15:24:15'),(92,0,484,1,0.00,'no','2024-05-07 15:24:15'),(93,0,485,1,0.00,'no','2024-05-07 15:24:15'),(94,0,486,1,0.00,'no','2024-05-07 15:24:15'),(95,0,487,1,0.00,'no','2024-05-07 15:24:15'),(96,0,488,1,0.00,'no','2024-05-07 15:24:15'),(97,0,489,1,0.00,'no','2024-05-07 15:24:15'),(98,0,490,1,0.00,'no','2024-05-07 15:24:15'),(99,0,491,1,0.00,'no','2024-05-07 15:24:15'),(100,0,492,1,0.00,'no','2024-05-07 15:24:15'),(101,0,493,1,0.00,'no','2024-05-07 15:24:15'),(102,0,494,1,0.00,'no','2024-05-07 15:24:15'),(103,0,495,1,0.00,'no','2024-05-07 15:24:15'),(104,0,496,1,0.00,'no','2024-05-07 15:24:16'),(105,0,497,1,0.00,'no','2024-05-07 15:24:16'),(106,0,498,1,0.00,'no','2024-05-07 15:24:16'),(107,0,499,1,0.00,'no','2024-05-07 15:24:16'),(108,0,500,1,0.00,'no','2024-05-07 15:24:16'),(109,0,501,1,0.00,'no','2024-05-07 15:24:16'),(110,0,502,1,0.00,'no','2024-05-07 15:24:16'),(111,0,503,1,0.00,'no','2024-05-07 15:24:16'),(112,0,504,1,0.00,'no','2024-05-07 15:24:16'),(113,0,505,1,0.00,'no','2024-05-07 15:24:16'),(114,0,507,4,0.00,'no','2024-05-11 14:38:27'),(115,0,508,4,0.00,'no','2024-05-11 14:43:49'),(116,0,509,4,0.00,'no','2024-05-11 14:45:43'),(117,0,510,4,0.00,'no','2024-05-12 06:26:10'),(118,0,511,4,0.00,'no','2024-05-12 10:30:11'),(119,0,512,1,0.00,'no','2024-05-12 10:36:48'),(120,0,514,4,0.00,'no','2024-05-12 12:17:55'),(121,0,477,4,0.00,'no','2024-05-12 12:20:10'),(122,0,478,4,0.00,'no','2024-05-12 12:20:10'),(123,0,479,4,0.00,'no','2024-05-12 12:20:10'),(124,0,480,4,0.00,'no','2024-05-12 12:20:10'),(125,0,481,4,0.00,'no','2024-05-12 12:20:10'),(126,0,482,4,0.00,'no','2024-05-12 12:20:10'),(127,0,483,4,0.00,'no','2024-05-12 12:20:10'),(128,0,484,4,0.00,'no','2024-05-12 12:20:10'),(129,0,485,4,0.00,'no','2024-05-12 12:20:10'),(130,0,486,4,0.00,'no','2024-05-12 12:20:10'),(131,0,487,4,0.00,'no','2024-05-12 12:20:10'),(132,0,488,4,0.00,'no','2024-05-12 12:20:10'),(133,0,489,4,0.00,'no','2024-05-12 12:20:10'),(134,0,490,4,0.00,'no','2024-05-12 12:20:10'),(135,0,491,4,0.00,'no','2024-05-12 12:20:10'),(136,0,492,4,0.00,'no','2024-05-12 12:20:10'),(137,0,493,4,0.00,'no','2024-05-12 12:20:10'),(138,0,494,4,0.00,'no','2024-05-12 12:20:10'),(139,0,495,4,0.00,'no','2024-05-12 12:20:10'),(140,0,496,4,0.00,'no','2024-05-12 12:20:10'),(141,0,497,4,0.00,'no','2024-05-12 12:20:10'),(142,0,498,4,0.00,'no','2024-05-12 12:20:10'),(143,0,499,4,0.00,'no','2024-05-12 12:20:10'),(144,0,500,4,0.00,'no','2024-05-12 12:20:10'),(145,0,501,4,0.00,'no','2024-05-12 12:20:10'),(146,0,502,4,0.00,'no','2024-05-12 12:20:10'),(147,0,503,4,0.00,'no','2024-05-12 12:20:10'),(148,0,504,4,0.00,'no','2024-05-12 12:20:10'),(149,0,505,4,0.00,'no','2024-05-12 12:20:10'),(150,0,506,4,0.00,'no','2024-05-12 12:20:10'),(151,0,119,4,0.00,'no','2024-05-12 12:42:16'),(152,0,120,4,0.00,'no','2024-05-12 12:42:16'),(153,0,121,4,0.00,'no','2024-05-12 12:42:16'),(154,0,122,4,0.00,'no','2024-05-12 12:42:16'),(155,0,123,4,0.00,'no','2024-05-12 12:42:16'),(156,0,124,4,0.00,'no','2024-05-12 12:42:16'),(157,0,125,4,0.00,'no','2024-05-12 12:42:16'),(158,0,126,4,0.00,'no','2024-05-12 12:42:16'),(159,0,127,4,0.00,'no','2024-05-12 12:42:16'),(160,0,128,4,0.00,'no','2024-05-12 12:42:16'),(161,0,129,4,0.00,'no','2024-05-12 12:42:16'),(162,0,130,4,0.00,'no','2024-05-12 12:42:16'),(163,0,131,4,0.00,'no','2024-05-12 12:42:16'),(164,0,132,4,0.00,'no','2024-05-12 12:42:16'),(165,0,133,4,0.00,'no','2024-05-12 12:42:16'),(166,0,134,4,0.00,'no','2024-05-12 12:42:16'),(167,0,135,4,0.00,'no','2024-05-12 12:42:16'),(168,0,136,4,0.00,'no','2024-05-12 12:42:16'),(169,0,137,4,0.00,'no','2024-05-12 12:42:17'),(170,0,138,4,0.00,'no','2024-05-12 12:42:17'),(171,0,139,4,0.00,'no','2024-05-12 12:42:17'),(172,0,140,4,0.00,'no','2024-05-12 12:42:17'),(173,0,141,4,0.00,'no','2024-05-12 12:42:17'),(174,0,142,4,0.00,'no','2024-05-12 12:42:17'),(175,0,143,4,0.00,'no','2024-05-12 12:42:17'),(176,0,512,4,0.00,'no','2024-05-12 12:42:17'),(177,0,517,2,0.00,'no','2024-05-12 13:02:55'),(178,0,519,4,0.00,'no','2024-05-12 13:31:16'),(179,0,520,4,0.00,'no','2024-05-12 13:34:11'),(180,0,521,4,0.00,'no','2024-05-12 13:35:33');

--
-- Table structure for table `student_fees_processing`
--

CREATE TABLE `student_fees_processing` (
  `id` int NOT NULL AUTO_INCREMENT,
  `gateway_ins_id` int NOT NULL,
  `fee_category` varchar(255) NOT NULL,
  `student_fees_master_id` int DEFAULT NULL,
  `fee_groups_feetype_id` int DEFAULT NULL,
  `student_transport_fee_id` int DEFAULT NULL,
  `amount_detail` text,
  `is_active` varchar(10) NOT NULL DEFAULT 'no',
  `created_at` timestamp NOT NULL DEFAULT CURRENT_TIMESTAMP ON UPDATE CURRENT_TIMESTAMP,
  PRIMARY KEY (`id`),
  KEY `student_fees_master_id` (`student_fees_master_id`),
  KEY `fee_groups_feetype_id` (`fee_groups_feetype_id`),
  KEY `student_transport_fee_id` (`student_transport_fee_id`),
  KEY `gateway_ins_id` (`gateway_ins_id`),
  CONSTRAINT `student_fees_processing_ibfk_1` FOREIGN KEY (`student_fees_master_id`) REFERENCES `student_fees_master` (`id`) ON DELETE CASCADE,
  CONSTRAINT `student_fees_processing_ibfk_2` FOREIGN KEY (`student_transport_fee_id`) REFERENCES `student_transport_fees` (`id`) ON DELETE CASCADE,
  CONSTRAINT `student_fees_processing_ibfk_3` FOREIGN KEY (`fee_groups_feetype_id`) REFERENCES `fee_groups_feetype` (`id`) ON DELETE CASCADE,
  CONSTRAINT `student_fees_processing_ibfk_4` FOREIGN KEY (`gateway_ins_id`) REFERENCES `gateway_ins` (`id`) ON DELETE CASCADE
) ENGINE=InnoDB DEFAULT CHARSET=utf8mb3;

--
-- Dumping data for table `student_fees_processing`
--


--
-- Table structure for table `student_quiz_status`
--

CREATE TABLE `student_quiz_status` (
  `id` int NOT NULL AUTO_INCREMENT,
  `student_id` int DEFAULT NULL,
  `guest_id` int DEFAULT NULL,
  `course_quiz_id` int DEFAULT NULL,
  `total_question` int DEFAULT NULL,
  `correct_answer` int DEFAULT NULL,
  `wrong_answer` int DEFAULT NULL,
  `not_answer` int DEFAULT NULL,
  `status` tinyint(1) DEFAULT NULL COMMENT '1-completed,0-incomplete	',
  `created_date` timestamp NULL DEFAULT CURRENT_TIMESTAMP,
  `updated_date` timestamp NULL DEFAULT CURRENT_TIMESTAMP,
  PRIMARY KEY (`id`),
  KEY `student_id` (`student_id`),
  KEY `course_quiz_id` (`course_quiz_id`) USING BTREE,
  CONSTRAINT `student_quiz_status_ibfk_1` FOREIGN KEY (`student_id`) REFERENCES `students` (`id`) ON DELETE CASCADE,
  CONSTRAINT `student_quiz_status_ibfk_2` FOREIGN KEY (`course_quiz_id`) REFERENCES `online_course_quiz` (`id`) ON DELETE CASCADE
) ENGINE=InnoDB DEFAULT CHARSET=utf8mb3;

--
-- Dumping data for table `student_quiz_status`
--


--
-- Table structure for table `student_session`
--

CREATE TABLE `student_session` (
  `id` int NOT NULL AUTO_INCREMENT,
  `session_id` int DEFAULT NULL,
  `student_id` int DEFAULT NULL,
  `class_id` int DEFAULT NULL,
  `section_id` int DEFAULT NULL,
  `hostel_room_id` int DEFAULT NULL,
  `vehroute_id` int DEFAULT NULL,
  `route_pickup_point_id` int DEFAULT NULL,
  `transport_fees` float(10,2) NOT NULL DEFAULT '0.00',
  `fees_discount` float(10,2) NOT NULL DEFAULT '0.00',
  `is_leave` int NOT NULL DEFAULT '0',
  `is_active` varchar(255) DEFAULT 'no',
  `is_alumni` int NOT NULL,
  `default_login` int NOT NULL DEFAULT '0',
  `created_at` timestamp NOT NULL DEFAULT CURRENT_TIMESTAMP ON UPDATE CURRENT_TIMESTAMP,
  `updated_at` date DEFAULT NULL,
  PRIMARY KEY (`id`),
  KEY `session_id` (`session_id`),
  KEY `student_id` (`student_id`),
  KEY `class_id` (`class_id`),
  KEY `section_id` (`section_id`),
  KEY `student_session_ibfk_5` (`vehroute_id`),
  KEY `hostel_room_id` (`hostel_room_id`),
  KEY `student_session_ibfk_6` (`route_pickup_point_id`),
  CONSTRAINT `student_session_ibfk_1` FOREIGN KEY (`session_id`) REFERENCES `sessions` (`id`) ON DELETE CASCADE,
  CONSTRAINT `student_session_ibfk_2` FOREIGN KEY (`student_id`) REFERENCES `students` (`id`) ON DELETE CASCADE,
  CONSTRAINT `student_session_ibfk_3` FOREIGN KEY (`class_id`) REFERENCES `classes` (`id`) ON DELETE CASCADE,
  CONSTRAINT `student_session_ibfk_4` FOREIGN KEY (`section_id`) REFERENCES `sections` (`id`) ON DELETE CASCADE,
  CONSTRAINT `student_session_ibfk_5` FOREIGN KEY (`vehroute_id`) REFERENCES `vehicle_routes` (`id`) ON DELETE SET NULL,
  CONSTRAINT `student_session_ibfk_6` FOREIGN KEY (`route_pickup_point_id`) REFERENCES `route_pickup_point` (`id`) ON DELETE SET NULL,
  CONSTRAINT `student_session_ibfk_7` FOREIGN KEY (`hostel_room_id`) REFERENCES `hostel_rooms` (`id`) ON DELETE SET NULL
) ENGINE=InnoDB AUTO_INCREMENT=522 DEFAULT CHARSET=utf8mb3;

--
-- Dumping data for table `student_session`
--

INSERT INTO `student_session` VALUES (89,19,89,12,3,NULL,NULL,NULL,0.00,0.00,0,'no',0,1,'2024-05-07 17:14:51',NULL),(90,19,90,12,3,NULL,NULL,NULL,0.00,0.00,0,'no',0,0,'2024-05-07 13:53:32',NULL),(91,19,91,12,3,NULL,NULL,NULL,0.00,0.00,0,'no',0,0,'2024-05-07 13:53:32',NULL),(92,19,92,12,3,NULL,NULL,NULL,0.00,0.00,0,'no',0,0,'2024-05-07 13:53:32',NULL),(93,19,93,12,3,NULL,NULL,NULL,0.00,0.00,0,'no',0,0,'2024-05-07 13:53:32',NULL),(94,19,94,12,3,NULL,NULL,NULL,0.00,0.00,0,'no',0,0,'2024-05-07 13:53:32',NULL),(95,19,95,12,3,NULL,NULL,NULL,0.00,0.00,0,'no',0,0,'2024-05-07 13:53:32',NULL),(96,19,96,12,3,NULL,NULL,NULL,0.00,0.00,0,'no',0,0,'2024-05-07 13:53:32',NULL),(97,19,97,12,3,NULL,NULL,NULL,0.00,0.00,0,'no',0,0,'2024-05-07 13:53:32',NULL),(98,19,98,12,3,NULL,NULL,NULL,0.00,0.00,0,'no',0,0,'2024-05-07 13:53:32',NULL),(99,19,99,12,3,NULL,NULL,NULL,0.00,0.00,0,'no',0,0,'2024-05-07 13:53:32',NULL),(100,19,100,12,3,NULL,NULL,NULL,0.00,0.00,0,'no',0,0,'2024-05-07 13:53:32',NULL),(101,19,101,12,3,NULL,NULL,NULL,0.00,0.00,0,'no',0,0,'2024-05-07 13:53:32',NULL),(102,19,102,12,3,NULL,NULL,NULL,0.00,0.00,0,'no',0,0,'2024-05-07 13:53:32',NULL),(103,19,103,12,3,NULL,NULL,NULL,0.00,0.00,0,'no',0,0,'2024-05-07 13:53:32',NULL),(104,19,104,12,3,NULL,NULL,NULL,0.00,0.00,0,'no',0,0,'2024-05-07 13:53:32',NULL),(105,19,105,12,3,NULL,NULL,NULL,0.00,0.00,0,'no',0,0,'2024-05-07 13:53:32',NULL),(106,19,106,12,3,NULL,NULL,NULL,0.00,0.00,0,'no',0,0,'2024-05-07 13:53:32',NULL),(107,19,107,12,3,NULL,NULL,NULL,0.00,0.00,0,'no',0,0,'2024-05-07 13:53:32',NULL),(108,19,108,12,3,NULL,NULL,NULL,0.00,0.00,0,'no',0,0,'2024-05-07 13:53:32',NULL),(109,19,109,12,3,NULL,NULL,NULL,0.00,0.00,0,'no',0,0,'2024-05-07 13:53:32',NULL),(110,19,110,12,3,NULL,NULL,NULL,0.00,0.00,0,'no',0,0,'2024-05-07 13:53:32',NULL),(111,19,111,12,3,NULL,NULL,NULL,0.00,0.00,0,'no',0,0,'2024-05-07 13:53:32',NULL),(112,19,112,12,3,NULL,NULL,NULL,0.00,0.00,0,'no',0,0,'2024-05-07 13:53:32',NULL),(113,19,113,12,3,NULL,NULL,NULL,0.00,0.00,0,'no',0,1,'2024-05-08 06:09:07',NULL),(114,19,114,12,3,NULL,NULL,NULL,0.00,0.00,0,'no',0,0,'2024-05-07 13:53:33',NULL),(115,19,115,12,3,NULL,NULL,NULL,0.00,0.00,0,'no',0,0,'2024-05-07 13:53:33',NULL),(116,19,116,12,3,NULL,NULL,NULL,0.00,0.00,0,'no',0,0,'2024-05-07 13:53:33',NULL),(117,19,117,12,3,NULL,NULL,NULL,0.00,0.00,0,'no',0,0,'2024-05-07 13:53:33',NULL),(118,19,118,12,3,NULL,NULL,NULL,0.00,0.00,0,'no',0,0,'2024-05-07 13:53:33',NULL),(119,19,119,11,1,NULL,NULL,NULL,0.00,0.00,0,'no',0,0,'2024-05-07 13:58:08',NULL),(120,19,120,11,1,NULL,NULL,NULL,0.00,0.00,0,'no',0,0,'2024-05-07 13:58:08',NULL),(121,19,121,11,1,NULL,NULL,NULL,0.00,0.00,0,'no',0,0,'2024-05-07 13:58:08',NULL),(122,19,122,11,1,NULL,NULL,NULL,0.00,0.00,0,'no',0,0,'2024-05-07 13:58:08',NULL),(123,19,123,11,1,NULL,NULL,NULL,0.00,0.00,0,'no',0,0,'2024-05-07 13:58:08',NULL),(124,19,124,11,1,NULL,NULL,NULL,0.00,0.00,0,'no',0,0,'2024-05-07 13:58:08',NULL),(125,19,125,11,1,NULL,NULL,NULL,0.00,0.00,0,'no',0,0,'2024-05-07 13:58:08',NULL),(126,19,126,11,1,NULL,NULL,NULL,0.00,0.00,0,'no',0,0,'2024-05-07 13:58:08',NULL),(127,19,127,11,1,NULL,NULL,NULL,0.00,0.00,0,'no',0,0,'2024-05-07 13:58:08',NULL),(128,19,128,11,1,NULL,NULL,NULL,0.00,0.00,0,'no',0,0,'2024-05-07 13:58:08',NULL),(129,19,129,11,1,NULL,NULL,NULL,0.00,0.00,0,'no',0,0,'2024-05-07 13:58:08',NULL),(130,19,130,11,1,NULL,NULL,NULL,0.00,0.00,0,'no',0,0,'2024-05-07 13:58:08',NULL),(131,19,131,11,1,NULL,NULL,NULL,0.00,0.00,0,'no',0,0,'2024-05-07 13:58:08',NULL),(132,19,132,11,1,NULL,NULL,NULL,0.00,0.00,0,'no',0,0,'2024-05-07 13:58:08',NULL),(133,19,133,11,1,NULL,NULL,NULL,0.00,0.00,0,'no',0,0,'2024-05-07 13:58:08',NULL),(134,19,134,11,1,NULL,NULL,NULL,0.00,0.00,0,'no',0,0,'2024-05-07 13:58:09',NULL),(135,19,135,11,1,NULL,NULL,NULL,0.00,0.00,0,'no',0,0,'2024-05-07 13:58:09',NULL),(136,19,136,11,1,NULL,NULL,NULL,0.00,0.00,0,'no',0,0,'2024-05-07 13:58:09',NULL),(137,19,137,11,1,NULL,NULL,NULL,0.00,0.00,0,'no',0,0,'2024-05-07 13:58:09',NULL),(138,19,138,11,1,NULL,NULL,NULL,0.00,0.00,0,'no',0,0,'2024-05-07 13:58:09',NULL),(139,19,139,11,1,NULL,NULL,NULL,0.00,0.00,0,'no',0,0,'2024-05-07 13:58:09',NULL),(140,19,140,11,1,NULL,NULL,NULL,0.00,0.00,0,'no',0,0,'2024-05-07 13:58:09',NULL),(141,19,141,11,1,NULL,NULL,NULL,0.00,0.00,0,'no',0,0,'2024-05-07 13:58:09',NULL),(142,19,142,11,1,NULL,NULL,NULL,0.00,0.00,0,'no',0,0,'2024-05-07 13:58:09',NULL),(143,19,143,11,1,NULL,NULL,NULL,0.00,0.00,0,'no',0,0,'2024-05-07 13:58:09',NULL),(144,19,144,10,1,NULL,NULL,NULL,0.00,0.00,0,'no',0,0,'2024-05-07 14:00:08',NULL),(145,19,145,10,1,NULL,NULL,NULL,0.00,0.00,0,'no',0,0,'2024-05-07 14:00:08',NULL),(146,19,146,10,1,NULL,NULL,NULL,0.00,0.00,0,'no',0,0,'2024-05-07 14:00:08',NULL),(147,19,147,10,1,NULL,NULL,NULL,0.00,0.00,0,'no',0,0,'2024-05-07 14:00:08',NULL),(148,19,148,10,1,NULL,NULL,NULL,0.00,0.00,0,'no',0,0,'2024-05-07 14:00:09',NULL),(149,19,149,10,1,NULL,NULL,NULL,0.00,0.00,0,'no',0,0,'2024-05-07 14:00:09',NULL),(150,19,150,10,1,NULL,NULL,NULL,0.00,0.00,0,'no',0,0,'2024-05-07 14:00:09',NULL),(151,19,151,10,1,NULL,NULL,NULL,0.00,0.00,0,'no',0,0,'2024-05-07 14:00:09',NULL),(152,19,152,10,1,NULL,NULL,NULL,0.00,0.00,0,'no',0,0,'2024-05-07 14:00:09',NULL),(153,19,153,10,1,NULL,NULL,NULL,0.00,0.00,0,'no',0,0,'2024-05-07 14:00:09',NULL),(154,19,154,10,1,NULL,NULL,NULL,0.00,0.00,0,'no',0,0,'2024-05-07 14:00:09',NULL),(155,19,155,10,1,NULL,NULL,NULL,0.00,0.00,0,'no',0,0,'2024-05-07 14:00:09',NULL),(156,19,156,10,1,NULL,NULL,NULL,0.00,0.00,0,'no',0,0,'2024-05-07 14:00:09',NULL),(157,19,157,10,1,NULL,NULL,NULL,0.00,0.00,0,'no',0,0,'2024-05-07 14:00:09',NULL),(158,19,158,10,1,NULL,NULL,NULL,0.00,0.00,0,'no',0,0,'2024-05-07 14:00:09',NULL),(159,19,159,10,1,NULL,NULL,NULL,0.00,0.00,0,'no',0,0,'2024-05-07 14:00:09',NULL),(160,19,160,10,1,NULL,NULL,NULL,0.00,0.00,0,'no',0,0,'2024-05-07 14:00:09',NULL),(161,19,161,10,1,NULL,NULL,NULL,0.00,0.00,0,'no',0,0,'2024-05-07 14:00:09',NULL),(162,19,162,10,1,NULL,NULL,NULL,0.00,0.00,0,'no',0,0,'2024-05-07 14:00:09',NULL),(163,19,163,10,1,NULL,NULL,NULL,0.00,0.00,0,'no',0,0,'2024-05-07 14:00:09',NULL),(164,19,164,10,1,NULL,NULL,NULL,0.00,0.00,0,'no',0,0,'2024-05-07 14:00:09',NULL),(165,19,165,10,1,NULL,NULL,NULL,0.00,0.00,0,'no',0,0,'2024-05-07 14:00:09',NULL),(166,19,166,10,1,NULL,NULL,NULL,0.00,0.00,0,'no',0,0,'2024-05-07 14:00:09',NULL),(167,19,167,10,1,NULL,NULL,NULL,0.00,0.00,0,'no',0,0,'2024-05-07 14:00:10',NULL),(168,19,168,10,1,NULL,NULL,NULL,0.00,0.00,0,'no',0,0,'2024-05-07 14:00:10',NULL),(169,19,169,10,1,NULL,NULL,NULL,0.00,0.00,0,'no',0,0,'2024-05-07 14:00:10',NULL),(170,19,170,10,1,NULL,NULL,NULL,0.00,0.00,0,'no',0,0,'2024-05-07 14:00:10',NULL),(171,19,171,10,1,NULL,NULL,NULL,0.00,0.00,0,'no',0,0,'2024-05-07 14:00:10',NULL),(172,19,172,10,1,NULL,NULL,NULL,0.00,0.00,0,'no',0,0,'2024-05-07 14:00:10',NULL),(173,19,173,9,1,NULL,NULL,NULL,0.00,0.00,0,'no',0,0,'2024-05-07 14:01:58',NULL),(174,19,174,9,1,NULL,NULL,NULL,0.00,0.00,0,'no',0,0,'2024-05-07 14:01:58',NULL),(175,19,175,9,1,NULL,NULL,NULL,0.00,0.00,0,'no',0,0,'2024-05-07 14:01:58',NULL),(176,19,176,9,1,NULL,NULL,NULL,0.00,0.00,0,'no',0,0,'2024-05-07 14:01:58',NULL),(177,19,177,9,1,NULL,NULL,NULL,0.00,0.00,0,'no',0,0,'2024-05-07 14:01:58',NULL),(178,19,178,9,1,NULL,NULL,NULL,0.00,0.00,0,'no',0,0,'2024-05-07 14:01:58',NULL),(179,19,179,9,1,NULL,NULL,NULL,0.00,0.00,0,'no',0,0,'2024-05-07 14:01:58',NULL),(180,19,180,9,1,NULL,NULL,NULL,0.00,0.00,0,'no',0,0,'2024-05-07 14:01:58',NULL),(181,19,181,9,1,NULL,NULL,NULL,0.00,0.00,0,'no',0,0,'2024-05-07 14:01:58',NULL),(182,19,182,9,1,NULL,NULL,NULL,0.00,0.00,0,'no',0,0,'2024-05-07 14:01:58',NULL),(183,19,183,9,1,NULL,NULL,NULL,0.00,0.00,0,'no',0,0,'2024-05-07 14:01:58',NULL),(184,19,184,9,1,NULL,NULL,NULL,0.00,0.00,0,'no',0,0,'2024-05-07 14:01:58',NULL),(185,19,185,9,1,NULL,NULL,NULL,0.00,0.00,0,'no',0,0,'2024-05-07 14:01:58',NULL),(186,19,186,9,1,NULL,NULL,NULL,0.00,0.00,0,'no',0,0,'2024-05-07 14:01:58',NULL),(187,19,187,9,1,NULL,NULL,NULL,0.00,0.00,0,'no',0,0,'2024-05-07 14:01:58',NULL),(188,19,188,9,1,NULL,NULL,NULL,0.00,0.00,0,'no',0,0,'2024-05-07 14:01:58',NULL),(189,19,189,9,1,NULL,NULL,NULL,0.00,0.00,0,'no',0,0,'2024-05-07 14:01:58',NULL),(190,19,190,9,1,NULL,NULL,NULL,0.00,0.00,0,'no',0,0,'2024-05-07 14:01:58',NULL),(191,19,191,9,1,NULL,NULL,NULL,0.00,0.00,0,'no',0,0,'2024-05-07 14:01:58',NULL),(192,19,192,9,1,NULL,NULL,NULL,0.00,0.00,0,'no',0,0,'2024-05-07 14:01:58',NULL),(193,19,193,9,1,NULL,NULL,NULL,0.00,0.00,0,'no',0,0,'2024-05-07 14:01:58',NULL),(194,19,194,9,1,NULL,NULL,NULL,0.00,0.00,0,'no',0,0,'2024-05-07 14:01:58',NULL),(195,19,195,9,1,NULL,NULL,NULL,0.00,0.00,0,'no',0,0,'2024-05-07 14:01:58',NULL),(196,19,196,9,1,NULL,NULL,NULL,0.00,0.00,0,'no',0,0,'2024-05-07 14:01:58',NULL),(197,19,197,9,1,NULL,NULL,NULL,0.00,0.00,0,'no',0,0,'2024-05-07 14:01:58',NULL),(198,19,198,9,1,NULL,NULL,NULL,0.00,0.00,0,'no',0,0,'2024-05-07 14:01:58',NULL),(199,19,199,9,1,NULL,NULL,NULL,0.00,0.00,0,'no',0,0,'2024-05-07 14:01:59',NULL),(200,19,200,9,1,NULL,NULL,NULL,0.00,0.00,0,'no',0,0,'2024-05-07 14:01:59',NULL),(201,19,201,9,1,NULL,NULL,NULL,0.00,0.00,0,'no',0,0,'2024-05-07 14:01:59',NULL),(202,19,202,9,1,NULL,NULL,NULL,0.00,0.00,0,'no',0,0,'2024-05-07 14:01:59',NULL),(203,19,203,9,1,NULL,NULL,NULL,0.00,0.00,0,'no',0,0,'2024-05-07 14:01:59',NULL),(204,19,204,9,1,NULL,NULL,NULL,0.00,0.00,0,'no',0,0,'2024-05-07 14:01:59',NULL),(205,19,205,9,1,NULL,NULL,NULL,0.00,0.00,0,'no',0,0,'2024-05-07 14:01:59',NULL),(206,19,206,9,1,NULL,NULL,NULL,0.00,0.00,0,'no',0,0,'2024-05-07 14:01:59',NULL),(207,19,207,9,1,NULL,NULL,NULL,0.00,0.00,0,'no',0,0,'2024-05-07 14:01:59',NULL),(208,19,208,9,1,NULL,NULL,NULL,0.00,0.00,0,'no',0,0,'2024-05-07 14:01:59',NULL),(209,19,209,9,1,NULL,NULL,NULL,0.00,0.00,0,'no',0,0,'2024-05-07 14:01:59',NULL),(210,19,210,9,1,NULL,NULL,NULL,0.00,0.00,0,'no',0,0,'2024-05-07 14:01:59',NULL),(211,19,211,9,1,NULL,NULL,NULL,0.00,0.00,0,'no',0,0,'2024-05-07 14:01:59',NULL),(212,19,212,9,1,NULL,NULL,NULL,0.00,0.00,0,'no',0,0,'2024-05-07 14:01:59',NULL),(213,19,213,9,1,NULL,NULL,NULL,0.00,0.00,0,'no',0,0,'2024-05-07 14:01:59',NULL),(214,19,214,9,1,NULL,NULL,NULL,0.00,0.00,0,'no',0,0,'2024-05-07 14:01:59',NULL),(215,19,215,8,1,NULL,NULL,NULL,0.00,0.00,0,'no',0,0,'2024-05-07 14:18:56',NULL),(216,19,216,8,1,NULL,NULL,NULL,0.00,0.00,0,'no',0,0,'2024-05-07 14:18:56',NULL),(217,19,217,8,1,NULL,NULL,NULL,0.00,0.00,0,'no',0,0,'2024-05-07 14:18:56',NULL),(218,19,218,8,1,NULL,NULL,NULL,0.00,0.00,0,'no',0,0,'2024-05-07 14:18:56',NULL),(219,19,219,8,1,NULL,NULL,NULL,0.00,0.00,0,'no',0,0,'2024-05-07 14:18:56',NULL),(220,19,220,8,1,NULL,NULL,NULL,0.00,0.00,0,'no',0,0,'2024-05-07 14:18:56',NULL),(221,19,221,8,1,NULL,NULL,NULL,0.00,0.00,0,'no',0,0,'2024-05-07 14:18:56',NULL),(222,19,222,8,1,NULL,NULL,NULL,0.00,0.00,0,'no',0,0,'2024-05-07 14:18:56',NULL),(223,19,223,8,1,NULL,NULL,NULL,0.00,0.00,0,'no',0,0,'2024-05-07 14:18:56',NULL),(224,19,224,8,1,NULL,NULL,NULL,0.00,0.00,0,'no',0,0,'2024-05-07 14:18:56',NULL),(225,19,225,8,1,NULL,NULL,NULL,0.00,0.00,0,'no',0,0,'2024-05-07 14:18:56',NULL),(226,19,226,8,1,NULL,NULL,NULL,0.00,0.00,0,'no',0,0,'2024-05-07 14:18:56',NULL),(227,19,227,8,1,NULL,NULL,NULL,0.00,0.00,0,'no',0,0,'2024-05-07 14:18:56',NULL),(228,19,228,8,1,NULL,NULL,NULL,0.00,0.00,0,'no',0,0,'2024-05-07 14:18:56',NULL),(229,19,229,8,1,NULL,NULL,NULL,0.00,0.00,0,'no',0,0,'2024-05-07 14:18:56',NULL),(230,19,230,8,1,NULL,NULL,NULL,0.00,0.00,0,'no',0,0,'2024-05-07 14:18:56',NULL),(231,19,231,8,1,NULL,NULL,NULL,0.00,0.00,0,'no',0,0,'2024-05-07 14:18:56',NULL),(232,19,232,8,1,NULL,NULL,NULL,0.00,0.00,0,'no',0,0,'2024-05-07 14:18:57',NULL),(233,19,233,8,1,NULL,NULL,NULL,0.00,0.00,0,'no',0,0,'2024-05-07 14:18:57',NULL),(234,19,234,8,1,NULL,NULL,NULL,0.00,0.00,0,'no',0,0,'2024-05-07 14:18:57',NULL),(235,19,235,8,1,NULL,NULL,NULL,0.00,0.00,0,'no',0,0,'2024-05-07 14:18:57',NULL),(236,19,236,8,1,NULL,NULL,NULL,0.00,0.00,0,'no',0,0,'2024-05-07 14:18:57',NULL),(237,19,237,8,1,NULL,NULL,NULL,0.00,0.00,0,'no',0,0,'2024-05-07 14:18:57',NULL),(238,19,238,8,1,NULL,NULL,NULL,0.00,0.00,0,'no',0,0,'2024-05-07 14:18:57',NULL),(239,19,239,8,1,NULL,NULL,NULL,0.00,0.00,0,'no',0,0,'2024-05-07 14:18:57',NULL),(240,19,240,8,1,NULL,NULL,NULL,0.00,0.00,0,'no',0,0,'2024-05-07 14:18:57',NULL),(241,19,241,8,1,NULL,NULL,NULL,0.00,0.00,0,'no',0,0,'2024-05-07 14:18:57',NULL),(242,19,242,8,1,NULL,NULL,NULL,0.00,0.00,0,'no',0,0,'2024-05-07 14:18:57',NULL),(243,19,243,8,1,NULL,NULL,NULL,0.00,0.00,0,'no',0,0,'2024-05-07 14:18:57',NULL),(244,19,244,8,1,NULL,NULL,NULL,0.00,0.00,0,'no',0,0,'2024-05-07 14:18:57',NULL),(245,19,245,8,1,NULL,NULL,NULL,0.00,0.00,0,'no',0,0,'2024-05-07 14:18:57',NULL),(246,19,246,8,3,NULL,NULL,NULL,0.00,0.00,0,'no',0,0,'2024-05-07 14:19:12',NULL),(247,19,247,8,3,NULL,NULL,NULL,0.00,0.00,0,'no',0,0,'2024-05-07 14:19:12',NULL),(248,19,248,8,3,NULL,NULL,NULL,0.00,0.00,0,'no',0,0,'2024-05-07 14:19:12',NULL),(249,19,249,8,3,NULL,NULL,NULL,0.00,0.00,0,'no',0,0,'2024-05-07 14:19:12',NULL),(250,19,250,8,3,NULL,NULL,NULL,0.00,0.00,0,'no',0,0,'2024-05-07 14:19:12',NULL),(251,19,251,8,3,NULL,NULL,NULL,0.00,0.00,0,'no',0,0,'2024-05-07 14:19:12',NULL),(252,19,252,8,3,NULL,NULL,NULL,0.00,0.00,0,'no',0,0,'2024-05-07 14:19:12',NULL),(253,19,253,8,3,NULL,NULL,NULL,0.00,0.00,0,'no',0,0,'2024-05-07 14:19:12',NULL),(254,19,254,8,3,NULL,NULL,NULL,0.00,0.00,0,'no',0,0,'2024-05-07 14:19:12',NULL),(255,19,255,8,3,NULL,NULL,NULL,0.00,0.00,0,'no',0,0,'2024-05-07 14:19:12',NULL),(256,19,256,8,3,NULL,NULL,NULL,0.00,0.00,0,'no',0,0,'2024-05-07 14:19:12',NULL),(257,19,257,8,3,NULL,NULL,NULL,0.00,0.00,0,'no',0,0,'2024-05-07 14:19:12',NULL),(258,19,258,8,3,NULL,NULL,NULL,0.00,0.00,0,'no',0,0,'2024-05-07 14:19:12',NULL),(259,19,259,8,3,NULL,NULL,NULL,0.00,0.00,0,'no',0,0,'2024-05-07 14:19:12',NULL),(260,19,260,8,3,NULL,NULL,NULL,0.00,0.00,0,'no',0,0,'2024-05-07 14:19:12',NULL),(261,19,261,8,3,NULL,NULL,NULL,0.00,0.00,0,'no',0,0,'2024-05-07 14:19:12',NULL),(262,19,262,8,3,NULL,NULL,NULL,0.00,0.00,0,'no',0,0,'2024-05-07 14:19:12',NULL),(263,19,263,8,3,NULL,NULL,NULL,0.00,0.00,0,'no',0,0,'2024-05-07 14:19:12',NULL),(264,19,264,8,3,NULL,NULL,NULL,0.00,0.00,0,'no',0,0,'2024-05-07 14:19:12',NULL),(265,19,265,8,3,NULL,NULL,NULL,0.00,0.00,0,'no',0,0,'2024-05-07 14:19:12',NULL),(266,19,266,8,3,NULL,NULL,NULL,0.00,0.00,0,'no',0,0,'2024-05-07 14:19:12',NULL),(267,19,267,8,3,NULL,NULL,NULL,0.00,0.00,0,'no',0,0,'2024-05-07 14:19:12',NULL),(268,19,268,8,3,NULL,NULL,NULL,0.00,0.00,0,'no',0,0,'2024-05-07 14:19:12',NULL),(269,19,269,8,3,NULL,NULL,NULL,0.00,0.00,0,'no',0,0,'2024-05-07 14:19:12',NULL),(270,19,270,8,3,NULL,NULL,NULL,0.00,0.00,0,'no',0,0,'2024-05-07 14:19:12',NULL),(271,19,271,8,3,NULL,NULL,NULL,0.00,0.00,0,'no',0,0,'2024-05-07 14:19:12',NULL),(272,19,272,8,3,NULL,NULL,NULL,0.00,0.00,0,'no',0,0,'2024-05-07 14:19:12',NULL),(273,19,273,7,1,NULL,NULL,NULL,0.00,0.00,0,'no',0,0,'2024-05-07 14:19:28',NULL),(274,19,274,7,1,NULL,NULL,NULL,0.00,0.00,0,'no',0,0,'2024-05-07 14:19:28',NULL),(275,19,275,7,1,NULL,NULL,NULL,0.00,0.00,0,'no',0,0,'2024-05-07 14:19:28',NULL),(276,19,276,7,1,NULL,NULL,NULL,0.00,0.00,0,'no',0,0,'2024-05-07 14:19:28',NULL),(277,19,277,7,1,NULL,NULL,NULL,0.00,0.00,0,'no',0,0,'2024-05-07 14:19:28',NULL),(278,19,278,7,1,NULL,NULL,NULL,0.00,0.00,0,'no',0,0,'2024-05-07 14:19:29',NULL),(279,19,279,7,1,NULL,NULL,NULL,0.00,0.00,0,'no',0,0,'2024-05-07 14:19:29',NULL),(280,19,280,7,1,NULL,NULL,NULL,0.00,0.00,0,'no',0,0,'2024-05-07 14:19:29',NULL),(281,19,281,7,1,NULL,NULL,NULL,0.00,0.00,0,'no',0,0,'2024-05-07 14:19:29',NULL),(282,19,282,7,1,NULL,NULL,NULL,0.00,0.00,0,'no',0,0,'2024-05-07 14:19:29',NULL),(283,19,283,7,1,NULL,NULL,NULL,0.00,0.00,0,'no',0,0,'2024-05-07 14:19:29',NULL),(284,19,284,7,1,NULL,NULL,NULL,0.00,0.00,0,'no',0,0,'2024-05-07 14:19:29',NULL),(285,19,285,7,1,NULL,NULL,NULL,0.00,0.00,0,'no',0,0,'2024-05-07 14:19:29',NULL),(286,19,286,7,1,NULL,NULL,NULL,0.00,0.00,0,'no',0,0,'2024-05-07 14:19:29',NULL),(287,19,287,7,1,NULL,NULL,NULL,0.00,0.00,0,'no',0,0,'2024-05-07 14:19:29',NULL),(288,19,288,7,1,NULL,NULL,NULL,0.00,0.00,0,'no',0,0,'2024-05-07 14:19:29',NULL),(289,19,289,7,1,NULL,NULL,NULL,0.00,0.00,0,'no',0,0,'2024-05-07 14:19:29',NULL),(290,19,290,7,1,NULL,NULL,NULL,0.00,0.00,0,'no',0,0,'2024-05-07 14:19:29',NULL),(291,19,291,7,1,NULL,NULL,NULL,0.00,0.00,0,'no',0,0,'2024-05-07 14:19:29',NULL),(292,19,292,7,1,NULL,NULL,NULL,0.00,0.00,0,'no',0,0,'2024-05-07 14:19:29',NULL),(293,19,293,7,1,NULL,NULL,NULL,0.00,0.00,0,'no',0,0,'2024-05-07 14:19:29',NULL),(294,19,294,7,1,NULL,NULL,NULL,0.00,0.00,0,'no',0,0,'2024-05-07 14:19:29',NULL),(295,19,295,7,1,NULL,NULL,NULL,0.00,0.00,0,'no',0,0,'2024-05-07 14:19:29',NULL),(296,19,296,7,1,NULL,NULL,NULL,0.00,0.00,0,'no',0,0,'2024-05-07 14:19:29',NULL),(297,19,297,7,1,NULL,NULL,NULL,0.00,0.00,0,'no',0,0,'2024-05-07 14:19:29',NULL),(298,19,298,7,1,NULL,NULL,NULL,0.00,0.00,0,'no',0,0,'2024-05-07 14:19:29',NULL),(299,19,299,7,1,NULL,NULL,NULL,0.00,0.00,0,'no',0,0,'2024-05-07 14:19:29',NULL),(300,19,300,7,1,NULL,NULL,NULL,0.00,0.00,0,'no',0,0,'2024-05-07 14:19:29',NULL),(301,19,301,7,1,NULL,NULL,NULL,0.00,0.00,0,'no',0,0,'2024-05-07 14:19:29',NULL),(302,19,302,7,1,NULL,NULL,NULL,0.00,0.00,0,'no',0,0,'2024-05-07 14:19:29',NULL),(303,19,303,7,1,NULL,NULL,NULL,0.00,0.00,0,'no',0,0,'2024-05-07 14:19:29',NULL),(304,19,304,7,1,NULL,NULL,NULL,0.00,0.00,0,'no',0,0,'2024-05-07 14:19:29',NULL),(305,19,305,7,1,NULL,NULL,NULL,0.00,0.00,0,'no',0,0,'2024-05-07 14:19:29',NULL),(306,19,306,7,1,NULL,NULL,NULL,0.00,0.00,0,'no',0,0,'2024-05-07 14:19:29',NULL),(307,19,307,7,1,NULL,NULL,NULL,0.00,0.00,0,'no',0,0,'2024-05-07 14:19:29',NULL),(308,19,308,7,1,NULL,NULL,NULL,0.00,0.00,0,'no',0,0,'2024-05-07 14:19:29',NULL),(309,19,309,7,1,NULL,NULL,NULL,0.00,0.00,0,'no',0,0,'2024-05-07 14:19:29',NULL),(310,19,310,7,1,NULL,NULL,NULL,0.00,0.00,0,'no',0,0,'2024-05-07 14:19:29',NULL),(311,19,311,7,1,NULL,NULL,NULL,0.00,0.00,0,'no',0,0,'2024-05-07 14:19:29',NULL),(312,19,312,7,1,NULL,NULL,NULL,0.00,0.00,0,'no',0,0,'2024-05-07 14:19:29',NULL),(313,19,313,7,1,NULL,NULL,NULL,0.00,0.00,0,'no',0,0,'2024-05-07 14:19:29',NULL),(314,19,314,7,1,NULL,NULL,NULL,0.00,0.00,0,'no',0,0,'2024-05-07 14:19:29',NULL),(315,19,315,7,1,NULL,NULL,NULL,0.00,0.00,0,'no',0,0,'2024-05-07 14:19:29',NULL),(316,19,316,6,1,NULL,NULL,NULL,0.00,0.00,0,'no',0,0,'2024-05-07 14:21:44',NULL),(317,19,317,6,1,NULL,NULL,NULL,0.00,0.00,0,'no',0,0,'2024-05-07 14:21:44',NULL),(318,19,318,6,1,NULL,NULL,NULL,0.00,0.00,0,'no',0,0,'2024-05-07 14:21:44',NULL),(319,19,319,6,1,NULL,NULL,NULL,0.00,0.00,0,'no',0,0,'2024-05-07 14:21:44',NULL),(320,19,320,6,1,NULL,NULL,NULL,0.00,0.00,0,'no',0,0,'2024-05-07 14:21:44',NULL),(321,19,321,6,1,NULL,NULL,NULL,0.00,0.00,0,'no',0,0,'2024-05-07 14:21:44',NULL),(322,19,322,6,1,NULL,NULL,NULL,0.00,0.00,0,'no',0,0,'2024-05-07 14:21:44',NULL),(323,19,323,6,1,NULL,NULL,NULL,0.00,0.00,0,'no',0,0,'2024-05-07 14:21:44',NULL),(324,19,324,6,1,NULL,NULL,NULL,0.00,0.00,0,'no',0,0,'2024-05-07 14:21:44',NULL),(325,19,325,6,1,NULL,NULL,NULL,0.00,0.00,0,'no',0,0,'2024-05-07 14:21:44',NULL),(326,19,326,6,1,NULL,NULL,NULL,0.00,0.00,0,'no',0,0,'2024-05-07 14:21:45',NULL),(327,19,327,6,1,NULL,NULL,NULL,0.00,0.00,0,'no',0,0,'2024-05-07 14:21:45',NULL),(328,19,328,6,1,NULL,NULL,NULL,0.00,0.00,0,'no',0,0,'2024-05-07 14:21:45',NULL),(329,19,329,6,1,NULL,NULL,NULL,0.00,0.00,0,'no',0,0,'2024-05-07 14:21:45',NULL),(330,19,330,6,1,NULL,NULL,NULL,0.00,0.00,0,'no',0,0,'2024-05-07 14:21:45',NULL),(331,19,331,6,1,NULL,NULL,NULL,0.00,0.00,0,'no',0,0,'2024-05-07 14:21:45',NULL),(332,19,332,6,1,NULL,NULL,NULL,0.00,0.00,0,'no',0,0,'2024-05-07 14:21:45',NULL),(333,19,333,6,1,NULL,NULL,NULL,0.00,0.00,0,'no',0,0,'2024-05-07 14:21:45',NULL),(334,19,334,6,1,NULL,NULL,NULL,0.00,0.00,0,'no',0,0,'2024-05-07 14:21:45',NULL),(335,19,335,6,1,NULL,NULL,NULL,0.00,0.00,0,'no',0,0,'2024-05-07 14:21:45',NULL),(336,19,336,6,1,NULL,NULL,NULL,0.00,0.00,0,'no',0,0,'2024-05-07 14:21:45',NULL),(337,19,337,6,1,NULL,NULL,NULL,0.00,0.00,0,'no',0,0,'2024-05-07 14:21:45',NULL),(338,19,338,6,1,NULL,NULL,NULL,0.00,0.00,0,'no',0,0,'2024-05-07 14:21:45',NULL),(339,19,339,6,1,NULL,NULL,NULL,0.00,0.00,0,'no',0,0,'2024-05-07 14:21:45',NULL),(340,19,340,6,1,NULL,NULL,NULL,0.00,0.00,0,'no',0,0,'2024-05-07 14:21:45',NULL),(341,19,341,6,1,NULL,NULL,NULL,0.00,0.00,0,'no',0,0,'2024-05-07 14:21:45',NULL),(342,19,342,6,1,NULL,NULL,NULL,0.00,0.00,0,'no',0,0,'2024-05-07 14:21:45',NULL),(343,19,343,6,1,NULL,NULL,NULL,0.00,0.00,0,'no',0,0,'2024-05-07 14:21:45',NULL),(344,19,344,6,1,NULL,NULL,NULL,0.00,0.00,0,'no',0,0,'2024-05-07 14:21:45',NULL),(345,19,345,6,1,NULL,NULL,NULL,0.00,0.00,0,'no',0,0,'2024-05-07 14:21:45',NULL),(346,19,346,6,1,NULL,NULL,NULL,0.00,0.00,0,'no',0,0,'2024-05-07 14:21:45',NULL),(347,19,347,6,1,NULL,NULL,NULL,0.00,0.00,0,'no',0,0,'2024-05-07 14:21:45',NULL),(348,19,348,6,1,NULL,NULL,NULL,0.00,0.00,0,'no',0,0,'2024-05-07 14:21:45',NULL),(349,19,349,6,1,NULL,NULL,NULL,0.00,0.00,0,'no',0,0,'2024-05-07 14:21:45',NULL),(350,19,350,6,1,NULL,NULL,NULL,0.00,0.00,0,'no',0,0,'2024-05-07 14:21:45',NULL),(351,19,351,6,1,NULL,NULL,NULL,0.00,0.00,0,'no',0,0,'2024-05-07 14:21:45',NULL),(352,19,352,6,1,NULL,NULL,NULL,0.00,0.00,0,'no',0,0,'2024-05-07 14:21:45',NULL),(353,19,353,6,1,NULL,NULL,NULL,0.00,0.00,0,'no',0,0,'2024-05-07 14:21:45',NULL),(354,19,354,6,1,NULL,NULL,NULL,0.00,0.00,0,'no',0,0,'2024-05-07 14:21:45',NULL),(355,19,355,6,1,NULL,NULL,NULL,0.00,0.00,0,'no',0,0,'2024-05-07 14:21:45',NULL),(356,19,356,6,1,NULL,NULL,NULL,0.00,0.00,0,'no',0,0,'2024-05-07 14:21:45',NULL),(357,19,357,5,1,NULL,NULL,NULL,0.00,0.00,0,'no',0,0,'2024-05-07 14:22:04',NULL),(358,19,358,5,1,NULL,NULL,NULL,0.00,0.00,0,'no',0,0,'2024-05-07 14:22:04',NULL),(359,19,359,5,1,NULL,NULL,NULL,0.00,0.00,0,'no',0,0,'2024-05-07 14:22:04',NULL),(360,19,360,5,1,NULL,NULL,NULL,0.00,0.00,0,'no',0,0,'2024-05-07 14:22:04',NULL),(361,19,361,5,1,NULL,NULL,NULL,0.00,0.00,0,'no',0,0,'2024-05-07 14:22:04',NULL),(362,19,362,5,1,NULL,NULL,NULL,0.00,0.00,0,'no',0,0,'2024-05-07 14:22:04',NULL),(363,19,363,5,1,NULL,NULL,NULL,0.00,0.00,0,'no',0,0,'2024-05-07 14:22:04',NULL),(364,19,364,5,1,NULL,NULL,NULL,0.00,0.00,0,'no',0,0,'2024-05-07 14:22:04',NULL),(365,19,365,5,1,NULL,NULL,NULL,0.00,0.00,0,'no',0,0,'2024-05-07 14:22:04',NULL),(366,19,366,5,1,NULL,NULL,NULL,0.00,0.00,0,'no',0,0,'2024-05-07 14:22:04',NULL),(367,19,367,5,1,NULL,NULL,NULL,0.00,0.00,0,'no',0,0,'2024-05-07 14:22:04',NULL),(368,19,368,5,1,NULL,NULL,NULL,0.00,0.00,0,'no',0,0,'2024-05-07 14:22:04',NULL),(369,19,369,5,1,NULL,NULL,NULL,0.00,0.00,0,'no',0,0,'2024-05-07 14:22:04',NULL),(370,19,370,5,1,NULL,NULL,NULL,0.00,0.00,0,'no',0,0,'2024-05-07 14:22:04',NULL),(371,19,371,5,1,NULL,NULL,NULL,0.00,0.00,0,'no',0,0,'2024-05-07 14:22:04',NULL),(372,19,372,5,1,NULL,NULL,NULL,0.00,0.00,0,'no',0,0,'2024-05-07 14:22:04',NULL),(373,19,373,5,1,NULL,NULL,NULL,0.00,0.00,0,'no',0,0,'2024-05-07 14:22:04',NULL),(374,19,374,5,1,NULL,NULL,NULL,0.00,0.00,0,'no',0,0,'2024-05-07 14:22:04',NULL),(375,19,375,5,1,NULL,NULL,NULL,0.00,0.00,0,'no',0,0,'2024-05-07 14:22:04',NULL),(376,19,376,5,1,NULL,NULL,NULL,0.00,0.00,0,'no',0,0,'2024-05-07 14:22:04',NULL),(377,19,377,5,1,NULL,NULL,NULL,0.00,0.00,0,'no',0,0,'2024-05-07 14:22:04',NULL),(378,19,378,5,1,NULL,NULL,NULL,0.00,0.00,0,'no',0,0,'2024-05-07 14:22:04',NULL),(379,19,379,5,1,NULL,NULL,NULL,0.00,0.00,0,'no',0,0,'2024-05-07 14:22:04',NULL),(380,19,380,17,1,NULL,NULL,NULL,0.00,0.00,0,'no',0,0,'2024-05-07 14:22:19',NULL),(381,19,381,17,1,NULL,NULL,NULL,0.00,0.00,0,'no',0,0,'2024-05-07 14:22:19',NULL),(382,19,382,17,1,NULL,NULL,NULL,0.00,0.00,0,'no',0,0,'2024-05-07 14:22:19',NULL),(383,19,383,17,1,NULL,NULL,NULL,0.00,0.00,0,'no',0,0,'2024-05-07 14:22:19',NULL),(384,19,384,17,1,NULL,NULL,NULL,0.00,0.00,0,'no',0,0,'2024-05-07 14:22:20',NULL),(385,19,385,17,1,NULL,NULL,NULL,0.00,0.00,0,'no',0,0,'2024-05-07 14:22:20',NULL),(386,19,386,17,1,NULL,NULL,NULL,0.00,0.00,0,'no',0,0,'2024-05-07 14:22:20',NULL),(387,19,387,17,1,NULL,NULL,NULL,0.00,0.00,0,'no',0,0,'2024-05-07 14:22:20',NULL),(388,19,388,17,1,NULL,NULL,NULL,0.00,0.00,0,'no',0,0,'2024-05-07 14:22:20',NULL),(389,19,389,17,1,NULL,NULL,NULL,0.00,0.00,0,'no',0,0,'2024-05-07 14:22:20',NULL),(390,19,390,17,1,NULL,NULL,NULL,0.00,0.00,0,'no',0,0,'2024-05-07 14:22:20',NULL),(391,19,391,17,1,NULL,NULL,NULL,0.00,0.00,0,'no',0,0,'2024-05-07 14:22:20',NULL),(392,19,392,17,1,NULL,NULL,NULL,0.00,0.00,0,'no',0,0,'2024-05-07 14:22:20',NULL),(393,19,393,17,1,NULL,NULL,NULL,0.00,0.00,0,'no',0,0,'2024-05-07 14:22:20',NULL),(394,19,394,17,1,NULL,NULL,NULL,0.00,0.00,0,'no',0,0,'2024-05-07 14:22:20',NULL),(395,19,395,17,1,NULL,NULL,NULL,0.00,0.00,0,'no',0,0,'2024-05-07 14:22:20',NULL),(396,19,396,17,1,NULL,NULL,NULL,0.00,0.00,0,'no',0,0,'2024-05-07 14:22:20',NULL),(397,19,397,17,1,NULL,NULL,NULL,0.00,0.00,0,'no',0,0,'2024-05-07 14:22:20',NULL),(398,19,398,17,1,NULL,NULL,NULL,0.00,0.00,0,'no',0,0,'2024-05-07 14:22:20',NULL),(399,19,399,17,1,NULL,NULL,NULL,0.00,0.00,0,'no',0,0,'2024-05-07 14:22:20',NULL),(400,19,400,17,1,NULL,NULL,NULL,0.00,0.00,0,'no',0,0,'2024-05-07 14:22:20',NULL),(401,19,401,17,1,NULL,NULL,NULL,0.00,0.00,0,'no',0,0,'2024-05-07 14:22:20',NULL),(402,19,402,17,1,NULL,NULL,NULL,0.00,0.00,0,'no',0,0,'2024-05-07 14:22:20',NULL),(403,19,403,17,1,NULL,NULL,NULL,0.00,0.00,0,'no',0,0,'2024-05-07 14:22:20',NULL),(404,19,404,13,1,NULL,NULL,NULL,0.00,0.00,0,'no',0,0,'2024-05-07 14:38:56',NULL),(405,19,405,13,1,NULL,NULL,NULL,0.00,0.00,0,'no',0,0,'2024-05-07 14:38:56',NULL),(406,19,406,13,1,NULL,NULL,NULL,0.00,0.00,0,'no',0,0,'2024-05-07 14:38:56',NULL),(407,19,407,13,1,NULL,NULL,NULL,0.00,0.00,0,'no',0,0,'2024-05-07 14:38:56',NULL),(408,19,408,13,1,NULL,NULL,NULL,0.00,0.00,0,'no',0,0,'2024-05-07 14:38:56',NULL),(409,19,409,13,1,NULL,NULL,NULL,0.00,0.00,0,'no',0,0,'2024-05-07 14:38:56',NULL),(410,19,410,13,1,NULL,NULL,NULL,0.00,0.00,0,'no',0,0,'2024-05-07 14:38:56',NULL),(411,19,411,13,1,NULL,NULL,NULL,0.00,0.00,0,'no',0,0,'2024-05-07 14:38:56',NULL),(412,19,412,13,1,NULL,NULL,NULL,0.00,0.00,0,'no',0,0,'2024-05-07 14:38:56',NULL),(413,19,413,13,1,NULL,NULL,NULL,0.00,0.00,0,'no',0,0,'2024-05-07 14:38:56',NULL),(414,19,414,13,1,NULL,NULL,NULL,0.00,0.00,0,'no',0,0,'2024-05-07 14:38:56',NULL),(415,19,415,13,1,NULL,NULL,NULL,0.00,0.00,0,'no',0,0,'2024-05-07 14:38:56',NULL),(416,19,416,13,1,NULL,NULL,NULL,0.00,0.00,0,'no',0,0,'2024-05-07 14:38:56',NULL),(417,19,417,13,1,NULL,NULL,NULL,0.00,0.00,0,'no',0,0,'2024-05-07 14:38:56',NULL),(418,19,418,13,1,NULL,NULL,NULL,0.00,0.00,0,'no',0,0,'2024-05-07 14:38:57',NULL),(419,19,419,13,1,NULL,NULL,NULL,0.00,0.00,0,'no',0,0,'2024-05-07 14:38:57',NULL),(420,19,420,13,1,NULL,NULL,NULL,0.00,0.00,0,'no',0,0,'2024-05-07 14:38:57',NULL),(421,19,421,14,1,NULL,NULL,NULL,0.00,0.00,0,'no',0,0,'2024-05-07 14:39:14',NULL),(422,19,422,14,1,NULL,NULL,NULL,0.00,0.00,0,'no',0,0,'2024-05-07 14:39:14',NULL),(423,19,423,14,1,NULL,NULL,NULL,0.00,0.00,0,'no',0,0,'2024-05-07 14:39:14',NULL),(424,19,424,14,1,NULL,NULL,NULL,0.00,0.00,0,'no',0,0,'2024-05-07 14:39:14',NULL),(425,19,425,14,1,NULL,NULL,NULL,0.00,0.00,0,'no',0,0,'2024-05-07 14:39:14',NULL),(426,19,426,14,1,NULL,NULL,NULL,0.00,0.00,0,'no',0,0,'2024-05-07 14:39:14',NULL),(427,19,427,14,1,NULL,NULL,NULL,0.00,0.00,0,'no',0,0,'2024-05-07 14:39:14',NULL),(428,19,428,14,1,NULL,NULL,NULL,0.00,0.00,0,'no',0,0,'2024-05-07 14:39:14',NULL),(429,19,429,14,1,NULL,NULL,NULL,0.00,0.00,0,'no',0,0,'2024-05-07 14:39:14',NULL),(430,19,430,14,1,NULL,NULL,NULL,0.00,0.00,0,'no',0,0,'2024-05-07 14:39:14',NULL),(431,19,431,14,1,NULL,NULL,NULL,0.00,0.00,0,'no',0,0,'2024-05-07 14:39:14',NULL),(432,19,432,14,1,NULL,NULL,NULL,0.00,0.00,0,'no',0,0,'2024-05-07 14:39:14',NULL),(433,19,433,14,1,NULL,NULL,NULL,0.00,0.00,0,'no',0,0,'2024-05-07 14:39:14',NULL),(434,19,434,14,1,NULL,NULL,NULL,0.00,0.00,0,'no',0,0,'2024-05-07 14:39:14',NULL),(435,19,435,14,1,NULL,NULL,NULL,0.00,0.00,0,'no',0,0,'2024-05-07 14:39:14',NULL),(436,19,436,14,1,NULL,NULL,NULL,0.00,0.00,0,'no',0,0,'2024-05-07 14:39:14',NULL),(437,19,437,14,1,NULL,NULL,NULL,0.00,0.00,0,'no',0,0,'2024-05-07 14:39:14',NULL),(438,19,438,14,1,NULL,NULL,NULL,0.00,0.00,0,'no',0,0,'2024-05-07 14:39:14',NULL),(439,19,439,14,1,NULL,NULL,NULL,0.00,0.00,0,'no',0,0,'2024-05-07 14:39:14',NULL),(440,19,440,14,1,NULL,NULL,NULL,0.00,0.00,0,'no',0,0,'2024-05-07 14:39:14',NULL),(441,19,441,14,1,NULL,NULL,NULL,0.00,0.00,0,'no',0,0,'2024-05-07 14:39:14',NULL),(442,19,442,14,1,NULL,NULL,NULL,0.00,0.00,0,'no',0,0,'2024-05-07 14:39:14',NULL),(443,19,443,14,1,NULL,NULL,NULL,0.00,0.00,0,'no',0,0,'2024-05-07 14:39:14',NULL),(444,19,444,14,1,NULL,NULL,NULL,0.00,0.00,0,'no',0,0,'2024-05-07 14:39:14',NULL),(445,19,445,14,1,NULL,NULL,NULL,0.00,0.00,0,'no',0,0,'2024-05-07 14:39:14',NULL),(446,19,446,14,1,NULL,NULL,NULL,0.00,0.00,0,'no',0,0,'2024-05-07 14:39:14',NULL),(447,19,447,14,1,NULL,NULL,NULL,0.00,0.00,0,'no',0,0,'2024-05-07 14:39:14',NULL),(448,19,448,14,1,NULL,NULL,NULL,0.00,0.00,0,'no',0,0,'2024-05-07 14:39:14',NULL),(449,19,449,15,1,NULL,NULL,NULL,0.00,0.00,0,'no',0,0,'2024-05-07 14:39:46',NULL),(450,19,450,15,1,NULL,NULL,NULL,0.00,0.00,0,'no',0,0,'2024-05-07 14:39:46',NULL),(451,19,451,15,1,NULL,NULL,NULL,0.00,0.00,0,'no',0,0,'2024-05-07 14:39:46',NULL),(452,19,452,15,1,NULL,NULL,NULL,0.00,0.00,0,'no',0,0,'2024-05-07 14:39:46',NULL),(453,19,453,15,1,NULL,NULL,NULL,0.00,0.00,0,'no',0,0,'2024-05-07 14:39:46',NULL),(454,19,454,15,1,NULL,NULL,NULL,0.00,0.00,0,'no',0,0,'2024-05-07 14:39:46',NULL),(455,19,455,15,1,NULL,NULL,NULL,0.00,0.00,0,'no',0,0,'2024-05-07 14:39:47',NULL),(456,19,456,15,1,NULL,NULL,NULL,0.00,0.00,0,'no',0,0,'2024-05-07 14:39:47',NULL),(457,19,457,15,1,NULL,NULL,NULL,0.00,0.00,0,'no',0,0,'2024-05-07 14:39:47',NULL),(458,19,458,15,1,NULL,NULL,NULL,0.00,0.00,0,'no',0,0,'2024-05-07 14:39:47',NULL),(459,19,459,15,1,NULL,NULL,NULL,0.00,0.00,0,'no',0,0,'2024-05-07 14:39:47',NULL),(460,19,460,15,1,NULL,NULL,NULL,0.00,0.00,0,'no',0,0,'2024-05-07 14:39:47',NULL),(461,19,461,15,1,NULL,NULL,NULL,0.00,0.00,0,'no',0,0,'2024-05-07 14:39:47',NULL),(462,19,462,15,1,NULL,NULL,NULL,0.00,0.00,0,'no',0,0,'2024-05-07 14:39:47',NULL),(463,19,463,15,1,NULL,NULL,NULL,0.00,0.00,0,'no',0,0,'2024-05-07 14:39:47',NULL),(464,19,464,15,1,NULL,NULL,NULL,0.00,0.00,0,'no',0,0,'2024-05-07 14:39:47',NULL),(465,19,465,15,1,NULL,NULL,NULL,0.00,0.00,0,'no',0,0,'2024-05-07 14:39:47',NULL),(466,19,466,15,1,NULL,NULL,NULL,0.00,0.00,0,'no',0,0,'2024-05-07 14:39:47',NULL),(467,19,467,15,1,NULL,NULL,NULL,0.00,0.00,0,'no',0,0,'2024-05-07 14:39:47',NULL),(468,19,468,15,1,NULL,NULL,NULL,0.00,0.00,0,'no',0,0,'2024-05-07 14:39:47',NULL),(469,19,469,15,1,NULL,NULL,NULL,0.00,0.00,0,'no',0,0,'2024-05-07 14:39:47',NULL),(470,19,470,15,1,NULL,NULL,NULL,0.00,0.00,0,'no',0,0,'2024-05-07 14:39:47',NULL),(471,19,471,16,1,NULL,NULL,NULL,0.00,0.00,0,'no',0,0,'2024-05-07 14:40:09',NULL),(472,19,472,16,1,NULL,NULL,NULL,0.00,0.00,0,'no',0,0,'2024-05-07 14:40:09',NULL),(473,19,473,16,1,NULL,NULL,NULL,0.00,0.00,0,'no',0,0,'2024-05-07 14:40:09',NULL),(474,19,474,16,1,NULL,NULL,NULL,0.00,0.00,0,'no',0,0,'2024-05-07 14:40:09',NULL),(475,19,475,16,1,NULL,NULL,NULL,0.00,0.00,0,'no',0,0,'2024-05-07 14:40:09',NULL),(476,19,476,16,1,NULL,NULL,NULL,0.00,0.00,0,'no',0,0,'2024-05-07 14:40:09',NULL),(477,19,477,12,1,NULL,NULL,NULL,0.00,0.00,0,'no',0,0,'2024-05-07 15:06:55',NULL),(478,19,478,12,1,NULL,NULL,NULL,0.00,0.00,0,'no',0,0,'2024-05-07 15:06:55',NULL),(479,19,479,12,1,NULL,NULL,NULL,0.00,0.00,0,'no',0,0,'2024-05-07 15:06:55',NULL),(480,19,480,12,1,NULL,NULL,NULL,0.00,0.00,0,'no',0,0,'2024-05-07 15:06:55',NULL),(481,19,481,12,1,NULL,NULL,NULL,0.00,0.00,0,'no',0,0,'2024-05-07 15:06:55',NULL),(482,19,482,12,1,NULL,NULL,NULL,0.00,0.00,0,'no',0,0,'2024-05-07 15:06:55',NULL),(483,19,483,12,1,NULL,NULL,NULL,0.00,0.00,0,'no',0,0,'2024-05-07 15:06:55',NULL),(484,19,484,12,1,NULL,NULL,NULL,0.00,0.00,0,'no',0,0,'2024-05-07 15:06:55',NULL),(485,19,485,12,1,NULL,NULL,NULL,0.00,0.00,0,'no',0,0,'2024-05-07 15:06:55',NULL),(486,19,486,12,1,NULL,NULL,NULL,0.00,0.00,0,'no',0,0,'2024-05-07 15:06:55',NULL),(487,19,487,12,1,NULL,NULL,NULL,0.00,0.00,0,'no',0,0,'2024-05-07 15:06:55',NULL),(488,19,488,12,1,NULL,NULL,NULL,0.00,0.00,0,'no',0,0,'2024-05-07 15:06:55',NULL),(489,19,489,12,1,NULL,NULL,NULL,0.00,0.00,0,'no',0,0,'2024-05-07 15:06:55',NULL),(490,19,490,12,1,NULL,NULL,NULL,0.00,0.00,0,'no',0,0,'2024-05-07 15:06:55',NULL),(491,19,491,12,1,NULL,NULL,NULL,0.00,0.00,0,'no',0,0,'2024-05-07 15:06:55',NULL),(492,19,492,12,1,NULL,NULL,NULL,0.00,0.00,0,'no',0,0,'2024-05-07 15:06:55',NULL),(493,19,493,12,1,NULL,NULL,NULL,0.00,0.00,0,'no',0,0,'2024-05-07 15:06:55',NULL),(494,19,494,12,1,NULL,NULL,NULL,0.00,0.00,0,'no',0,0,'2024-05-07 15:06:55',NULL),(495,19,495,12,1,NULL,NULL,NULL,0.00,0.00,0,'no',0,0,'2024-05-07 15:06:55',NULL),(496,19,496,12,1,NULL,NULL,NULL,0.00,0.00,0,'no',0,0,'2024-05-07 15:06:56',NULL),(497,19,497,12,1,NULL,NULL,NULL,0.00,0.00,0,'no',0,0,'2024-05-07 15:06:56',NULL),(498,19,498,12,1,NULL,NULL,NULL,0.00,0.00,0,'no',0,0,'2024-05-07 15:06:56',NULL),(499,19,499,12,1,NULL,NULL,NULL,0.00,0.00,0,'no',0,0,'2024-05-07 15:06:56',NULL),(500,19,500,12,1,NULL,NULL,NULL,0.00,0.00,0,'no',0,0,'2024-05-07 15:06:56',NULL),(501,19,501,12,1,NULL,NULL,NULL,0.00,0.00,0,'no',0,0,'2024-05-07 15:06:56',NULL),(502,19,502,12,1,NULL,NULL,NULL,0.00,0.00,0,'no',0,0,'2024-05-07 15:06:56',NULL),(503,19,503,12,1,NULL,NULL,NULL,0.00,0.00,0,'no',0,0,'2024-05-07 15:06:56',NULL),(504,19,504,12,1,NULL,NULL,NULL,0.00,0.00,0,'no',0,0,'2024-05-07 15:06:56',NULL),(505,19,505,12,1,NULL,NULL,NULL,0.00,0.00,0,'no',0,0,'2024-05-07 15:06:56',NULL),(506,19,506,12,1,NULL,NULL,NULL,0.00,0.00,0,'no',0,0,'2024-05-07 23:33:13',NULL),(507,19,507,17,1,NULL,NULL,NULL,0.00,0.00,0,'no',0,0,'2024-05-11 14:38:27',NULL),(508,19,508,17,1,NULL,NULL,NULL,0.00,0.00,0,'no',0,0,'2024-05-11 14:43:49',NULL),(509,19,509,17,1,NULL,NULL,NULL,0.00,0.00,0,'no',0,0,'2024-05-11 14:45:43',NULL),(510,19,510,17,1,NULL,NULL,NULL,0.00,0.00,0,'no',0,0,'2024-05-12 06:26:10',NULL),(511,19,511,17,1,NULL,NULL,NULL,0.00,0.00,0,'no',0,0,'2024-05-12 10:30:10',NULL),(512,19,512,11,1,NULL,NULL,NULL,0.00,0.00,0,'no',0,0,'2024-05-12 10:36:48',NULL),(513,19,513,12,3,NULL,NULL,NULL,0.00,0.00,0,'no',0,0,'2024-05-12 10:42:03',NULL),(514,19,514,10,1,NULL,NULL,NULL,0.00,0.00,0,'no',0,0,'2024-05-12 12:17:55',NULL),(515,19,515,1,1,NULL,NULL,NULL,0.00,0.00,0,'no',0,0,'2024-05-12 12:55:49',NULL),(516,19,516,1,1,NULL,NULL,NULL,0.00,0.00,0,'no',0,0,'2024-05-12 12:57:45',NULL),(517,19,517,1,1,NULL,NULL,NULL,0.00,0.00,0,'no',0,0,'2024-05-12 13:02:55',NULL),(518,19,518,1,1,NULL,NULL,NULL,0.00,0.00,0,'no',0,0,'2024-05-12 13:15:43',NULL),(519,19,519,2,1,NULL,NULL,NULL,0.00,0.00,0,'no',0,0,'2024-05-12 13:31:16',NULL),(520,19,520,2,1,NULL,NULL,NULL,0.00,0.00,0,'no',0,0,'2024-05-12 13:34:11',NULL),(521,19,521,4,1,NULL,NULL,NULL,0.00,0.00,0,'no',0,0,'2024-05-12 13:35:33',NULL);

--
-- Table structure for table `student_subject_attendances`
--

CREATE TABLE `student_subject_attendances` (
  `id` int NOT NULL AUTO_INCREMENT,
  `student_session_id` int DEFAULT NULL,
  `subject_timetable_id` int DEFAULT NULL,
  `attendence_type_id` int DEFAULT NULL,
  `date` date DEFAULT NULL,
  `remark` text,
  `created_at` timestamp NOT NULL DEFAULT CURRENT_TIMESTAMP ON UPDATE CURRENT_TIMESTAMP,
  PRIMARY KEY (`id`),
  KEY `attendence_type_id` (`attendence_type_id`),
  KEY `student_session_id` (`student_session_id`),
  KEY `subject_timetable_id` (`subject_timetable_id`),
  CONSTRAINT `student_subject_attendances_ibfk_1` FOREIGN KEY (`attendence_type_id`) REFERENCES `attendence_type` (`id`) ON DELETE CASCADE,
  CONSTRAINT `student_subject_attendances_ibfk_2` FOREIGN KEY (`student_session_id`) REFERENCES `student_session` (`id`) ON DELETE CASCADE,
  CONSTRAINT `student_subject_attendances_ibfk_3` FOREIGN KEY (`subject_timetable_id`) REFERENCES `subject_timetable` (`id`) ON DELETE CASCADE
) ENGINE=InnoDB DEFAULT CHARSET=utf8mb3;

--
-- Dumping data for table `student_subject_attendances`
--


--
-- Table structure for table `student_timeline`
--

CREATE TABLE `student_timeline` (
  `id` int NOT NULL AUTO_INCREMENT,
  `student_id` int NOT NULL,
  `title` varchar(200) NOT NULL,
  `timeline_date` date NOT NULL,
  `description` text NOT NULL,
  `document` varchar(200) DEFAULT NULL,
  `status` varchar(200) NOT NULL,
  `created_student_id` int NOT NULL,
  `date` date NOT NULL,
  PRIMARY KEY (`id`),
  KEY `student_id` (`student_id`),
  CONSTRAINT `student_timeline_ibfk_1` FOREIGN KEY (`student_id`) REFERENCES `students` (`id`) ON DELETE CASCADE
) ENGINE=InnoDB DEFAULT CHARSET=utf8mb3;

--
-- Dumping data for table `student_timeline`
--


--
-- Table structure for table `student_transport_fees`
--

CREATE TABLE `student_transport_fees` (
  `id` int NOT NULL AUTO_INCREMENT,
  `transport_feemaster_id` int NOT NULL,
  `student_session_id` int NOT NULL,
  `route_pickup_point_id` int NOT NULL,
  `generated_by` int DEFAULT NULL,
  `created_at` timestamp NOT NULL DEFAULT CURRENT_TIMESTAMP ON UPDATE CURRENT_TIMESTAMP,
  PRIMARY KEY (`id`),
  KEY `student_session_id` (`student_session_id`),
  KEY `route_pickup_point_id` (`route_pickup_point_id`),
  KEY `transport_feemaster_id` (`transport_feemaster_id`),
  CONSTRAINT `student_transport_fees_ibfk_1` FOREIGN KEY (`student_session_id`) REFERENCES `student_session` (`id`) ON DELETE CASCADE,
  CONSTRAINT `student_transport_fees_ibfk_2` FOREIGN KEY (`route_pickup_point_id`) REFERENCES `route_pickup_point` (`id`) ON DELETE CASCADE,
  CONSTRAINT `student_transport_fees_ibfk_3` FOREIGN KEY (`transport_feemaster_id`) REFERENCES `transport_feemaster` (`id`) ON DELETE CASCADE
) ENGINE=InnoDB DEFAULT CHARSET=utf8mb3;

--
-- Dumping data for table `student_transport_fees`
--


--
-- Table structure for table `students`
--

CREATE TABLE `students` (
  `id` int NOT NULL AUTO_INCREMENT,
  `parent_id` int NOT NULL,
  `admission_no` varchar(100) DEFAULT NULL,
  `roll_no` varchar(100) DEFAULT NULL,
  `admission_date` date DEFAULT NULL,
  `firstname` varchar(100) DEFAULT NULL,
  `middlename` varchar(255) DEFAULT NULL,
  `lastname` varchar(100) DEFAULT NULL,
  `rte` varchar(20) DEFAULT NULL,
  `image` varchar(100) DEFAULT NULL,
  `mobileno` varchar(100) DEFAULT NULL,
  `email` varchar(100) DEFAULT NULL,
  `state` varchar(100) DEFAULT NULL,
  `city` varchar(100) DEFAULT NULL,
  `pincode` varchar(100) DEFAULT NULL,
  `religion` varchar(100) DEFAULT NULL,
  `cast` varchar(50) DEFAULT NULL,
  `dob` date DEFAULT NULL,
  `gender` varchar(100) DEFAULT NULL,
  `current_address` text,
  `permanent_address` text,
  `category_id` varchar(100) DEFAULT NULL,
  `school_house_id` int DEFAULT NULL,
  `blood_group` varchar(200) NOT NULL,
  `hostel_room_id` int DEFAULT NULL,
  `adhar_no` varchar(100) DEFAULT NULL,
  `samagra_id` varchar(100) DEFAULT NULL,
  `bank_account_no` varchar(100) DEFAULT NULL,
  `bank_name` varchar(100) DEFAULT NULL,
  `ifsc_code` varchar(100) DEFAULT NULL,
  `guardian_is` varchar(100) NOT NULL,
  `father_name` varchar(100) DEFAULT NULL,
  `father_phone` varchar(100) DEFAULT NULL,
  `father_occupation` varchar(100) DEFAULT NULL,
  `mother_name` varchar(100) DEFAULT NULL,
  `mother_phone` varchar(100) DEFAULT NULL,
  `mother_occupation` varchar(100) DEFAULT NULL,
  `guardian_name` varchar(100) DEFAULT NULL,
  `guardian_relation` varchar(100) DEFAULT NULL,
  `guardian_phone` varchar(100) DEFAULT NULL,
  `guardian_occupation` varchar(150) NOT NULL,
  `guardian_address` text,
  `guardian_email` varchar(100) DEFAULT NULL,
  `father_pic` varchar(200) NOT NULL,
  `mother_pic` varchar(200) NOT NULL,
  `guardian_pic` varchar(200) NOT NULL,
  `is_active` varchar(255) DEFAULT 'yes',
  `previous_school` text,
  `height` varchar(100) NOT NULL,
  `weight` varchar(100) NOT NULL,
  `measurement_date` date DEFAULT NULL,
  `dis_reason` int NOT NULL,
  `note` varchar(200) DEFAULT NULL,
  `dis_note` text NOT NULL,
  `app_key` text,
  `parent_app_key` text,
  `disable_at` date DEFAULT NULL,
  `created_at` timestamp NOT NULL DEFAULT CURRENT_TIMESTAMP ON UPDATE CURRENT_TIMESTAMP,
  `updated_at` date DEFAULT NULL,
  PRIMARY KEY (`id`),
  KEY `idx_admission_no` (`admission_no`),
  KEY `idx_roll_no` (`roll_no`),
  KEY `idx_mobileno` (`mobileno`),
  KEY `idx_email` (`email`),
  KEY `idx_firstname` (`firstname`)
) ENGINE=InnoDB AUTO_INCREMENT=522 DEFAULT CHARSET=utf8mb3;

--
-- Dumping data for table `students`
--

INSERT INTO `students` VALUES (89,334,'std0028','28',NULL,'C/llaahi Maxamed Cali Yuusuf','','',NULL,NULL,'619973515','',NULL,NULL,NULL,'','',NULL,'Male',NULL,NULL,'',0,'',NULL,NULL,NULL,NULL,NULL,NULL,'','','','','Aamino Sheekh Yuusuf','61','','Abuukar Cali Yuusuf','Adeer',NULL,'',NULL,NULL,'','','','yes',NULL,'','','0000-00-00',0,NULL,'','c26PAEpQBg0:APA91bFCJYCjQ-0YQZGYoLP1o33s3RtFxAs2PII9pFIg2tZYpfZt527_jzGUeV0g4PUKCoRBxy28iUmIJAlLjWxOF2tYWj8OfiSt8srnMKSgGgIknt9OauIPCRQwV_ER2eQVQ2LyheNI',NULL,NULL,'2024-05-08 12:46:39',NULL),(90,336,'std0029','29',NULL,'C/naasir C/llaahi Tooxow Cadow','','',NULL,NULL,'616263059','',NULL,NULL,NULL,'','',NULL,'Male',NULL,NULL,'',0,'',NULL,NULL,NULL,NULL,NULL,NULL,'','','','','Seynab Xasan Gacal','61','','C/llaahi Tooxow Cadow','Adeer',NULL,'',NULL,NULL,'','','','yes',NULL,'','','0000-00-00',0,NULL,'',NULL,NULL,NULL,'2024-05-07 13:53:32',NULL),(91,338,'std0030','30',NULL,'C/naasir Nuuradiin C/qaadir Cali','','',NULL,NULL,'61','',NULL,NULL,NULL,'','',NULL,'Male',NULL,NULL,'',0,'',NULL,NULL,NULL,NULL,NULL,NULL,'','','','','Faadumo Ibraahim Gurey','61','','Faadumo Ibraahim Gurey','Hooyo',NULL,'',NULL,NULL,'','','','yes',NULL,'','','0000-00-00',0,NULL,'',NULL,NULL,NULL,'2024-05-07 13:53:32',NULL),(92,340,'std0031','31',NULL,'C/raxmaan Maxamed Axmed Muude','','',NULL,NULL,'614780946','',NULL,NULL,NULL,'','',NULL,'Male',NULL,NULL,'',0,'',NULL,NULL,NULL,NULL,NULL,NULL,'','','','','Fartuun Nuur Cali','61','','Fartuun Nuur Cali','Hooyo',NULL,'',NULL,NULL,'','','','yes',NULL,'','','0000-00-00',0,NULL,'',NULL,NULL,NULL,'2024-05-07 13:53:32',NULL),(93,342,'std0032','32',NULL,'Ibraahim Cabdulle Cumar Raage','','',NULL,NULL,'616862163','',NULL,NULL,NULL,'','',NULL,'Male',NULL,NULL,'',0,'',NULL,NULL,NULL,NULL,NULL,NULL,'','','','','Madiino Tooxow Cadow','61','','C/llaahi Tooxow Cadow','Adeer',NULL,'',NULL,NULL,'','','','yes',NULL,'','','0000-00-00',0,NULL,'',NULL,NULL,NULL,'2024-05-07 13:53:32',NULL),(94,344,'std0033','33',NULL,'Maxamed C/llaahi Tooxow Cadow','','',NULL,NULL,'617461279','',NULL,NULL,NULL,'','',NULL,'Male',NULL,NULL,'',0,'',NULL,NULL,NULL,NULL,NULL,NULL,'','','','','Seynab Xasan Gacal','61','','C/llaahi Tooxow Cadow','Abaayo',NULL,'',NULL,NULL,'','','','yes',NULL,'','','0000-00-00',0,NULL,'',NULL,NULL,NULL,'2024-05-07 13:53:32',NULL),(95,346,'std0034','34',NULL,'Shaafici C/llaahi Tooxow Cadow','','',NULL,NULL,'619753822','',NULL,NULL,NULL,'','',NULL,'Male',NULL,NULL,'',0,'',NULL,NULL,NULL,NULL,NULL,NULL,'','','','','Seynab Xasan Gacal','61','','C/llaahi Tooxow Cadow','Adeer',NULL,'',NULL,NULL,'','','','yes',NULL,'','','0000-00-00',0,NULL,'',NULL,NULL,NULL,'2024-05-07 13:53:32',NULL),(96,348,'std0035','35',NULL,'Usaama Ibraahim Xuseen Axmed','','',NULL,NULL,'619939186','',NULL,NULL,NULL,'','',NULL,'Male',NULL,NULL,'',0,'',NULL,NULL,NULL,NULL,NULL,NULL,'','','','','Shamso Yuusuf Cusmaan','61','','Shamso Yuusuf Cusmaan','Hooyo',NULL,'',NULL,NULL,'','','','yes',NULL,'','','0000-00-00',0,NULL,'',NULL,NULL,NULL,'2024-05-07 13:53:32',NULL),(97,350,'std0036','36',NULL,'Haashim C/rishiid Cumar Maxamed','','',NULL,NULL,'616579338','',NULL,NULL,NULL,'','',NULL,'Male',NULL,NULL,'',0,'',NULL,NULL,NULL,NULL,NULL,NULL,'','','','','Xaliimo Axmed Dhiblaawe','61','','Xaliimo Axmed Dhiblaawe','Hooyo',NULL,'',NULL,NULL,'','','','yes',NULL,'','','0000-00-00',0,NULL,'',NULL,NULL,NULL,'2024-05-07 13:53:32',NULL),(98,352,'std0037','37',NULL,'Deeqo Cali Axmed','','',NULL,NULL,'61','',NULL,NULL,NULL,'','',NULL,'Female',NULL,NULL,'',0,'',NULL,NULL,NULL,NULL,NULL,NULL,'','','','','Raaxo Maxamud Nuur','61','','Cali Axmed','Aabo',NULL,'',NULL,NULL,'','','','yes',NULL,'','','0000-00-00',0,NULL,'',NULL,NULL,NULL,'2024-05-07 13:53:32',NULL),(99,354,'std0038','38',NULL,'Farxiyo Axmed Cali Maxamed','','',NULL,NULL,'617929039','',NULL,NULL,NULL,'','',NULL,'Female',NULL,NULL,'',0,'',NULL,NULL,NULL,NULL,NULL,NULL,'','','','','Xaawo Cadow Cali','61','','Xaawo Cadow Cali','Hooyo',NULL,'',NULL,NULL,'','','','yes',NULL,'','','0000-00-00',0,NULL,'',NULL,NULL,NULL,'2024-05-07 13:53:32',NULL),(100,356,'std0039','39',NULL,'Idman C/raxman Muxudiin Mahadalle','','',NULL,NULL,'619751106','',NULL,NULL,NULL,'','',NULL,'Female',NULL,NULL,'',0,'',NULL,NULL,NULL,NULL,NULL,NULL,'','','','','Xaliimo Cumar Xasan','61','','Saciid cumar Macalin','Abti',NULL,'',NULL,NULL,'','','','yes',NULL,'','','0000-00-00',0,NULL,'',NULL,NULL,NULL,'2024-05-07 13:53:32',NULL),(101,358,'std0040','40',NULL,'Leylo Xuseen Xasan Casir','','',NULL,NULL,'616899168','',NULL,NULL,NULL,'','',NULL,'Female',NULL,NULL,'',0,'',NULL,NULL,NULL,NULL,NULL,NULL,'','','','','Xaliimo Cumar Xasan','61','','Saciid cumar Macalin','Abti',NULL,'',NULL,NULL,'','','','yes',NULL,'','','0000-00-00',0,NULL,'',NULL,NULL,NULL,'2024-05-07 13:53:32',NULL),(102,360,'std0041','41',NULL,'Nawaal Maxamed Abuukar Cali','','',NULL,NULL,'619633368','',NULL,NULL,NULL,'','',NULL,'Female',NULL,NULL,'',0,'',NULL,NULL,NULL,NULL,NULL,NULL,'','','','','Muno Xasan Maxamud','61','','Muno Xasan Maxamud','Hooyo',NULL,'',NULL,NULL,'','','','yes',NULL,'','','0000-00-00',0,NULL,'',NULL,NULL,NULL,'2024-05-07 13:53:32',NULL),(103,362,'std0042','42',NULL,'Salmo SaydCali Xuseen Xasan','','',NULL,NULL,'619812948','',NULL,NULL,NULL,'','',NULL,'Female',NULL,NULL,'',0,'',NULL,NULL,NULL,NULL,NULL,NULL,'','','','','Raxmo Cali Maxamed','61','','Raxmo Cali Maxamed','Hooyo',NULL,'',NULL,NULL,'','','','yes',NULL,'','','0000-00-00',0,NULL,'',NULL,NULL,NULL,'2024-05-07 13:53:32',NULL),(104,364,'std0043','43',NULL,'Xamdi Maxamed Axmed Dhiblaawe','','',NULL,NULL,'617344217','',NULL,NULL,NULL,'','',NULL,'Female',NULL,NULL,'',0,'',NULL,NULL,NULL,NULL,NULL,NULL,'','','','','Dahabo Maxamed Axmed','61','','Dahabo Maxamed Axmed','Hooyo',NULL,'',NULL,NULL,'','','','yes',NULL,'','','0000-00-00',0,NULL,'',NULL,NULL,NULL,'2024-05-07 13:53:32',NULL),(105,366,'std0044','44',NULL,'Sucdi Saalad Calasow Cali','','',NULL,NULL,'612544700','',NULL,NULL,NULL,'','',NULL,'Female',NULL,NULL,'',0,'',NULL,NULL,NULL,NULL,NULL,NULL,'','','','','Faadumo Xasan Cabdulle','615520268','','Faadumo Xasan Cabdulle','Hooyo',NULL,'',NULL,NULL,'','','','yes',NULL,'','','0000-00-00',0,NULL,'',NULL,NULL,NULL,'2024-05-07 13:53:32',NULL),(106,368,'std0045','45',NULL,'Nawaal Cabdi Maxamed Cabdi','','',NULL,NULL,'612718910','',NULL,NULL,NULL,'','',NULL,'Female',NULL,NULL,'',0,'',NULL,NULL,NULL,NULL,NULL,NULL,'','','','','Sahro Maxamed Nuur','615615767','','Sahro Maxamed Nuur','Hooyo',NULL,'',NULL,NULL,'','','','yes',NULL,'','','0000-00-00',0,NULL,'',NULL,NULL,NULL,'2024-05-11 08:41:44',NULL),(107,370,'std0046','46',NULL,'Raxmo C/raxmaan Maxamed Xasan','','',NULL,NULL,'615097504','',NULL,NULL,NULL,'','',NULL,'Female',NULL,NULL,'',0,'',NULL,NULL,NULL,NULL,NULL,NULL,'','','','','Mako Maxamed Xasan','615097504','','Mako Maxamed Xasan','Hooyo',NULL,'',NULL,NULL,'','','','yes',NULL,'','','0000-00-00',1,NULL,'Macalin abdicasiis ayaa ka soo gudbiyay in uuu telephone isticmalay\r\n',NULL,NULL,'2024-05-11','2024-05-11 09:15:43',NULL),(108,372,'std0047','47',NULL,'Hanna Aadan Abuukar Maxamed','','',NULL,NULL,'617878303','',NULL,NULL,NULL,'','',NULL,'Female',NULL,NULL,'',0,'',NULL,NULL,NULL,NULL,NULL,NULL,'','','','','Safiyo Abuukar Axmed','617878303','','Safiyo Abuukar Axmed','Hooyo',NULL,'',NULL,NULL,'','','','yes',NULL,'','','0000-00-00',0,NULL,'',NULL,NULL,NULL,'2024-05-07 13:53:32',NULL),(109,374,'std0048','48',NULL,'farxiyo axmed xuseen','','',NULL,NULL,'612872343','',NULL,NULL,NULL,'','',NULL,'Female',NULL,NULL,'',0,'',NULL,NULL,NULL,NULL,NULL,NULL,'','','','','hooyo macaan','61','','hooyo macaan','Hooyo',NULL,'',NULL,NULL,'','','','yes',NULL,'','','0000-00-00',0,NULL,'',NULL,NULL,NULL,'2024-05-07 13:53:32',NULL),(110,376,'std0049','49',NULL,'xuseen c/laahi xuseen cigaal','','',NULL,NULL,'61','',NULL,NULL,NULL,'','',NULL,'Male',NULL,NULL,'',0,'',NULL,NULL,NULL,NULL,NULL,NULL,'','','','','fahmo xasan cali','615559513','','fahmo xasan cali','Hooyo',NULL,'',NULL,NULL,'','','','yes',NULL,'','','0000-00-00',0,NULL,'',NULL,NULL,NULL,'2024-05-07 13:53:32',NULL),(111,378,'std0050','50',NULL,'Amiin Saciid Geedi Axmed','','',NULL,NULL,'614427092','',NULL,NULL,NULL,'','',NULL,'Male',NULL,NULL,'',0,'',NULL,NULL,NULL,NULL,NULL,NULL,'','','','','Xabiibo Maxamed Maxamud','615449333','','Saciid Geedi Axmed','Aabo',NULL,'',NULL,NULL,'','','','yes',NULL,'','','0000-00-00',0,NULL,'',NULL,NULL,NULL,'2024-05-07 13:53:32',NULL),(112,380,'std0051','51',NULL,'Maxamed Ibraahim Cali Maxamed','','',NULL,NULL,'61','',NULL,NULL,NULL,'','',NULL,'Male',NULL,NULL,'',0,'',NULL,NULL,NULL,NULL,NULL,NULL,'','','','','khadijo ibrahim abdi','61','','Ibraahim Cali Maxamed','Aabo',NULL,'',NULL,NULL,'','','','yes',NULL,'','','0000-00-00',0,NULL,'',NULL,NULL,NULL,'2024-05-07 13:53:32',NULL),(113,382,'std0052','52',NULL,'Xasan Maxamed Maxamud kurtumow','','',NULL,NULL,'613266678','',NULL,NULL,NULL,'','',NULL,'Male',NULL,NULL,'',0,'',NULL,NULL,NULL,NULL,NULL,NULL,'','','','','Raaxo Maxamud Nuur','61','','Raaxo Maxamud Nuur','Hooyo',NULL,'',NULL,NULL,'','','','yes',NULL,'','','0000-00-00',0,NULL,'',NULL,NULL,NULL,'2024-05-07 13:53:32',NULL),(114,384,'std0053','53',NULL,'Tamaan C/raxmaan Muxudiin Mahadalle','','',NULL,NULL,'615610266','',NULL,NULL,NULL,'','',NULL,'Male',NULL,NULL,'',0,'',NULL,NULL,NULL,NULL,NULL,NULL,'','','','','Xaliimo Cumar Xasan','61','','Saciid cumar Macalin','Abti',NULL,'',NULL,NULL,'','','','yes',NULL,'','','0000-00-00',0,NULL,'',NULL,NULL,NULL,'2024-05-07 13:53:33',NULL),(115,386,'std0054','54',NULL,'Cadnaan Cayndaruus Abuukar Maxamed','','',NULL,NULL,'617862823','',NULL,NULL,NULL,'','',NULL,'Male',NULL,NULL,'',0,'',NULL,NULL,NULL,NULL,NULL,NULL,'','','','','Nasro Muxudiin Axmed','61','','Cayndaruus Abuukar Maxamed','Aabo',NULL,'',NULL,NULL,'','','','yes',NULL,'','','0000-00-00',0,NULL,'',NULL,NULL,NULL,'2024-05-08 11:13:52',NULL),(116,388,'std0055','55',NULL,'Rayaan Ibraahim Cali Jimcaale','','',NULL,NULL,'615578474','',NULL,NULL,NULL,'','',NULL,'Female',NULL,NULL,'',0,'',NULL,NULL,NULL,NULL,NULL,NULL,'','','','','Jamiilo Axmed Yaasiin','615578474','','Jamiilo Axmed Yaasiin','Hooyo',NULL,'',NULL,NULL,'','','','yes',NULL,'','','0000-00-00',0,NULL,'',NULL,NULL,NULL,'2024-05-07 13:53:33',NULL),(117,390,'std0056','56',NULL,'Sihaam Ibraahim Cali Jimcaale','','',NULL,NULL,'615578474','',NULL,NULL,NULL,'','',NULL,'Female',NULL,NULL,'',0,'',NULL,NULL,NULL,NULL,NULL,NULL,'','','','','Jamiilo Axmed Yaasiin','615578474','','Jamiilo Axmed Yaasiin','Hooyo',NULL,'',NULL,NULL,'','','','yes',NULL,'','','0000-00-00',0,NULL,'',NULL,NULL,NULL,'2024-05-07 13:53:33',NULL),(118,392,'std0057','57',NULL,'Maxamed Cali Saalim Cali','','',NULL,NULL,'61','',NULL,NULL,NULL,'','',NULL,'Male',NULL,NULL,'',0,'',NULL,NULL,NULL,NULL,NULL,NULL,'','','','','Sacdiyo Cali Cabdulle','61','','Sacdiyo Cali Cabdulle','Hooyo',NULL,'',NULL,NULL,'','','','yes',NULL,'','','0000-00-00',0,NULL,'',NULL,NULL,NULL,'2024-05-07 13:53:33',NULL),(119,394,'std0058','58','2018-06-11','Axmed Cusmaan Axmed Cabdi','','',NULL,NULL,'616292973','',NULL,NULL,NULL,'','','2009-06-11','Male',NULL,NULL,'',0,'',NULL,NULL,NULL,NULL,NULL,NULL,'','','','','Aamino C/qaadir Bersenji','616292973','','Aamino C/qaadir Bersenji','Hooyo',NULL,'',NULL,NULL,'','','','yes',NULL,'','','0000-00-00',0,NULL,'',NULL,NULL,NULL,'2024-05-07 13:58:08',NULL),(120,396,'std0059','59','2018-06-11','Ayuub Muxudiin Xasan Afrax','','',NULL,NULL,'615697073','',NULL,NULL,NULL,'','','2009-06-11','Male',NULL,NULL,'',0,'',NULL,NULL,NULL,NULL,NULL,NULL,'','','','','Faadumo Yuusuf Cali','615697073','','Faadumo Yuusuf Cali','Hooyo',NULL,'',NULL,NULL,'','','','yes',NULL,'','','0000-00-00',0,NULL,'',NULL,NULL,NULL,'2024-05-07 13:58:08',NULL),(121,398,'std0060','60','2017-06-11','C/naasir Muxudiin Xasan Afrax','','',NULL,NULL,'615697073','',NULL,NULL,NULL,'','','2006-06-11','Male',NULL,NULL,'',0,'',NULL,NULL,NULL,NULL,NULL,NULL,'','','','','Faadumo Yuusuf Cali','615697073','','Faadumo Yuusuf Cali','Hooyo',NULL,'',NULL,NULL,'','','','yes',NULL,'','','0000-00-00',0,NULL,'',NULL,NULL,NULL,'2024-05-07 13:58:08',NULL),(122,400,'std0061','61','2019-06-11','C/qani Maxamud Maxamed Cali','','',NULL,NULL,'615524762','',NULL,NULL,NULL,'','','2005-06-11','Male',NULL,NULL,'',0,'',NULL,NULL,NULL,NULL,NULL,NULL,'','','','','Leylo Maxamed Cumar','615524762','','Maxamud Maxamed Cali','Aabo',NULL,'',NULL,NULL,'','','','yes',NULL,'','','0000-00-00',0,NULL,'',NULL,NULL,NULL,'2024-05-07 13:58:08',NULL),(123,402,'std0062','62','2017-06-11','C/rixiin Abuukar C/kariin Maxamed','','',NULL,NULL,'614421678','',NULL,NULL,NULL,'','','2005-06-11','Male',NULL,NULL,'',0,'',NULL,NULL,NULL,NULL,NULL,NULL,'','','','','Shariifo Cali Nuur','615213532','','Shariifo Cali Nuur','Hooyo',NULL,'',NULL,NULL,'','','','yes',NULL,'','','0000-00-00',0,NULL,'',NULL,NULL,NULL,'2024-05-07 13:58:08',NULL),(124,404,'std0063','63','2019-06-11','Ismaaciil Maxamuud Maxamed Maxamuud','','',NULL,NULL,'615820492','',NULL,NULL,NULL,'','','2006-06-11','Male',NULL,NULL,'',0,'',NULL,NULL,NULL,NULL,NULL,NULL,'','','','','Shukri Xasan Dhooble','615820492','','Shukri Xasan Dhooble','Hooyo',NULL,'',NULL,NULL,'','','','yes',NULL,'','','0000-00-00',0,NULL,'',NULL,NULL,NULL,'2024-05-07 13:58:08',NULL),(125,406,'std0064','64','2918-06-11','Maxamed Cabdi Maxamed Kulmiye','','',NULL,NULL,'615533534','',NULL,NULL,NULL,'','','2002-06-11','Male',NULL,NULL,'',0,'',NULL,NULL,NULL,NULL,NULL,NULL,'','','','','Samiiro Cumar Cali','615533534','','Cabdi Maxamed Kulmiye','Aabo',NULL,'',NULL,NULL,'','','','yes',NULL,'','','0000-00-00',0,NULL,'',NULL,NULL,NULL,'2024-05-07 13:58:08',NULL),(126,408,'std0065','65','2017-06-11','Maxamed Ibraahim Xuurshe Maxamed','','',NULL,NULL,'616424477','',NULL,NULL,NULL,'','','2004-06-11','Male',NULL,NULL,'',0,'',NULL,NULL,NULL,NULL,NULL,NULL,'','','','','Shamso Yuusuf Cusmaan','616424477','','Shamso Yuusuf Cusmaan','Hooyo',NULL,'',NULL,NULL,'','','','yes',NULL,'','','0000-00-00',0,NULL,'',NULL,NULL,NULL,'2024-05-07 13:58:08',NULL),(127,410,'std0066','66','2019-06-11','Muuse Muxudiin Maxamed Cadaawe','','',NULL,NULL,'615571188','',NULL,NULL,NULL,'','','2023-06-11','Male',NULL,NULL,'',0,'',NULL,NULL,NULL,NULL,NULL,NULL,'','','','','Faadumo Nuur Aadan','615571188','','Faadumo Nuur Aadan','Hooyo',NULL,'',NULL,NULL,'','','','yes',NULL,'','','0000-00-00',0,NULL,'',NULL,NULL,NULL,'2024-05-07 13:58:08',NULL),(128,412,'std0067','67','2018-06-11','Muxudiin Xasan Maxamud Maxamed','','',NULL,NULL,'615578276','',NULL,NULL,NULL,'','','2004-06-11','Male',NULL,NULL,'',0,'',NULL,NULL,NULL,NULL,NULL,NULL,'','','','','Muumino Muxudiin Farey','615578276','','Muumino Muxudiin Farey','Hooyo',NULL,'',NULL,NULL,'','','','yes',NULL,'','','0000-00-00',0,NULL,'',NULL,NULL,NULL,'2024-05-07 13:58:08',NULL),(129,414,'std0068','68','2019-06-11','Nuur Xuseen Maxamed Cali','','',NULL,NULL,'615524762','',NULL,NULL,NULL,'','','2006-06-11','Male',NULL,NULL,'',0,'',NULL,NULL,NULL,NULL,NULL,NULL,'','','','','Cabdiyo Muuse Ibraahim','615524762','','Maxamud Maxamed Cali','Adeer',NULL,'',NULL,NULL,'','','','yes',NULL,'','','0000-00-00',0,NULL,'',NULL,NULL,NULL,'2024-05-07 13:58:08',NULL),(130,416,'std0069','69','2019-06-11','Salmaan C/casiis Xasan Jimcaale','','',NULL,NULL,'615205813','',NULL,NULL,NULL,'','','2007-06-11','Male',NULL,NULL,'',0,'',NULL,NULL,NULL,NULL,NULL,NULL,'','','','','Raaxo Abuukar Cali','615205513','','Raaxo Abuukar Cali','Hooyo',NULL,'',NULL,NULL,'','','','yes',NULL,'','','0000-00-00',0,NULL,'',NULL,NULL,NULL,'2024-05-07 13:58:08',NULL),(131,418,'std0070','70','2018-06-11','Shamsudiin Cabdi Axmed Cabdi','','',NULL,NULL,'619396825','',NULL,NULL,NULL,'','','2007-06-11','Male',NULL,NULL,'',0,'',NULL,NULL,NULL,NULL,NULL,NULL,'','','','','Khadiijo Muxudiin Maxamed','619396825','','Khadiijo Muxudiin Maxamed','Hooyo',NULL,'',NULL,NULL,'','','','yes',NULL,'','','0000-00-00',0,NULL,'',NULL,NULL,NULL,'2024-05-07 13:58:08',NULL),(132,420,'std0071','71','2018-06-11','Yuusuf Cabdi Maxamed Kulmiye','','',NULL,NULL,'615533534','',NULL,NULL,NULL,'','','2004-06-11','Male',NULL,NULL,'',0,'',NULL,NULL,NULL,NULL,NULL,NULL,'','','','','Samiiro Cumar Cali','615533534','','Cabdi Maxamed Kulmiye','Aabo',NULL,'',NULL,NULL,'','','','yes',NULL,'','','0000-00-00',0,NULL,'',NULL,NULL,NULL,'2024-05-07 13:58:08',NULL),(133,422,'std0072','72','2020-06-11','Aniso Xasan Cabdulle Maxamed','','',NULL,NULL,'612145737','',NULL,NULL,NULL,'','','2008-06-11','Female',NULL,NULL,'',0,'',NULL,NULL,NULL,NULL,NULL,NULL,'','','','','Nadiifo Maxamed Cade','612145737','','Nadiifo Maxamed Cade','Hooyo',NULL,'',NULL,NULL,'','','','yes',NULL,'','','0000-00-00',0,NULL,'',NULL,NULL,NULL,'2024-05-07 13:58:08',NULL),(134,424,'std0073','73','2019-06-11','Canab Cabdi Jiinow Cali','','',NULL,NULL,'615227652','',NULL,NULL,NULL,'','','2008-06-11','Female',NULL,NULL,'',0,'',NULL,NULL,NULL,NULL,NULL,NULL,'','','','','Shukri Muxudiin Cumar','615227652','','Shukri Muxudiin Cumar','Hooyo',NULL,'',NULL,NULL,'','','','yes',NULL,'','','0000-00-00',0,NULL,'',NULL,NULL,NULL,'2024-05-07 13:58:09',NULL),(135,426,'std0074','74','2019-06-11','Maryan Cali Axmed Jilacow','','',NULL,NULL,'615697046','',NULL,NULL,NULL,'','','2005-06-11','Female',NULL,NULL,'',0,'',NULL,NULL,NULL,NULL,NULL,NULL,'','','','','Dahabo Maxamed Cumar','615697046','','Dahabo Maxamed Cumar','Hooyo',NULL,'',NULL,NULL,'','','','yes',NULL,'','','0000-00-00',0,NULL,'',NULL,NULL,NULL,'2024-05-07 13:58:09',NULL),(136,428,'std0075','75','2020-06-11','Nimco Maxamud Axmed Xuseen','','',NULL,NULL,'615525489','',NULL,NULL,NULL,'','','2004-06-11','Female',NULL,NULL,'',0,'',NULL,NULL,NULL,NULL,NULL,NULL,'','','','','Xaawo Cali Maxamed','615525489','','Xaawo Cali Maxamed','Hooyo',NULL,'',NULL,NULL,'','','','yes',NULL,'','','0000-00-00',0,NULL,'',NULL,NULL,NULL,'2024-05-07 13:58:09',NULL),(137,430,'std0076','76','2020-06-11','Qaali Cadow Cabdulle Maxamed','','',NULL,NULL,'618048712','',NULL,NULL,NULL,'','','2005-06-11','Female',NULL,NULL,'',0,'',NULL,NULL,NULL,NULL,NULL,NULL,'','','','','Shariifo Cumar Axmed','618048712','','Shariifo Cumar Axmed','Hooyo',NULL,'',NULL,NULL,'','','','yes',NULL,'','','0000-00-00',0,NULL,'',NULL,NULL,NULL,'2024-05-07 13:58:09',NULL),(138,432,'std0077','77','2021-06-11','Shukri Xasan Cabdulle Maxamed','','',NULL,NULL,'612145737','',NULL,NULL,NULL,'','','2007-06-11','Female',NULL,NULL,'',0,'',NULL,NULL,NULL,NULL,NULL,NULL,'','','','','Nadiifo Maxamed Cade','612145737','','Nadiifo Maxamed Cade','Hooyo',NULL,'',NULL,NULL,'','','','yes',NULL,'','','0000-00-00',0,NULL,'',NULL,NULL,NULL,'2024-05-07 13:58:09',NULL),(139,434,'std0078','78','2024-02-11','ceynu sh cali madad Maxamed','','',NULL,NULL,'61','',NULL,NULL,NULL,'','','2007-02-11','Female',NULL,NULL,'',0,'',NULL,NULL,NULL,NULL,NULL,NULL,'','','','','Xaawo Maxamed Maxamuud','616102829','','sh cali madad Maxamed','Aabo',NULL,'',NULL,NULL,'','','','yes',NULL,'','','0000-00-00',0,NULL,'',NULL,NULL,NULL,'2024-05-07 13:58:09',NULL),(140,436,'std0079','79','2024-02-11','Kiin ShCali Madad Maxamed','','',NULL,NULL,'61','',NULL,NULL,NULL,'','','2008-02-11','Female',NULL,NULL,'',0,'',NULL,NULL,NULL,NULL,NULL,NULL,'','','','','Xaawo Maxamed Maxamuud','616102829','','ShCali Madad Maxamed','Hooyo',NULL,'',NULL,NULL,'','','','yes',NULL,'','','0000-00-00',0,NULL,'',NULL,NULL,NULL,'2024-05-07 13:58:09',NULL),(141,438,'std0080','80','2024-03-03','Bakiin Anwar Cumar Mubaarak','','',NULL,NULL,'614946031','',NULL,NULL,NULL,'','','2007-03-03','Female',NULL,NULL,'',0,'',NULL,NULL,NULL,NULL,NULL,NULL,'','','','','Xakiimo Maxamuud Nuur','615662925','','Xakiimo Maxamuud Nuur','Hooyo',NULL,'',NULL,NULL,'','','','yes',NULL,'','','0000-00-00',0,NULL,'',NULL,NULL,NULL,'2024-05-07 13:58:09',NULL),(142,440,'std0081','81','2017-06-11','Ceyni Cali Axmed Jilacow','','',NULL,NULL,'615697046','',NULL,NULL,NULL,'','','2007-06-11','Female',NULL,NULL,'',0,'',NULL,NULL,NULL,NULL,NULL,NULL,'','','','','Dahabo Maxamed Cumar','615697046','','Dahabo Maxamed Cumar','Hooyo',NULL,'',NULL,NULL,'','','','yes',NULL,'','','0000-00-00',0,NULL,'',NULL,NULL,NULL,'2024-05-07 13:58:09',NULL),(143,442,'std0082','82','2017-06-11','Zamzam Maxamud Maxamed Cali','','',NULL,NULL,'615524762','',NULL,NULL,NULL,'','','2006-06-11','Female',NULL,NULL,'',0,'',NULL,NULL,NULL,NULL,NULL,NULL,'','','','','Leylo Maxamed Cumar','615524762','','Maxamud Maxamed Cali','Aabo',NULL,'',NULL,NULL,'','','','yes',NULL,'','','0000-00-00',0,NULL,'',NULL,NULL,NULL,'2024-05-07 13:58:09',NULL),(144,444,'std0083','82','2018-06-11','Ridwaan Xuseen Maxamed Xasan','','',NULL,NULL,'615938539','',NULL,NULL,NULL,'','','2005-06-11','Female',NULL,NULL,'',0,'',NULL,NULL,NULL,NULL,NULL,NULL,'','','','','Shukri Maxamed Xasan','615938539','','Shukri Maxamed Xasan','Hooyo',NULL,'',NULL,NULL,'','','','yes',NULL,'','','0000-00-00',0,NULL,'',NULL,NULL,NULL,'2024-05-07 14:00:08',NULL),(145,446,'std0084','83','2017-06-11','Abuukar Axmed Xuseen','','',NULL,NULL,'61','',NULL,NULL,NULL,'','','2023-06-11','Male',NULL,NULL,'',0,'',NULL,NULL,NULL,NULL,NULL,NULL,'','','','','khadiijo ibraahim axmed','61','','khadiijo ibraahim axmed','Hooyo',NULL,'',NULL,NULL,'','','','yes',NULL,'','','0000-00-00',0,NULL,'',NULL,NULL,NULL,'2024-05-07 14:00:08',NULL),(146,448,'std0085','84','2019-06-11','Axmed Muxudiin Axmed Maalin','','',NULL,NULL,'619581393','',NULL,NULL,NULL,'','','2005-06-11','Male',NULL,NULL,'',0,'',NULL,NULL,NULL,NULL,NULL,NULL,'','','','','Xabiibo Maxamed Xasan','61','','Xabiibo Maxamed Xasan','Hooyo',NULL,'',NULL,NULL,'','','','yes',NULL,'','','0000-00-00',0,NULL,'',NULL,NULL,NULL,'2024-05-07 14:00:08',NULL),(147,450,'std0086','85','2017-06-11','C/kariin Axmed Cali Maxamed','','',NULL,NULL,'618734123','',NULL,NULL,NULL,'','','2005-06-11','Male',NULL,NULL,'',0,'',NULL,NULL,NULL,NULL,NULL,NULL,'','','','','Xaawo Cadow Maxamed','61','','Xaawo Cadow Maxamed','Hooyo',NULL,'',NULL,NULL,'','','','yes',NULL,'','','0000-00-00',0,NULL,'',NULL,NULL,NULL,'2024-05-07 14:00:09',NULL),(148,452,'std0087','86','2018-06-11','C/llaahi Maxamed Muxudiin Calasow','','',NULL,NULL,'618','',NULL,NULL,NULL,'',NULL,'2023-06-11','Male',NULL,NULL,'',0,'',0,'','',NULL,NULL,NULL,'','','','','Xaawo Maxamud Calasow','61','',NULL,NULL,NULL,'',NULL,NULL,'','','','yes','','','',NULL,0,'','',NULL,NULL,NULL,'2024-05-08 06:39:18',NULL),(149,454,'std0088','87','2018-06-11','C/llaahi Odowaa Maxamed Axmed','','',NULL,NULL,'61','',NULL,NULL,NULL,'','','2005-06-11','Male',NULL,NULL,'',0,'',NULL,NULL,NULL,NULL,NULL,NULL,'','','','','Muumino Xasan Maxamed','61','','Maxamed Odowaa','Aboowe',NULL,'',NULL,NULL,'','','','yes',NULL,'','','0000-00-00',0,NULL,'',NULL,NULL,NULL,'2024-05-07 14:00:09',NULL),(150,456,'std0089','88','2019-06-11','Mahad Aways Cosoble Maxamud','','',NULL,NULL,'61','',NULL,NULL,NULL,'','','2005-06-11','Male',NULL,NULL,'',0,'',NULL,NULL,NULL,NULL,NULL,NULL,'','','','','Faadumo Nuur Maxamud','61','','Faadumo Nuur Maxamud','Hooyo',NULL,'',NULL,NULL,'','','','yes',NULL,'','','0000-00-00',0,NULL,'',NULL,NULL,NULL,'2024-05-07 14:00:09',NULL),(151,458,'std0090','89','2020-06-11','Maxamed C/llaahi Axmed Cadaawe','','',NULL,NULL,'612397626','',NULL,NULL,NULL,'','','2005-06-11','Male',NULL,NULL,'',0,'',NULL,NULL,NULL,NULL,NULL,NULL,'','','','','Shukri Maxamed Yuusuf','61','','Fardowso Axmed Cadaawe','Abaayo',NULL,'',NULL,NULL,'','','','yes',NULL,'','','0000-00-00',0,NULL,'',NULL,NULL,NULL,'2024-05-07 14:00:09',NULL),(152,460,'std0091','90','2020-06-11','Maxamed C/qaadir Maxamed Muxudiin','','',NULL,NULL,'618548059','',NULL,NULL,NULL,'','','2006-06-11','Male',NULL,NULL,'',0,'',NULL,NULL,NULL,NULL,NULL,NULL,'','','','','Maryan Axmed Xasan','61','','C/qaadir Muxumed Muxudiin','Aabo',NULL,'',NULL,NULL,'','','','yes',NULL,'','','0000-00-00',0,NULL,'',NULL,NULL,NULL,'2024-05-07 14:00:09',NULL),(153,462,'std0092','91','2020-06-11','Maxamed Muxudiin Maxamed Cadaawe','','',NULL,NULL,'612070112','',NULL,NULL,NULL,'','','2005-06-11','Male',NULL,NULL,'',0,'',NULL,NULL,NULL,NULL,NULL,NULL,'','','','','Faadumo Axmed Cadaawe','61','','Muxudiin Maxamed Cadaawe','Aabo',NULL,'',NULL,NULL,'','','','yes',NULL,'','','0000-00-00',0,NULL,'',NULL,NULL,NULL,'2024-05-07 14:00:09',NULL),(154,464,'std0093','92','2023-06-11','Muscab Cabdi Sheekhow Rooble','','',NULL,NULL,'61','',NULL,NULL,NULL,'','','2008-06-11','Male',NULL,NULL,'',0,'',NULL,NULL,NULL,NULL,NULL,NULL,'','','','','Fartuun Nuur Cabdi','61','','Fartuun Nuur Cabdi','Hooyo',NULL,'',NULL,NULL,'','','','yes',NULL,'','','0000-00-00',0,NULL,'',NULL,NULL,NULL,'2024-05-07 14:00:09',NULL),(155,466,'std0094','93','2020-06-11','Deeqo C/raxmaan Maxamed Xasan','','',NULL,NULL,'614144134','',NULL,NULL,NULL,'','','2006-06-11','Female',NULL,NULL,'',0,'',NULL,NULL,NULL,NULL,NULL,NULL,'','','','','Jimcaay Maxamed Xasan','61','','Jimcaay Maxamed Xasan','Hooyo',NULL,'',NULL,NULL,'','','','yes',NULL,'','','0000-00-00',0,NULL,'',NULL,NULL,NULL,'2024-05-07 14:00:09',NULL),(156,468,'std0095','94',NULL,'Fartuun Maxamed Maxamud Cali','','',NULL,NULL,'610877714','',NULL,NULL,NULL,'','','2009-06-11','Female',NULL,NULL,'',0,'',NULL,NULL,NULL,NULL,NULL,NULL,'','','','','hooya maacan','61','','Maxamed Maxamud Cali','Aabo',NULL,'',NULL,NULL,'','','','yes',NULL,'','','0000-00-00',0,NULL,'',NULL,NULL,NULL,'2024-05-07 14:00:09',NULL),(157,470,'std0096','95','2020-06-11','Iqro Mukhtaar Yuusuf Cali','','',NULL,NULL,'614194230','',NULL,NULL,NULL,'','','2008-06-11','Female',NULL,NULL,'',0,'',NULL,NULL,NULL,NULL,NULL,NULL,'','','','','Foosiyo Maxamed Maxamud','61','','Foosiyo Maxamed Maxamud','Hooyo',NULL,'',NULL,NULL,'','','','yes',NULL,'','','0000-00-00',0,NULL,'',NULL,NULL,NULL,'2024-05-07 14:00:09',NULL),(158,472,'std0097','96','2020-06-11','Istar Cadow Cabdulle Maxamud','','',NULL,NULL,'619040942','',NULL,NULL,NULL,'','','2005-06-11','Female',NULL,NULL,'',0,'',NULL,NULL,NULL,NULL,NULL,NULL,'','','','','Shariifo Cumar Axmed','61','','Shariifo Cumar Axmed','Hooyo',NULL,'',NULL,NULL,'','','','yes',NULL,'','','0000-00-00',0,NULL,'',NULL,NULL,NULL,'2024-05-07 14:00:09',NULL),(159,474,'std0098','97','2020-06-11','Najmo Salaad Axmed Cabdulle','','',NULL,NULL,'770350717','',NULL,NULL,NULL,'','','2006-06-11','Female',NULL,NULL,'',0,'',NULL,NULL,NULL,NULL,NULL,NULL,'','','','','Xaawo Cali Maxamed','61','','Salaad Axmed Cabdulle','Aabo',NULL,'',NULL,NULL,'','','','yes',NULL,'','','0000-00-00',0,NULL,'',NULL,NULL,NULL,'2024-05-07 14:00:09',NULL),(160,476,'std0099','98','2020-06-11','Rowdo Maxamed Muxudiin Calasow','','',NULL,NULL,'612101778','',NULL,NULL,NULL,'',NULL,'2008-06-11','Female',NULL,NULL,'1',0,'',0,'','',NULL,NULL,NULL,'','','','','Xaawo Maxamud Calasow','61','',NULL,NULL,NULL,'',NULL,NULL,'','','','yes','','','',NULL,0,'','',NULL,NULL,NULL,'2024-05-08 06:38:34',NULL),(161,478,'std0100','99','2023-06-11','Saabariin Cabdi Maxamed Muxudiin','','',NULL,NULL,'619378766','',NULL,NULL,NULL,'','','2008-06-11','Female',NULL,NULL,'',0,'',NULL,NULL,NULL,NULL,NULL,NULL,'','','','','Gobey Axmed Cali','61','','Cabdi Maxamed Muxudiin','Hooyo',NULL,'',NULL,NULL,'','','','yes',NULL,'','','0000-00-00',0,NULL,'',NULL,NULL,NULL,'2024-05-07 14:00:09',NULL),(162,480,'std0101','100','2020-06-11','Salmo Yaasiin Maxamud Xasan','','',NULL,NULL,'612506210','',NULL,NULL,NULL,'','','2007-06-11','Female',NULL,NULL,'',0,'',NULL,NULL,NULL,NULL,NULL,NULL,'','','','','Maryan Muxudiin Maalin','61','','Maryan Muxudiin Maalin','Hooyo',NULL,'',NULL,NULL,'','','','yes',NULL,'','','0000-00-00',0,NULL,'',NULL,NULL,NULL,'2024-05-07 14:00:09',NULL),(163,482,'std0102','101','2020-06-11','Samiiro Maxamed Cali Maxamed','','',NULL,NULL,'611021608','',NULL,NULL,NULL,'','','2008-06-11','Female',NULL,NULL,'',0,'',NULL,NULL,NULL,NULL,NULL,NULL,'','','','','Shariifo Maxamed Qaboobe','61','','Shariifo Maxamed Qaboobe','Hooyo',NULL,'',NULL,NULL,'','','','yes',NULL,'','','0000-00-00',0,NULL,'',NULL,NULL,NULL,'2024-05-07 14:00:09',NULL),(164,484,'std0103','102','2020-06-11','Ubax Muxumed Axmed Xuseen','','',NULL,NULL,'61','',NULL,NULL,NULL,'','','2008-06-11','Female',NULL,NULL,'',0,'',NULL,NULL,NULL,NULL,NULL,NULL,'','','','','Faadumo Cabdi Xasan','61','','Xaawo Cali Maxamed','Hooyo',NULL,'',NULL,NULL,'','','','yes',NULL,'','','0000-00-00',0,NULL,'',NULL,NULL,NULL,'2024-05-07 14:00:09',NULL),(165,486,'std0104','103','2019-06-14','Istar Ibraahim Jimcaale Cabdi','','',NULL,NULL,'61','',NULL,NULL,NULL,'','','2006-06-14','Female',NULL,NULL,'',0,'',NULL,NULL,NULL,NULL,NULL,NULL,'','','','','Xabiibo Cali Indhayare','61','','Ibraahim Jimcaale Cabdi','Aabo',NULL,'',NULL,NULL,'','','','yes',NULL,'','','0000-00-00',0,NULL,'',NULL,NULL,NULL,'2024-05-07 14:00:09',NULL),(166,488,'std0105','104','2023-11-05','Zakariye yaasiin Abuukar Xasan','','',NULL,NULL,'612690878','',NULL,NULL,NULL,'','','2023-11-05','Male',NULL,NULL,'',0,'',NULL,NULL,NULL,NULL,NULL,NULL,'','','','','Xaaw Xasan Muxudiin','615552681','','Xaaw Xasan Muxudiin','Hooyo',NULL,'',NULL,NULL,'','','','yes',NULL,'','','0000-00-00',0,NULL,'',NULL,NULL,NULL,'2024-05-07 14:00:09',NULL),(167,490,'std0106','105','2024-03-03','Ruweydo Maxamed Cabdule Axmed','','',NULL,NULL,'613970144','',NULL,NULL,NULL,'','','2006-03-03','Female',NULL,NULL,'',0,'',NULL,NULL,NULL,NULL,NULL,NULL,'','','','','Sahro Muxumed Waasuge','618689958','','Maxamed Cabdule Axmed','Aabo',NULL,'',NULL,NULL,'','','','yes',NULL,'','','0000-00-00',0,NULL,'',NULL,NULL,NULL,'2024-05-07 14:00:10',NULL),(168,492,'std0107','106','2019-06-11','Nasteexo Maxamud Yabarow Maxamed','','',NULL,NULL,'618889070','',NULL,NULL,NULL,'','','2004-06-11','Female',NULL,NULL,'',0,'',NULL,NULL,NULL,NULL,NULL,NULL,'','','','','Maryan Maxamed Xasan','61618889070','','C/llaahi Maxamed Cali','Adeer',NULL,'',NULL,NULL,'','','','yes',NULL,'','','0000-00-00',0,NULL,'',NULL,NULL,NULL,'2024-05-07 14:00:10',NULL),(169,494,'std0108','107','2019-06-11','Mahad Maxamed Cali Geedi','','',NULL,NULL,'61','',NULL,NULL,NULL,'','','2003-06-11','Male',NULL,NULL,'',0,'',NULL,NULL,NULL,NULL,NULL,NULL,'','','','','Maryan Axmed Afrax','61','','Maxamed Cali Geedi','Hooyo',NULL,'',NULL,NULL,'','','','yes',NULL,'','','0000-00-00',0,NULL,'',NULL,NULL,NULL,'2024-05-07 14:00:10',NULL),(170,496,'std0109','108','2020-06-11','Maxamed Ibraahim Jimcaale Cabdi','','',NULL,NULL,'614439725','',NULL,NULL,NULL,'','','2023-06-11','Male',NULL,NULL,'',0,'',NULL,NULL,NULL,NULL,NULL,NULL,'','','','','Abshiro Maxamed Maxamud','61','','Ibraahim Jimcaale Cabdi','Aabo',NULL,'',NULL,NULL,'','','','yes',NULL,'','','0000-00-00',0,NULL,'',NULL,NULL,NULL,'2024-05-07 14:00:10',NULL),(171,498,'std0110','109','2020-06-11','Sowdo C/llaahi Muxumed Cali','','',NULL,NULL,'615776618','',NULL,NULL,NULL,'','','2008-06-11','Female',NULL,NULL,'',0,'',NULL,NULL,NULL,NULL,NULL,NULL,'','','','','Faadumo Cabdi Xasan','61','','Faadumo Cabdi Xasan','Hooyo',NULL,'',NULL,NULL,'','','','yes',NULL,'','','0000-00-00',0,NULL,'',NULL,NULL,NULL,'2024-05-07 14:00:10',NULL),(172,500,'std0111','110','2020-06-11','Zamzam Yaasiin Maxamud Xasan','','',NULL,NULL,'619719197','',NULL,NULL,NULL,'','','2009-06-11','Female',NULL,NULL,'',0,'',NULL,NULL,NULL,NULL,NULL,NULL,'','','','','Maryan Muxudiin Maalin','61','','Maryan Muxudiin Maalin','Hooyo',NULL,'',NULL,NULL,'','','','yes',NULL,'','','0000-00-00',0,NULL,'',NULL,NULL,NULL,'2024-05-07 14:00:10',NULL),(173,502,'std0112','110','2020-06-11','C/llaahi Faarax Maxamed Axmed','','',NULL,NULL,'616701689','',NULL,NULL,NULL,'','','2005-06-11','Male',NULL,NULL,'',0,'',NULL,NULL,NULL,NULL,NULL,NULL,'','','','','Sacdiyo Maxamud Maxamed','618649902','','Sacdiyo Maxamud Maxamed','Hooyo',NULL,'',NULL,NULL,'','','','yes',NULL,'','','0000-00-00',0,NULL,'',NULL,NULL,NULL,'2024-05-07 14:01:58',NULL),(174,504,'std0113','111','2021-06-11','Daahir Abuukar Maxamud Cismaan','','',NULL,NULL,'615116996','',NULL,NULL,NULL,'','','2005-06-11','Male',NULL,NULL,'',0,'',NULL,NULL,NULL,NULL,NULL,NULL,'','','','','Sacdiyo Muxumed Xasan','61615116996','','Sacdiyo Muxumed Xasan','Adeer',NULL,'',NULL,NULL,'','','','yes',NULL,'','','0000-00-00',0,NULL,'',NULL,NULL,NULL,'2024-05-07 14:01:58',NULL),(175,506,'std0114','112','2020-06-11','Ismaaciil Raage Xasan Maxamed','','',NULL,NULL,'617672593','',NULL,NULL,NULL,'','','2005-06-11','Male',NULL,NULL,'',0,'',NULL,NULL,NULL,NULL,NULL,NULL,'','','','','Maryan Cabdulle Maxamed','617672593','','Raage Xasan Maxamed','Aabo',NULL,'',NULL,NULL,'','','','yes',NULL,'','','0000-00-00',0,NULL,'',NULL,NULL,NULL,'2024-05-07 14:01:58',NULL),(176,508,'std0115','113','2020-06-11','Jaabir Maxamed Cali Maxamed','','',NULL,NULL,'613804927','',NULL,NULL,NULL,'','','2006-06-11','Male',NULL,NULL,'',0,'',NULL,NULL,NULL,NULL,NULL,NULL,'','','','','Faadumo Axmed Maxamud','613804927','','Maxamed Cali Maxamed','Aabo',NULL,'',NULL,NULL,'','','','yes',NULL,'','','0000-00-00',0,NULL,'',NULL,NULL,NULL,'2024-05-07 14:01:58',NULL),(177,510,'std0116','114','2021-06-11','Xuseen Cabdulle Muuse Maxamed','','',NULL,NULL,'618924189','',NULL,NULL,NULL,'','','2004-06-11','Male',NULL,NULL,'',0,'',NULL,NULL,NULL,NULL,NULL,NULL,'','','','','Madiino Cusmaan Muuse','618924189','','Madiino Cusmaan Muuse','Hooyo',NULL,'',NULL,NULL,'','','','yes',NULL,'','','0000-00-00',0,NULL,'',NULL,NULL,NULL,'2024-05-07 14:01:58',NULL),(178,512,'std0117','115','2021-06-11','Yaasir C/qaadir Maxamed Tooxow','','',NULL,NULL,'614191797','',NULL,NULL,NULL,'','','2007-06-11','Male',NULL,NULL,'',0,'',NULL,NULL,NULL,NULL,NULL,NULL,'','','','','Safiyo Shariif Xuseen','615837823','','Safiyo Shariif Xuseen','Hooyo',NULL,'',NULL,NULL,'','','','yes',NULL,'','','0000-00-00',0,NULL,'',NULL,NULL,NULL,'2024-05-07 14:01:58',NULL),(179,514,'std0118','116','2021-06-11','Liibaan Maxamed Xuseen Cali','','',NULL,NULL,'615585686','',NULL,NULL,NULL,'','','2009-06-11','Male',NULL,NULL,'',0,'',NULL,NULL,NULL,NULL,NULL,NULL,'','','','','Nimco Abuukar Ciise','615585686','','Nimco Abuukar Ciise','Hooyo',NULL,'',NULL,NULL,'','','','yes',NULL,'','','0000-00-00',0,NULL,'',NULL,NULL,NULL,'2024-05-07 14:01:58',NULL),(180,516,'std0119','117','2020-06-11','Maxamed Xasan Abshir Makaraan','','',NULL,NULL,'618473912','',NULL,NULL,NULL,'','','2005-06-11','Male',NULL,NULL,'',0,'',NULL,NULL,NULL,NULL,NULL,NULL,'','','','','Xasno Maxamud Maxamed','618473912','','Xasan Abshir Makaraan','Aabo',NULL,'',NULL,NULL,'','','','yes',NULL,'','','0000-00-00',0,NULL,'',NULL,NULL,NULL,'2024-05-07 14:01:58',NULL),(181,518,'std0120','118','2020-06-11','Caasho Axmed Maxamud Calasow','','',NULL,NULL,'612527676','',NULL,NULL,NULL,'','','2009-06-11','Female',NULL,NULL,'',0,'',NULL,NULL,NULL,NULL,NULL,NULL,'','','','','Leylo Xasan Nuur','612527676','','Shamso Maxamed Maxamud','Eedo',NULL,'',NULL,NULL,'','','','yes',NULL,'','','0000-00-00',0,NULL,'',NULL,NULL,NULL,'2024-05-07 14:01:58',NULL),(182,520,'std0121','119','2021-06-11','Falastiin Axmed Cabdulle Xasan','','',NULL,NULL,'615097848','',NULL,NULL,NULL,'','','2006-06-11','Female',NULL,NULL,'',0,'',NULL,NULL,NULL,NULL,NULL,NULL,'','','','','Zamzam Maxamud Xasan','615097848','','Zamzam Maxamud Xasan','Hooyo',NULL,'',NULL,NULL,'','','','yes',NULL,'','','0000-00-00',0,NULL,'',NULL,NULL,NULL,'2024-05-07 14:01:58',NULL),(183,522,'std0122','120','2020-06-11','Fartuun Nuuradiin C/qaadir Cali','','',NULL,NULL,'615603349','',NULL,NULL,NULL,'','','2009-06-11','Female',NULL,NULL,'',0,'',NULL,NULL,NULL,NULL,NULL,NULL,'','','','','Faadumo Ibraahim Maxamed','615603349','','Faadumo Ibraahim Maxamed','Hooyo',NULL,'',NULL,NULL,'','','','yes',NULL,'','','0000-00-00',0,NULL,'',NULL,NULL,NULL,'2024-05-07 14:01:58',NULL),(184,524,'std0123','121','2021-06-11','Faxdi Xuurshe Nuur Muxudiin','','',NULL,NULL,'615908875','',NULL,NULL,NULL,'','','2006-06-11','Female',NULL,NULL,'',0,'',NULL,NULL,NULL,NULL,NULL,NULL,'','','','','Xakiimo Macalin Maxamed','615908875','','Xuurshe Nuur Muxudiin','Aabo',NULL,'',NULL,NULL,'','','','yes',NULL,'','','0000-00-00',0,NULL,'',NULL,NULL,NULL,'2024-05-07 14:01:58',NULL),(185,526,'std0124','122','2020-06-11','Naleey Abuukar Cabdulle Calia','','',NULL,NULL,'611021821','',NULL,NULL,NULL,'','','2005-06-11','Female',NULL,NULL,'',0,'',NULL,NULL,NULL,NULL,NULL,NULL,'','','','','Sahro Colow Iidaale','61417492','','Faadumo Xasan Xuseen','Eedo',NULL,'',NULL,NULL,'','','','yes',NULL,'','','0000-00-00',0,NULL,'',NULL,NULL,NULL,'2024-05-07 14:01:58',NULL),(186,528,'std0125','123','2018-06-11','Sacdiyo Axmed Maxamud Calasow','','',NULL,NULL,'612527676','',NULL,NULL,NULL,'','','2010-06-11','Female',NULL,NULL,'',0,'',NULL,NULL,NULL,NULL,NULL,NULL,'','','','','Leylo Xasan Nuur','612527676','','Shamso Maxamed Maxamud','Eedo',NULL,'',NULL,NULL,'','','','yes',NULL,'','','0000-00-00',0,NULL,'',NULL,NULL,NULL,'2024-05-07 14:01:58',NULL),(187,530,'std0126','124','2017-06-11','Sacdiyo Maxamed Caalim Maxamud','','',NULL,NULL,'615187223','',NULL,NULL,NULL,'','','2005-06-11','Female',NULL,NULL,'',0,'',NULL,NULL,NULL,NULL,NULL,NULL,'','','','','Faadumo Xasan Nuur','615187223','','Faadumo Xasan Nuur','Hooyo',NULL,'',NULL,NULL,'','','','yes',NULL,'','','0000-00-00',0,NULL,'',NULL,NULL,NULL,'2024-05-07 14:01:58',NULL),(188,532,'std0127','125','2018-06-11','Xafso Ibraahim Cali Maxamed','','',NULL,NULL,'615846468','',NULL,NULL,NULL,'','','2008-06-11','Female',NULL,NULL,'',0,'',NULL,NULL,NULL,NULL,NULL,NULL,'','','','','Farxiyo Maxamed Axmed','615846468','','Ibraahim Cali Maxamed','Aabo',NULL,'',NULL,NULL,'','','','yes',NULL,'','','0000-00-00',0,NULL,'',NULL,NULL,NULL,'2024-05-07 14:01:58',NULL),(189,534,'std0128','126','2017-06-11','Amal C/raxmaan Hilowle Abuukar','','',NULL,NULL,'618141807','',NULL,NULL,NULL,'','','2007-06-11','Female',NULL,NULL,'',0,'',NULL,NULL,NULL,NULL,NULL,NULL,'','','','','Beelo Iidow Cabdulle','618141807','','Madiino Iidow Cabdulle','Habaryar',NULL,'',NULL,NULL,'','','','yes',NULL,'','','0000-00-00',0,NULL,'',NULL,NULL,NULL,'2024-05-07 14:01:58',NULL),(190,536,'std0129','127','2019-06-11','Fardowso Mowliid Cabdi Xuseen','','',NULL,NULL,'615232404','',NULL,NULL,NULL,'','','2009-06-11','Female',NULL,NULL,'',0,'',NULL,NULL,NULL,NULL,NULL,NULL,'','','','','Xaliimo Maxamed Nuur','615232404','','Mowliid Cabdi Xuseen','Hooyo',NULL,'',NULL,NULL,'','','','yes',NULL,'','','0000-00-00',0,NULL,'',NULL,NULL,NULL,'2024-05-07 14:01:58',NULL),(191,538,'std0130','128','2018-06-11','Farxiyo Cabdulle Muuse Maxamed','','',NULL,NULL,'618924189','',NULL,NULL,NULL,'','','2006-06-11','Female',NULL,NULL,'',0,'',NULL,NULL,NULL,NULL,NULL,NULL,'','','','','Madiino Cusmaan Muuse','618924189','','Madiino Cusmaan Muuse','Hooyo',NULL,'',NULL,NULL,'','','','yes',NULL,'','','0000-00-00',0,NULL,'',NULL,NULL,NULL,'2024-05-07 14:01:58',NULL),(192,540,'std0131','129',NULL,'Ikraan Muxudiin Maxamed Cadaawe','','',NULL,NULL,'615567085','',NULL,NULL,NULL,'','','2008-06-11','Female',NULL,NULL,'',0,'',NULL,NULL,NULL,NULL,NULL,NULL,'','','','','Faadumo Nuur Aadan','615567085','','Muxudiin Maxamed Cadaawe','Aabo',NULL,'',NULL,NULL,'','','','yes',NULL,'','','0000-00-00',0,NULL,'',NULL,NULL,NULL,'2024-05-07 14:01:58',NULL),(193,542,'std0132','130','2017-06-11','Mako Ismaaciil Xuseen Wardheere','','',NULL,NULL,'615596996','',NULL,NULL,NULL,'','','2010-06-11','Female',NULL,NULL,'',0,'',NULL,NULL,NULL,NULL,NULL,NULL,'','','','','Anbiyo Cali Muumin','615596996','','Ismaaciil Xuseen Wardheere','Aabo',NULL,'',NULL,NULL,'','','','yes',NULL,'','','0000-00-00',0,NULL,'',NULL,NULL,NULL,'2024-05-07 14:01:58',NULL),(194,544,'std0133','131','2018-06-11','Ruweydo Hilowle Maxamed Cadaawe','','',NULL,NULL,'615402243','',NULL,NULL,NULL,'','','2008-06-11','Female',NULL,NULL,'',0,'',NULL,NULL,NULL,NULL,NULL,NULL,'','','','','Fardowso Axmed Cadaawe','615402243','','Fardowso Axmed Cadaawe','Hooyo',NULL,'',NULL,NULL,'','','','yes',NULL,'','','0000-00-00',0,NULL,'',NULL,NULL,NULL,'2024-05-07 14:01:58',NULL),(195,546,'std0134','132','2020-06-11','Safiyo C/casiis Xasan Jimcaale','','',NULL,NULL,'615205813','',NULL,NULL,NULL,'','','2007-06-11','Female',NULL,NULL,'',0,'',NULL,NULL,NULL,NULL,NULL,NULL,'','','','','Raaxo Abuukar Cali','615205813','','Raaxo Abuukar Cali','Hooyo',NULL,'',NULL,NULL,'','','','yes',NULL,'','','0000-00-00',0,NULL,'',NULL,NULL,NULL,'2024-05-07 14:01:58',NULL),(196,548,'std0135','133','2020-06-11','Shamso C/llaahi Xasan Axmed','','',NULL,NULL,'615307690','',NULL,NULL,NULL,'','','2007-06-11','Female',NULL,NULL,'',0,'',NULL,NULL,NULL,NULL,NULL,NULL,'','','','','Falis Cabdulle Maxamud','615303690','','Falis Cabdulle Maxamud','Hooyo',NULL,'',NULL,NULL,'','','','yes',NULL,'','','0000-00-00',0,NULL,'',NULL,NULL,NULL,'2024-05-07 14:01:58',NULL),(197,550,'std0136','134','2020-06-11','Sumayo Aways Axmed Maxamed','','',NULL,NULL,'615245602','',NULL,NULL,NULL,'','','2007-06-11','Female',NULL,NULL,'',0,'',NULL,NULL,NULL,NULL,NULL,NULL,'','','','','Farxiyo Xuseen Hilowle','615245602','','Mustaf Cumar Gurey','Adeer',NULL,'',NULL,NULL,'','','','yes',NULL,'','','0000-00-00',0,NULL,'',NULL,NULL,NULL,'2024-05-07 14:01:58',NULL),(198,552,'std0137','135','2024-02-07','fatxi cumar gacal maxamuud','','',NULL,NULL,'618505840','',NULL,NULL,NULL,'','','2024-02-07','Female',NULL,NULL,'',0,'',NULL,NULL,NULL,NULL,NULL,NULL,'','','','','naley maxamuud cabdi','618505840','','naley maxamuud cabdi','Hooyo',NULL,'',NULL,NULL,'','','','yes',NULL,'','','0000-00-00',0,NULL,'',NULL,NULL,NULL,'2024-05-07 14:01:59',NULL),(199,554,'std0138','136','2019-06-11','C/llaahi C/rixiin Xuseen Caamir','','',NULL,NULL,'614761752','',NULL,NULL,NULL,'','','2007-06-11','Male',NULL,NULL,'',0,'',NULL,NULL,NULL,NULL,NULL,NULL,'','','','','Fardowso Abuukar Cali','615707551','','C/xakiin Xuseen Caamir','Adeer',NULL,'',NULL,NULL,'','','','yes',NULL,'','','0000-00-00',0,NULL,'',NULL,NULL,NULL,'2024-05-07 14:01:59',NULL),(200,556,'std0139','137',NULL,'Yaasmiin Muxudiin Maxamed Cadaawe','','',NULL,NULL,'615567085','',NULL,NULL,NULL,'','','2009-06-11','Male',NULL,NULL,'',0,'',NULL,NULL,NULL,NULL,NULL,NULL,'','','','','Faadumo Nuur Aadan','615567085','','Muxudiin Maxamed Cadaawe','Aabo',NULL,'',NULL,NULL,'','','','yes',NULL,'','','0000-00-00',0,NULL,'',NULL,NULL,NULL,'2024-05-07 14:01:59',NULL),(201,558,'std0140','138','2020-06-11','C/llaahi Saciid Xasan Muuse','','',NULL,NULL,'612175867','',NULL,NULL,NULL,'','','2006-06-11','Male',NULL,NULL,'',0,'',NULL,NULL,NULL,NULL,NULL,NULL,'','','','','Nimco Xuseen Caamir','61615707551','','C/xakiin Xuseen Caamir','Abti',NULL,'',NULL,NULL,'','','','yes',NULL,'','','0000-00-00',0,NULL,'',NULL,NULL,NULL,'2024-05-07 14:01:59',NULL),(202,560,'std0141','139','2020-06-11','Ibraahim Cali Jimcaale Maxamud','','',NULL,NULL,'615585686','',NULL,NULL,NULL,'','','2007-06-11','Male',NULL,NULL,'',0,'',NULL,NULL,NULL,NULL,NULL,NULL,'','','','','Xaawo Maxamed Xasan','615585686','','Faadumo Cabdi Xasan','Eedo',NULL,'',NULL,NULL,'','','','yes',NULL,'','','0000-00-00',0,NULL,'',NULL,NULL,NULL,'2024-05-07 14:01:59',NULL),(203,562,'std0142','140','2020-06-11','Usaama Daahir Abuukar Cumar','','',NULL,NULL,'615645224','',NULL,NULL,NULL,'','','2006-06-11','Male',NULL,NULL,'',0,'',NULL,NULL,NULL,NULL,NULL,NULL,'','','','','Saciido Ibraahim Xuseen','615645224','','Saciido Ibraahim Xuseen','Hooyo',NULL,'',NULL,NULL,'','','','yes',NULL,'','','0000-00-00',0,NULL,'',NULL,NULL,NULL,'2024-05-07 14:01:59',NULL),(204,564,'std0143','141','2020-06-11','Aamino Xuseen Cali Maxamud','','',NULL,NULL,'612342798','',NULL,NULL,NULL,'','','2008-06-11','Female',NULL,NULL,'',0,'',NULL,NULL,NULL,NULL,NULL,NULL,'','','','','Nimco Tifow Unturow','615880196','','Qureysh Cali Maxamud','Eedo',NULL,'',NULL,NULL,'','','','yes',NULL,'','','0000-00-00',0,NULL,'',NULL,NULL,NULL,'2024-05-07 14:01:59',NULL),(205,566,'std0144','142','2020-06-11','Hani Xasan Cali Nuura','','',NULL,NULL,'615904275','',NULL,NULL,NULL,'','','2002-06-11','Female',NULL,NULL,'',0,'',NULL,NULL,NULL,NULL,NULL,NULL,'','','','','Faadumo Maxamed Calasow','61615904275','','Nuurto Caalim Cosoble','Eedo',NULL,'',NULL,NULL,'','','','yes',NULL,'','','0000-00-00',0,NULL,'',NULL,NULL,NULL,'2024-05-07 14:01:59',NULL),(206,568,'std0145','143','2020-06-11','Maqdis Axmed Tooxow Cadow','','',NULL,NULL,'615585668','',NULL,NULL,NULL,'','','2008-06-11','Female',NULL,NULL,'',0,'',NULL,NULL,NULL,NULL,NULL,NULL,'','','','','Mako Nuur Maxamud','615585668','','Seynab Xasan Gacal','Eedo',NULL,'',NULL,NULL,'','','','yes',NULL,'','','0000-00-00',0,NULL,'',NULL,NULL,NULL,'2024-05-07 14:01:59',NULL),(207,570,'std0146','144','2021-06-11','Xaliimo Raage Maxamed Maxamud','','',NULL,NULL,'615235976','',NULL,NULL,NULL,'','','2007-06-11','Female',NULL,NULL,'',0,'',NULL,NULL,NULL,NULL,NULL,NULL,'','','','','Maryan Maxamud Abiikar','615235976','','Maryan Maxamud Abiikar','Hooyo',NULL,'',NULL,NULL,'','','','yes',NULL,'','','0000-00-00',0,NULL,'',NULL,NULL,NULL,'2024-05-07 14:01:59',NULL),(208,572,'std0147','145','2017-06-11','Canab Cali Xasan Maxamed','','',NULL,NULL,'615526710','',NULL,NULL,NULL,'','','2008-06-11','Female',NULL,NULL,'',0,'',NULL,NULL,NULL,NULL,NULL,NULL,'','','','','Faadumo Xasan Cabdulle','615326710','','Faadumo Xasan Cabdulle','Hooyo',NULL,'',NULL,NULL,'','','','yes',NULL,'','','0000-00-00',0,NULL,'',NULL,NULL,NULL,'2024-05-07 14:01:59',NULL),(209,574,'std0148','146','2021-06-11','Faadumo Ibraahim Tifow Warsame','','',NULL,NULL,'615851131','',NULL,NULL,NULL,'','','2007-06-11','Female',NULL,NULL,'',0,'',NULL,NULL,NULL,NULL,NULL,NULL,'','','','','Farxiyo Macalin Cali','615851131','','Farxiyo Macalin Cali','Hooyo',NULL,'',NULL,NULL,'','','','yes',NULL,'','','0000-00-00',0,NULL,'',NULL,NULL,NULL,'2024-05-07 14:01:59',NULL),(210,576,'std0149','147','2021-06-11','Maryan Cabdi Axmed Cabdi','','',NULL,NULL,'770538483','',NULL,NULL,NULL,'','','2009-06-11','Female',NULL,NULL,'',0,'',NULL,NULL,NULL,NULL,NULL,NULL,'','','','','Khadiijo Muxudiin Maxamed','619396825','','Khadiijo Muxudiin Maxamed','Hooyo',NULL,'',NULL,NULL,'','','','yes',NULL,'','','0000-00-00',0,NULL,'',NULL,NULL,NULL,'2024-05-07 14:01:59',NULL),(211,578,'std0150','148','2020-06-11','Maryan Ibraahim Cali Maxamed','','',NULL,NULL,'615846468','',NULL,NULL,NULL,'','','2009-06-11','Female',NULL,NULL,'',0,'',NULL,NULL,NULL,NULL,NULL,NULL,'','','','','Farxiyo Maxamed Axmed','615846468','','Ibraahim Cali Maxamed','Aabo',NULL,'',NULL,NULL,'','','','yes',NULL,'','','0000-00-00',0,NULL,'',NULL,NULL,NULL,'2024-05-07 14:01:59',NULL),(212,580,'std0151','149','2021-06-11','Safiyo C/raxmaan Maxamed Maxamud','','',NULL,NULL,'615969083','',NULL,NULL,NULL,'','','2006-06-11','Female',NULL,NULL,'',0,'',NULL,NULL,NULL,NULL,NULL,NULL,'','','','','Naley Maxamed Macow','615969083','','Naley Maxamed Macow','Hooyo',NULL,'',NULL,NULL,'','','','yes',NULL,'','','0000-00-00',0,NULL,'',NULL,NULL,NULL,'2024-05-07 14:01:59',NULL),(213,582,'std0152','150','2019-06-11','Sumayo Ibraahim Cali Jimcaale','','',NULL,NULL,'615578474','',NULL,NULL,NULL,'','','2009-06-11','Female',NULL,NULL,'',0,'',NULL,NULL,NULL,NULL,NULL,NULL,'','','','','Jamiilo Axmed Yaasiin','615578474','','Ibraahim Cali Jimcaale','Aabo',NULL,'',NULL,NULL,'','','','yes',NULL,'','','0000-00-00',0,NULL,'',NULL,NULL,NULL,'2024-05-07 14:01:59',NULL),(214,584,'std0153','151','2021-06-11','Zamzam Axmed Cali Cariif','','',NULL,NULL,'615585686','',NULL,NULL,NULL,'','','2006-06-11','Female',NULL,NULL,'',0,'',NULL,NULL,NULL,NULL,NULL,NULL,'','','','','Faadumo Cabdi Xasan','615585686','','Faadumo Cabdi Xasan','Hooyo',NULL,'',NULL,NULL,'','','','yes',NULL,'','','0000-00-00',0,NULL,'',NULL,NULL,NULL,'2024-05-07 14:01:59',NULL),(215,586,'std0154','151','2022-06-11','Cabdalla Cumar Abuukar Xasan','','',NULL,NULL,'616453644','',NULL,NULL,NULL,'','','2005-06-11','Male',NULL,NULL,'',0,'',NULL,NULL,NULL,NULL,NULL,NULL,'','','','','Faadumo Maxamed Xuseen','616453644','','Mustaf Maxamed Xuseen','Abti',NULL,'',NULL,NULL,'','','','yes',NULL,'','','0000-00-00',0,NULL,'',NULL,NULL,NULL,'2024-05-07 14:18:56',NULL),(216,588,'std0155','152','2019-06-11','Cabdalla Cumar Xuseen Caraaye','','',NULL,NULL,'615851131','',NULL,NULL,NULL,'','','2007-06-11','Male',NULL,NULL,'',0,'',NULL,NULL,NULL,NULL,NULL,NULL,'','','','','Farxiyo Cali Jugyare','615851131','','Farxiyo Macalin Cali','Hooyo',NULL,'',NULL,NULL,'','','','yes',NULL,'','','0000-00-00',0,NULL,'',NULL,NULL,NULL,'2024-05-07 14:18:56',NULL),(217,590,'std0156','153','2020-06-11','C/qaadir Xasan Cismaan Cali','','',NULL,NULL,'610576073','',NULL,NULL,NULL,'','','2008-06-11','Male',NULL,NULL,'',0,'',NULL,NULL,NULL,NULL,NULL,NULL,'','','','','Xaawo Xasan Muxudiin','61','','Xaawo Xasan Muxudiin','Hooyo',NULL,'',NULL,NULL,'','','','yes',NULL,'','','0000-00-00',0,NULL,'',NULL,NULL,NULL,'2024-05-07 14:18:56',NULL),(218,592,'std0157','154','2020-06-12','Axmed C/llaahi Maxamed Axmed','','',NULL,NULL,'610975295','',NULL,NULL,NULL,'','','2005-06-12','Male',NULL,NULL,'',0,'',NULL,NULL,NULL,NULL,NULL,NULL,'','','','','Sahra Maxamed Xuseen','61','','Sahra Maxamed Xuseen','Hooyo',NULL,'',NULL,NULL,'','','','yes',NULL,'','','0000-00-00',0,NULL,'',NULL,NULL,NULL,'2024-05-07 14:18:56',NULL),(219,594,'std0158','155','2020-06-12','Faadumo Maxamud Maxamed Xasan','','',NULL,NULL,'616555323','',NULL,NULL,NULL,'','','2007-06-12','Female',NULL,NULL,'',0,'',NULL,NULL,NULL,NULL,NULL,NULL,'','','','','Duniyo Hilowle Balale','616555323','','Duniyo Hilowle Balale','Hooyo',NULL,'',NULL,NULL,'','','','yes',NULL,'','','0000-00-00',0,NULL,'',NULL,NULL,NULL,'2024-05-07 14:18:56',NULL),(220,596,'std0159','156','2021-06-12','Ikraan Shire Cabdi Cosoble','','',NULL,NULL,'615364841','',NULL,NULL,NULL,'','','2007-06-12','Female',NULL,NULL,'',0,'',NULL,NULL,NULL,NULL,NULL,NULL,'','','','','Leylo Xasan Calasow','615364841','','Leylo Xasan Calasow','Hooyo',NULL,'',NULL,NULL,'','','','yes',NULL,'','','0000-00-00',0,NULL,'',NULL,NULL,NULL,'2024-05-07 14:18:56',NULL),(221,598,'std0160','157','2021-06-12','Juweeriyo Ibraahim Tifow Warsame','','',NULL,NULL,'615851131','',NULL,NULL,NULL,'','','2009-06-12','Female',NULL,NULL,'',0,'',NULL,NULL,NULL,NULL,NULL,NULL,'','','','','Farxiyo Macalin Cali','615851131','','Farxiyo Macalin Cali','Hooyo',NULL,'',NULL,NULL,'','','','yes',NULL,'','','0000-00-00',0,NULL,'',NULL,NULL,NULL,'2024-05-07 14:18:56',NULL),(222,600,'std0161','158','2020-06-12','Maqdis C/llaahi Axmed Maxamud','','',NULL,NULL,'615936944','',NULL,NULL,NULL,'','','2008-06-12','Female',NULL,NULL,'',0,'',NULL,NULL,NULL,NULL,NULL,NULL,'','','','','Safiyo Maxamud Maxamed','615936944','','Safiyo Maxamud Maxamed','Hooyo',NULL,'',NULL,NULL,'','','','yes',NULL,'','','0000-00-00',0,NULL,'',NULL,NULL,NULL,'2024-05-07 14:18:56',NULL),(223,602,'std0162','159','2021-06-12','Maryan Cabdulle Muuse Maxamed','','',NULL,NULL,'618924189','',NULL,NULL,NULL,'','','2009-06-12','Female',NULL,NULL,'',0,'',NULL,NULL,NULL,NULL,NULL,NULL,'','','','','Madiino Cusmaan Muuse','618924189','','Madiino Cusmaan Muuse','Hooyo',NULL,'',NULL,NULL,'','','','yes',NULL,'','','0000-00-00',0,NULL,'',NULL,NULL,NULL,'2024-05-07 14:18:56',NULL),(224,604,'std0163','160','2018-06-12','Qadro Ibraahim Tifow Warsame','','',NULL,NULL,'615851131','',NULL,NULL,NULL,'','','2010-06-12','Female',NULL,NULL,'',0,'',NULL,NULL,NULL,NULL,NULL,NULL,'','','','','Farxiyo Macalin Cali','615851131','','Farxiyo Macalin Cali','Hooyo',NULL,'',NULL,NULL,'','','','yes',NULL,'','','0000-00-00',0,NULL,'',NULL,NULL,NULL,'2024-05-07 14:18:56',NULL),(225,606,'std0164','161','2021-06-12','Sihaam Maxamed Cumar Yabar','','',NULL,NULL,'618714422','',NULL,NULL,NULL,'','','2008-06-12','Female',NULL,NULL,'',0,'',NULL,NULL,NULL,NULL,NULL,NULL,'','','','','Zamzam Xasan Maxamed','618714422','','Xabiibo Xasan','Eedo',NULL,'',NULL,NULL,'','','','yes',NULL,'','','0000-00-00',0,NULL,'',NULL,NULL,NULL,'2024-05-07 14:18:56',NULL),(226,608,'std0165','162','2020-06-12','Sihaam SaydCali Xuseen Xasan','','',NULL,NULL,'618081066','',NULL,NULL,NULL,'','','2009-06-12','Female',NULL,NULL,'',0,'',NULL,NULL,NULL,NULL,NULL,NULL,'','','','','Raxmo Cali Maxamed','618081066','','Raxmo Cali Maxamed','Hooyo',NULL,'',NULL,NULL,'','','','yes',NULL,'','','0000-00-00',0,NULL,'',NULL,NULL,NULL,'2024-05-07 14:18:56',NULL),(227,610,'std0166','163','2019-06-12','Xamdi Cabdi Maxamud Xasan','','',NULL,NULL,'616681038','',NULL,NULL,NULL,'','','2007-06-12','Female',NULL,NULL,'',0,'',NULL,NULL,NULL,NULL,NULL,NULL,'','','','','Jimcaay Maxamed Xasan','616681038','','Jimcaay Maxamed Xasan','Hooyo',NULL,'',NULL,NULL,'','','','yes',NULL,'','','0000-00-00',0,NULL,'',NULL,NULL,NULL,'2024-05-07 14:18:56',NULL),(228,612,'std0167','164','2021-06-12','Ruqiyo Aways Xasan Maxamed','','',NULL,NULL,'613664648','',NULL,NULL,NULL,'','','2005-06-12','Female',NULL,NULL,'',0,'',NULL,NULL,NULL,NULL,NULL,NULL,'','','','','Nuurto Maxamed Fiidow','613664648','','Nuurto Maxamed Fiidow','Hooyo',NULL,'',NULL,NULL,'','','','yes',NULL,'','','0000-00-00',0,NULL,'',NULL,NULL,NULL,'2024-05-07 14:18:56',NULL),(229,614,'std0168','165','2019-06-12','Raxmo C/llaahi Xasan Xaayow','','',NULL,NULL,'614146386','',NULL,NULL,NULL,'','','2006-06-12','Female',NULL,NULL,'',0,'',NULL,NULL,NULL,NULL,NULL,NULL,'','','','','Xakiimo Cabdulle Xaayow','614146383','','Xakiimo Cabdulle Xaayow','Hooyo',NULL,'',NULL,NULL,'','','','yes',NULL,'','','0000-00-00',0,NULL,'',NULL,NULL,NULL,'2024-05-07 14:18:56',NULL),(230,616,'std0169','166','2023-08-01','C/qaadir Axmed Cusmaan Axmed','','',NULL,NULL,'61','',NULL,NULL,NULL,'','','2007-08-01','Male',NULL,NULL,'',0,'',NULL,NULL,NULL,NULL,NULL,NULL,'','','','','Ayaan Xasan Barkhadle','615965432','','Ayaan Xasan Barkhadle','Hooyo',NULL,'',NULL,NULL,'','','','yes',NULL,'','','0000-00-00',0,NULL,'',NULL,NULL,NULL,'2024-05-07 14:18:56',NULL),(231,618,'std0170','167','2023-08-01','Muuse Maxamed Xaaji Maxamed','','',NULL,NULL,'61','',NULL,NULL,NULL,'','','2007-08-01','Male',NULL,NULL,'',0,'',NULL,NULL,NULL,NULL,NULL,NULL,'','','','','Faadumo Maxamed Cusmaan','615363440','','Maxamed Xaaji Maxamed','Aabo',NULL,'',NULL,NULL,'','','','yes',NULL,'','','0000-00-00',0,NULL,'','fDRo2uOFj4Q:APA91bEo-U1-MS-84XWYoaJCC68rRDF1WapKNv89_3s20gAX0IZcfVcvA9fmYC2w4yUidpsFKrI217y_PEeiEa_qXJ7Wsc1dFVzK1fMP14oSlNOBPhSfMIKgmmQwWcsqdcsEw_M34mMV',NULL,NULL,'2024-05-08 13:23:33',NULL),(232,620,'std0171','168','2023-08-01','C/qani Maxamed Maxamud Maxamed','','',NULL,NULL,'613648529','',NULL,NULL,NULL,'','','2006-08-01','Male',NULL,NULL,'',0,'',NULL,NULL,NULL,NULL,NULL,NULL,'','','','','Maryan Muxudiin Maxamed','615547851','','Farxiyo Maxamud Maxamed','Eedo',NULL,'',NULL,NULL,'','','','yes',NULL,'','','0000-00-00',0,NULL,'',NULL,NULL,NULL,'2024-05-07 14:18:57',NULL),(233,622,'std0172','169','2023-09-26','Farxiyo Maxamed Cali Muudhey','','',NULL,NULL,'614752565','',NULL,NULL,NULL,'','','2007-09-26','Female',NULL,NULL,'',0,'',NULL,NULL,NULL,NULL,NULL,NULL,'','','','','Nuurto Cali Maxamed','617073008','','Amaal Cali Muudhey','Eedo',NULL,'',NULL,NULL,'','','','yes',NULL,'','','0000-00-00',0,NULL,'',NULL,NULL,NULL,'2024-05-07 14:18:57',NULL),(234,624,'std0173','170','2023-10-24','Cali Geedi Maxamuud Xasan','','',NULL,NULL,'684505785','',NULL,NULL,NULL,'','','2006-10-24','Male',NULL,NULL,'',0,'',NULL,NULL,NULL,NULL,NULL,NULL,'','','','','Caasho Axmed Maxamed','618220897','','Caasho Axmed Maxamed','Hooyo',NULL,'',NULL,NULL,'','','','yes',NULL,'','','0000-00-00',0,NULL,'',NULL,NULL,NULL,'2024-05-07 14:18:57',NULL),(235,626,'std0174','171','2023-11-19','Maaido Maxamed Ibraahim Faarax','','',NULL,NULL,'617656155','',NULL,NULL,NULL,'','','2008-11-19','Female',NULL,NULL,'',0,'',NULL,NULL,NULL,NULL,NULL,NULL,'','','','','Faadumo Maxamed Subeer','615629969','','Warda maxamed Ibraahim','Abaayo',NULL,'',NULL,NULL,'','','','yes',NULL,'','','0000-00-00',0,NULL,'',NULL,NULL,NULL,'2024-05-07 14:18:57',NULL),(236,628,'std0175','172','2023-12-30','Abuukar Yaasiin Maxamed Muuse','','',NULL,NULL,'770647316','',NULL,NULL,NULL,'','','2009-12-30','Male',NULL,NULL,'',0,'',NULL,NULL,NULL,NULL,NULL,NULL,'','','','','Muumino Cadaan Axmed','613398604','','Xaliimo Xuseen Axmed cadow','Hooyo',NULL,'',NULL,NULL,'','','','yes',NULL,'','','0000-00-00',0,NULL,'',NULL,NULL,NULL,'2024-05-07 14:18:57',NULL),(237,630,'std0176','173','2020-06-11','C/raxmaan Abuukar Maxmed Cali','','',NULL,NULL,'613740927','',NULL,NULL,NULL,'','','2007-06-11','Male',NULL,NULL,'',0,'',NULL,NULL,NULL,NULL,NULL,NULL,'','','','','Jimcaay Shaamow Cusmaan','61','','Farxiyo Cusmaan Muude','Habaryar',NULL,'',NULL,NULL,'','','','yes',NULL,'','','0000-00-00',0,NULL,'',NULL,NULL,NULL,'2024-05-07 14:18:57',NULL),(238,632,'std0177','174','2020-06-11','Cali Muxumed Xasan Muxumed','','',NULL,NULL,'770646303','',NULL,NULL,NULL,'','','2009-06-11','Male',NULL,NULL,'',0,'',NULL,NULL,NULL,NULL,NULL,NULL,'','','','','Xaliimo Cabdulle Cali','61','','Xaliimo Cabdulle Cali','Hooyo',NULL,'',NULL,NULL,'','','','yes',NULL,'','','0000-00-00',0,NULL,'',NULL,NULL,NULL,'2024-05-07 14:18:57',NULL),(239,634,'std0178','175',NULL,'Maxamed Maxamud Muuse Maxamed','','',NULL,NULL,'614465468','',NULL,NULL,NULL,'','','2023-06-11','Male',NULL,NULL,'',0,'',NULL,NULL,NULL,NULL,NULL,NULL,'','','','','Luuley Maxamud Maxamed','61','','Madiino Cusmaan Muuse','Eedo',NULL,'',NULL,NULL,'','','','yes',NULL,'','','0000-00-00',0,NULL,'',NULL,NULL,NULL,'2024-05-07 14:18:57',NULL),(240,636,'std0179','176','2020-06-12','Yuusuf Maxamud Maxamed Muxudiin','','',NULL,NULL,'61','',NULL,NULL,NULL,'','','2010-06-12','Male',NULL,NULL,'',0,'',NULL,NULL,NULL,NULL,NULL,NULL,'','','','','Maano Maxamud Maxamed','61','','C/qaadir Maxamed Xaamud','Aboowe',NULL,'',NULL,NULL,'','','','yes',NULL,'','','0000-00-00',0,NULL,'',NULL,NULL,NULL,'2024-05-07 14:18:57',NULL),(241,638,'std0180','177','2020-06-12','Shariif C/llaahi Maxamed Axmed','','',NULL,NULL,'613649290','',NULL,NULL,NULL,'','','2009-06-12','Male',NULL,NULL,'',0,'',NULL,NULL,NULL,NULL,NULL,NULL,'','','','','ahra Maxamed Xuseen','61','','Sahra Maxamed Xuseen','Hooyo',NULL,'',NULL,NULL,'','','','yes',NULL,'','','0000-00-00',0,NULL,'',NULL,NULL,NULL,'2024-05-07 14:18:57',NULL),(242,640,'std0181','178','2020-06-12','Deeqo C/llaahi Maxamud Jimcaale','','',NULL,NULL,'61','',NULL,NULL,NULL,'','','2008-06-12','Female',NULL,NULL,'',0,'',NULL,NULL,NULL,NULL,NULL,NULL,'','','','','Sahro Axmed Maxamud','61','','Sahro Axmed Maxamud','Hooyo',NULL,'',NULL,NULL,'','','','yes',NULL,'','','0000-00-00',0,NULL,'',NULL,NULL,NULL,'2024-05-07 14:18:57',NULL),(243,642,'std0182','179','2019-06-12','Ruweydo Cumar Axmed Maxamed','','',NULL,NULL,'615726179','',NULL,NULL,NULL,'','','2009-06-12','Female',NULL,NULL,'',0,'',NULL,NULL,NULL,NULL,NULL,NULL,'','','','','Raaxo Cumar Axmed','615726179','','Raaxo Cumar Axmed','Hooyo',NULL,'',NULL,NULL,'','','','yes',NULL,'','','0000-00-00',0,NULL,'',NULL,NULL,NULL,'2024-05-07 14:18:57',NULL),(244,644,'std0183','180','2019-06-12','Saabariin Maxamud Maxamed Muxudiin','','',NULL,NULL,'610796289','',NULL,NULL,NULL,'','','2009-06-12','Female',NULL,NULL,'',0,'',NULL,NULL,NULL,NULL,NULL,NULL,'','','','','Maano Maxamud Maxamed','610796289','','C/qaadir Maxamed Xaamud','Aboowe',NULL,'',NULL,NULL,'','','','yes',NULL,'','','0000-00-00',0,NULL,'',NULL,NULL,NULL,'2024-05-07 14:18:57',NULL),(245,646,'std0184','181','2023-08-01','Ibraahim Muxudiin Maxamed Cadaawe','','',NULL,NULL,'615085857','',NULL,NULL,NULL,'','','2007-08-01','Male',NULL,NULL,'',0,'',NULL,NULL,NULL,NULL,NULL,NULL,'','','','','Foosiyo C/raxmaan Maxamed','61','','Muxudiin Maxamed Cadaawe','Aabo',NULL,'',NULL,NULL,'','','','yes',NULL,'','','0000-00-00',0,NULL,'',NULL,NULL,NULL,'2024-05-07 14:18:57',NULL),(246,648,'std0185','182','2021-06-11','Maxamed Liibaan Cismaan Maadey','','',NULL,NULL,'615901344','',NULL,NULL,NULL,'','','2007-06-11','Male',NULL,NULL,'',0,'',NULL,NULL,NULL,NULL,NULL,NULL,'','','','','Leylo Muuse Cabdi','615901344','','Leylo Muuse Cabdi','Hooyo',NULL,'',NULL,NULL,'','','','yes',NULL,'','','0000-00-00',0,NULL,'',NULL,NULL,NULL,'2024-05-07 14:19:12',NULL),(247,650,'std0186','183','2020-06-11','C/casiis Maxamed C/llaahi Maxamed','','',NULL,NULL,'614916125','',NULL,NULL,NULL,'','','2008-06-11','Male',NULL,NULL,'',0,'',NULL,NULL,NULL,NULL,NULL,NULL,'','','','','Shukri Nuur Maxamed','61','','Maxamed C/llaahi Maxamed','Aabo',NULL,'',NULL,NULL,'','','','yes',NULL,'','','0000-00-00',0,NULL,'',NULL,NULL,NULL,'2024-05-07 14:19:12',NULL),(248,652,'std0187','184','2020-06-11','Cumar Cabdulle Cali Cadow','','',NULL,NULL,'61','',NULL,NULL,NULL,'','','2009-06-11','Male',NULL,NULL,'',0,'',NULL,NULL,NULL,NULL,NULL,NULL,'','','','','Sahro Maxamud Maxamed','61','','Yaasiin Cabdulle Cali','Adeer',NULL,'',NULL,NULL,'','','','yes',NULL,'','','0000-00-00',0,NULL,'',NULL,NULL,NULL,'2024-05-07 14:19:12',NULL),(249,654,'std0188','185','2020-06-11','Ibraahim Axmed Maxamed Hiraabe','','',NULL,NULL,'618774273','',NULL,NULL,NULL,'','','2006-06-11','Male',NULL,NULL,'',0,'',NULL,NULL,NULL,NULL,NULL,NULL,'','','','','Sacdiyo Maxamud Cadaan','61','','Sacdiyo Maxamud Cadaan','Hooyo',NULL,'',NULL,NULL,'','','','yes',NULL,'','','0000-00-00',0,NULL,'',NULL,NULL,NULL,'2024-05-07 14:19:12',NULL),(250,656,'std0189','186','2020-06-11','Idiris Cabdulle Cali Cadow','','',NULL,NULL,'618077258','',NULL,NULL,NULL,'','','2008-06-11','Male',NULL,NULL,'',0,'',NULL,NULL,NULL,NULL,NULL,NULL,'','','','','Sahro Maxamud Maxamed','61','','Yaasiin Cabdulle Cali','Adeer',NULL,'',NULL,NULL,'','','','yes',NULL,'','','0000-00-00',0,NULL,'',NULL,NULL,NULL,'2024-05-07 14:19:12',NULL),(251,658,'std0190','187','2020-06-11','Maxamed Xasan Cumar Ibraahim','','',NULL,NULL,'61','',NULL,NULL,NULL,'','','2008-06-11','Male',NULL,NULL,'',0,'',NULL,NULL,NULL,NULL,NULL,NULL,'','','','','Ifraax Maxamed Yabarow','61','','Ifraax Maxamed Yabarow','Hooyo',NULL,'',NULL,NULL,'','','','yes',NULL,'','','0000-00-00',0,NULL,'',NULL,NULL,NULL,'2024-05-07 14:19:12',NULL),(252,660,'std0191','188','2020-06-11','Shariif Cabdulle Cali Cadow','','',NULL,NULL,'611021548','',NULL,NULL,NULL,'','','2006-06-11','Male',NULL,NULL,'',0,'',NULL,NULL,NULL,NULL,NULL,NULL,'','','','','Madiino Calasow Maxamed','61','','Yaasiin Cabdulle Cali','Adeer',NULL,'',NULL,NULL,'','','','yes',NULL,'','','0000-00-00',0,NULL,'',NULL,NULL,NULL,'2024-05-07 14:19:12',NULL),(253,662,'std0192','189','2020-06-12','Daahir Cali Tooxow Cadow','','',NULL,NULL,'613788849','',NULL,NULL,NULL,'','','2004-06-12','Male',NULL,NULL,'',0,'',NULL,NULL,NULL,NULL,NULL,NULL,'','','','','Madiino Cali Xasan','61','','Madiino Cali Xasan','Hooyo',NULL,'',NULL,NULL,'','','','yes',NULL,'','','0000-00-00',0,NULL,'',NULL,NULL,NULL,'2024-05-07 14:19:12',NULL),(254,664,'std0193','190','2020-06-12','Amran Axmed Maxamud Geedi','','',NULL,NULL,'614280350','',NULL,NULL,NULL,'','','2009-06-12','Female',NULL,NULL,'',0,'',NULL,NULL,NULL,NULL,NULL,NULL,'','','','','Maryan Xasan Maxamed','61','','Maryan Xasan Maxamed','Hooyo',NULL,'',NULL,NULL,'','','','yes',NULL,'','','0000-00-00',0,NULL,'',NULL,NULL,NULL,'2024-05-07 14:19:12',NULL),(255,666,'std0194','191','2020-06-12','Fartuun Cabdulle Muuse Maxamed','','',NULL,NULL,'614243752','',NULL,NULL,NULL,'','','2007-06-12','Female',NULL,NULL,'',0,'',NULL,NULL,NULL,NULL,NULL,NULL,'','','','','Madiino Cusmaan Muuse','618924189','','Madiino Cusmaan Muuse','Hooyo',NULL,'',NULL,NULL,'','','','yes',NULL,'','','0000-00-00',0,NULL,'',NULL,NULL,NULL,'2024-05-07 14:19:12',NULL),(256,668,'std0195','192','2017-06-12','Ramlo Cabdi Axmed Cadaawe','','',NULL,NULL,'618004931','',NULL,NULL,NULL,'','','2009-06-12','Female',NULL,NULL,'',0,'',NULL,NULL,NULL,NULL,NULL,NULL,'','','','','Sacdiyo Ibraahim Maxamud','618721993','','Sacdiyo Ibraahim Maxamud','Hooyo',NULL,'',NULL,NULL,'','','','yes',NULL,'','','0000-00-00',0,NULL,'',NULL,NULL,NULL,'2024-05-07 14:19:12',NULL),(257,670,'std0196','193','2021-06-12','Rasmi Mahad Xuseen Maxamed','','',NULL,NULL,'615128263','',NULL,NULL,NULL,'','','2008-06-12','Female',NULL,NULL,'',0,'',NULL,NULL,NULL,NULL,NULL,NULL,'','','','','Sahro Axmed Xasan','615280239','','Fatxi Mahad Xuseen','Abaayo',NULL,'',NULL,NULL,'','','','yes',NULL,'','','0000-00-00',0,NULL,'',NULL,NULL,NULL,'2024-05-07 14:19:12',NULL),(258,672,'std0197','194','2020-06-12','Salmo Cabdi Maxamed Kulmiye','','',NULL,NULL,'619889005','',NULL,NULL,NULL,'','','2008-06-12','Female',NULL,NULL,'',0,'',NULL,NULL,NULL,NULL,NULL,NULL,'','','','','Samiiro Cumar Cali','619889005','','Faadumo Ibraahim Gurey','Eedo',NULL,'',NULL,NULL,'','','','yes',NULL,'','','0000-00-00',0,NULL,'',NULL,NULL,NULL,'2024-05-07 14:19:12',NULL),(259,674,'std0198','195','2020-06-12','Shamso Xuseen Cabdulle Xasan','','',NULL,NULL,'611543764','',NULL,NULL,NULL,'','','2009-06-12','Female',NULL,NULL,'',0,'',NULL,NULL,NULL,NULL,NULL,NULL,'','','','','Nasro Cali Cosoble','611543764','','Nasro Cali Cosoble','Hooyo',NULL,'',NULL,NULL,'','','','yes',NULL,'','','0000-00-00',0,NULL,'',NULL,NULL,NULL,'2024-05-07 14:19:12',NULL),(260,676,'std0199','196','2021-06-12','Sucdi Daahir Maxamud Axmed','','',NULL,NULL,'617891578','',NULL,NULL,NULL,'','','2008-06-12','Female',NULL,NULL,'',0,'',NULL,NULL,NULL,NULL,NULL,NULL,'','','','','Deeqo Axmed Xasan','617891578','','Daahir Maxamud Axmed','Aabo',NULL,'',NULL,NULL,'','','','yes',NULL,'','','0000-00-00',0,NULL,'',NULL,NULL,NULL,'2024-05-07 14:19:12',NULL),(261,678,'std0200','197','2018-06-12','Zamzam Mustaf Maxamed Zubeyr','','',NULL,NULL,'615599139','',NULL,NULL,NULL,'','','2007-06-12','Female',NULL,NULL,'',0,'',NULL,NULL,NULL,NULL,NULL,NULL,'','','','','Seynab Maxamed Cabdulle','615550119','','Mustaf Maxamed Zubeyr','Aabo',NULL,'',NULL,NULL,'','','','yes',NULL,'','','0000-00-00',0,NULL,'',NULL,NULL,NULL,'2024-05-07 14:19:12',NULL),(262,680,'std0201','198','2023-08-01','Zakariye Wehliye Xasan Maxamed','','',NULL,NULL,'619738599','',NULL,NULL,NULL,'','','2009-08-01','Male',NULL,NULL,'',0,'',NULL,NULL,NULL,NULL,NULL,NULL,'','','','','Raxmo Maxamed Jurus','615495822','','Raxmo Maxamed Jurus','Hooyo',NULL,'',NULL,NULL,'','','','yes',NULL,'','','0000-00-00',0,NULL,'',NULL,NULL,NULL,'2024-05-07 14:19:12',NULL),(263,682,'std0202','199','2023-08-01','Yaxye Wehliye Xasan Maxamed','','',NULL,NULL,'616772920','',NULL,NULL,NULL,'','','2007-08-01','Male',NULL,NULL,'',0,'',NULL,NULL,NULL,NULL,NULL,NULL,'','','','','Raxmo Maxamed Jurus','616772920','','Raxmo Maxamed Jurus','Hooyo',NULL,'',NULL,NULL,'','','','yes',NULL,'','','0000-00-00',0,NULL,'',NULL,NULL,NULL,'2024-05-07 14:19:12',NULL),(264,684,'std0203','200','2023-08-01','Liibaan Cali Maxamed Macow','','',NULL,NULL,'61','',NULL,NULL,NULL,'','','2007-08-01','Male',NULL,NULL,'',0,'',NULL,NULL,NULL,NULL,NULL,NULL,'','','','','Faay Nuur Xamuud','615671645','','Faay Nuur Xamuud','Hooyo',NULL,'',NULL,NULL,'','','','yes',NULL,'','','0000-00-00',0,NULL,'',NULL,NULL,NULL,'2024-05-07 14:19:12',NULL),(265,686,'std0204','201','2023-08-01','Axmed Maxamed Yabarow Suubiye','','',NULL,NULL,'619050431','',NULL,NULL,NULL,'','','2007-08-01','Male',NULL,NULL,'',0,'',NULL,NULL,NULL,NULL,NULL,NULL,'','','','','Luuley Faarax Cariif','615640728','','Abooto','Habaryar',NULL,'',NULL,NULL,'','','','yes',NULL,'','','0000-00-00',0,NULL,'',NULL,NULL,NULL,'2024-05-07 14:19:12',NULL),(266,688,'std0205','202','2023-08-22','cumar cabdulle cali xasan','','',NULL,NULL,'610814107','',NULL,NULL,NULL,'','','2007-08-22','Male',NULL,NULL,'',0,'',NULL,NULL,NULL,NULL,NULL,NULL,'','','','','xaawo suudi xasan','611662942','','cabdulle cali xasan','Hooyo',NULL,'',NULL,NULL,'','','','yes',NULL,'','','0000-00-00',0,NULL,'',NULL,NULL,NULL,'2024-05-07 14:19:12',NULL),(267,690,'std0206','203','2023-09-10','Ridwaan Maxamed Maxamuud gUULE','','',NULL,NULL,'61','',NULL,NULL,NULL,'','','2009-09-10','Female',NULL,NULL,'',0,'',NULL,NULL,NULL,NULL,NULL,NULL,'','','','','Faadumo Nuur Cali','615715219','','Maxamed Maxamuud Guule','Hooyo',NULL,'',NULL,NULL,'','','','yes',NULL,'','','0000-00-00',0,NULL,'',NULL,NULL,NULL,'2024-05-07 14:19:12',NULL),(268,692,'std0207','204','2023-10-22','Sihaam Nuur Cali Maxamed','','',NULL,NULL,'61','',NULL,NULL,NULL,'','','2009-10-22','Female',NULL,NULL,'',0,'',NULL,NULL,NULL,NULL,NULL,NULL,'','','','','Suldaano Maxamed Cali','617530483','','Cali Nuur Cali','Aboowe',NULL,'',NULL,NULL,'','','','yes',NULL,'','','0000-00-00',0,NULL,'',NULL,NULL,NULL,'2024-05-07 14:19:12',NULL),(269,694,'std0208','205','2024-03-06','c/raxmaan nuur maxamed xasan','','',NULL,NULL,'612174566','',NULL,NULL,NULL,'','','2024-03-06','Male',NULL,NULL,'',0,'',NULL,NULL,NULL,NULL,NULL,NULL,'','','','','xabiibo maxamed cadow','615518876','','daahir nuur maxamed','Aboowe',NULL,'',NULL,NULL,'','','','yes',NULL,'','','0000-00-00',0,NULL,'',NULL,NULL,NULL,'2024-05-07 14:19:12',NULL),(270,696,'std0209','206','2024-03-06','c/qaadir nuur maxamed xasan','','',NULL,NULL,'618326761','',NULL,NULL,NULL,'','','2024-03-06','Male',NULL,NULL,'',0,'',NULL,NULL,NULL,NULL,NULL,NULL,'','','','','xabiibo maxamed cadow','615518876','','c/qaadir nuur maxamed xasan','Hooyo',NULL,'',NULL,NULL,'','','','yes',NULL,'','','0000-00-00',0,NULL,'',NULL,NULL,NULL,'2024-05-07 14:19:12',NULL),(271,698,'std0210','207','2020-06-12','Ilhaan C/llaahi Daahir Maxamed','','',NULL,NULL,'615898209','',NULL,NULL,NULL,'','','2010-06-12','Female',NULL,NULL,'',0,'',NULL,NULL,NULL,NULL,NULL,NULL,'','','','','Fartuun Nuur Cali','615898209','','Fartuun Nuur Cali','Hooyo',NULL,'',NULL,NULL,'','','','yes',NULL,'','','0000-00-00',0,NULL,'',NULL,NULL,NULL,'2024-05-07 14:19:12',NULL),(272,700,'std0211','208','2020-06-12','Sucdi Shire Cabdi Cosoble','','',NULL,NULL,'615364841','',NULL,NULL,NULL,'','','2008-06-12','Female',NULL,NULL,'',0,'',NULL,NULL,NULL,NULL,NULL,NULL,'','','','','Leylo Xasan Calasow','615364841','','Leylo Xasan Calasow','Hooyo',NULL,'',NULL,NULL,'','','','yes',NULL,'','','0000-00-00',0,NULL,'',NULL,NULL,NULL,'2024-05-07 14:19:12',NULL),(273,702,'std0212','209','2021-06-12','Maryan Cali Maxamed Xuseen','','',NULL,NULL,'615525284','',NULL,NULL,NULL,'','','2009-06-12','Female',NULL,NULL,'',0,'',NULL,NULL,NULL,NULL,NULL,NULL,'','','','','Nuuro Cali Maxamed','615525284','','Kaltuumo Xasan Maxamed','Eedo',NULL,'',NULL,NULL,'','','','yes',NULL,'','','0000-00-00',0,NULL,'',NULL,NULL,NULL,'2024-05-07 14:19:28',NULL),(274,704,'std0213','210','2019-06-12','C/llaahi Mustaf Maxamed Xuseen','','',NULL,NULL,'617263735','',NULL,NULL,NULL,'','','2006-06-12','Male',NULL,NULL,'',0,'',NULL,NULL,NULL,NULL,NULL,NULL,'','','','','Khadiijo Jeylaani Tawakal','616453644','','Mustaf Maxamed Xuseen','Aabo',NULL,'',NULL,NULL,'','','','yes',NULL,'','','0000-00-00',0,NULL,'',NULL,NULL,NULL,'2024-05-07 14:19:28',NULL),(275,706,'std0214','211','2020-06-12','C/raxmaan Khaliif Maxamed Ibraahim','','',NULL,NULL,'617749101','',NULL,NULL,NULL,'','','2007-06-12','Male',NULL,NULL,'',0,'',NULL,NULL,NULL,NULL,NULL,NULL,'','','','','Aasiyo Maxamud Cabdi','61','','Khaliif Maxamed Ibraahim','Aabo',NULL,'',NULL,NULL,'','','','yes',NULL,'','','0000-00-00',0,NULL,'',NULL,NULL,NULL,'2024-05-07 14:19:28',NULL),(276,708,'std0215','212','2021-06-12','C/raxmaan Xaaji Cumar Xasan','','',NULL,NULL,'617723359','',NULL,NULL,NULL,'','','2007-06-12','Male',NULL,NULL,'',0,'',NULL,NULL,NULL,NULL,NULL,NULL,'','','','','Nasro Cali Maxamed','61','','Xaaji Cumar Xasan','Aabo',NULL,'',NULL,NULL,'','','','yes',NULL,'','','0000-00-00',0,NULL,'',NULL,NULL,NULL,'2024-05-07 14:19:28',NULL),(277,710,'std0216','213','2020-06-12','Carafaat Cumar Gurey Cadaawe','','',NULL,NULL,'61','',NULL,NULL,NULL,'','','2009-06-12','Male',NULL,NULL,'',0,'',NULL,NULL,NULL,NULL,NULL,NULL,'','','','','Farxiyo Xasan Carab','61','','Mustaf Cumar Gurey','Aboowe',NULL,'',NULL,NULL,'','','','yes',NULL,'','','0000-00-00',0,NULL,'',NULL,NULL,NULL,'2024-05-07 14:19:28',NULL),(278,712,'std0217','214','2021-06-12','Haaruun C/qaadir Cali Maxamud','','',NULL,NULL,'610420598','',NULL,NULL,NULL,'','','2009-06-12','Male',NULL,NULL,'',0,'',NULL,NULL,NULL,NULL,NULL,NULL,'','','','','Gobey Maxamuud Colow','61','','Gobey Maxamuud Colow','hooyo',NULL,'',NULL,NULL,'','','','yes',NULL,'','','0000-00-00',0,NULL,'',NULL,NULL,NULL,'2024-05-07 14:19:29',NULL),(279,714,'std0218','215','2021-06-12','Suleymaan Xaaji Cumar Xasan','','',NULL,NULL,'613815770','',NULL,NULL,NULL,'','','2010-06-12','Male',NULL,NULL,'',0,'',NULL,NULL,NULL,NULL,NULL,NULL,'','','','','Nasro Cali Maxamed','61','','Xaaji Cumar Xasan','Aabo',NULL,'',NULL,NULL,'','','','yes',NULL,'','','0000-00-00',0,NULL,'',NULL,NULL,NULL,'2024-05-07 14:19:29',NULL),(280,716,'std0219','216','2019-06-13','Xasan Ibraahim Cali Maxamed','','',NULL,NULL,'615103315','',NULL,NULL,NULL,'','','2009-06-13','Male',NULL,NULL,'',0,'',NULL,NULL,NULL,NULL,NULL,NULL,'','','','','Xaliimo Cali Saney','615103315','','Ibraahim Cali Maxamed','Aabo',NULL,'',NULL,NULL,'','','','yes',NULL,'','','0000-00-00',0,NULL,'',NULL,NULL,NULL,'2024-05-07 14:19:29',NULL),(281,718,'std0220','217','2020-06-13','C/risaaq Nuur Xasan Axmed','','',NULL,NULL,'611865675','',NULL,NULL,NULL,'','','2006-06-13','Male',NULL,NULL,'',0,'',NULL,NULL,NULL,NULL,NULL,NULL,'','','','','Shukri Nuur Maxamud','611865675','','Shukri Nuur Maxamud','Hooyo',NULL,'',NULL,NULL,'','','','yes',NULL,'','','0000-00-00',0,NULL,'',NULL,NULL,NULL,'2024-05-07 14:19:29',NULL),(282,720,'std0221','218','2020-06-13','Ayaan Maxamed Cumar Jilacoow','','',NULL,NULL,'619226338','',NULL,NULL,NULL,'','','2005-06-13','Female',NULL,NULL,'',0,'',NULL,NULL,NULL,NULL,NULL,NULL,'','','','','Sahro Muuse Cali','5752990','','Sahro Muuse Cali','Habaryar',NULL,'',NULL,NULL,'','','','yes',NULL,'','','0000-00-00',0,NULL,'',NULL,NULL,NULL,'2024-05-07 14:19:29',NULL),(283,722,'std0222','219','2020-02-01','Caaliyo Cali Aways Maxamed','','',NULL,NULL,'624596337','',NULL,NULL,NULL,'','','2011-06-13','Female',NULL,NULL,'',0,'',NULL,NULL,NULL,NULL,NULL,NULL,'','','','','Muniiro Cali Cismaan','615596337','','Cali Aways Maxamed','Aabo',NULL,'',NULL,NULL,'','','','yes',NULL,'','','0000-00-00',0,NULL,'',NULL,NULL,NULL,'2024-05-07 14:19:29',NULL),(284,724,'std0223','220','2018-06-13','Maaido Muxumed Xasan Axmed','','',NULL,NULL,'615624293','',NULL,NULL,NULL,'','','2010-06-13','Female',NULL,NULL,'',0,'',NULL,NULL,NULL,NULL,NULL,NULL,'','','','','Maryan Maxamed Cali','615624293','','Maryan Maxamed Cali','Hooyo',NULL,'',NULL,NULL,'','','','yes',NULL,'','','0000-00-00',0,NULL,'',NULL,NULL,NULL,'2024-05-07 14:19:29',NULL),(285,726,'std0224','221','2020-06-13','Ruweydo C/waaxid Xasan Axmeda','','',NULL,NULL,'626817020','',NULL,NULL,NULL,'','','2011-06-13','Female',NULL,NULL,'',0,'',NULL,NULL,NULL,NULL,NULL,NULL,'','','','','Hodon Cali Axmed','615500874','','Hodon Cali Axmed','Hooyo',NULL,'',NULL,NULL,'','','','yes',NULL,'','','0000-00-00',0,NULL,'',NULL,NULL,NULL,'2024-05-07 14:19:29',NULL),(286,728,'std0225','222','2020-06-13','Ruweydo Cismaan Nuur Muxudiin','','',NULL,NULL,'615527888','',NULL,NULL,NULL,'','','2010-06-13','Female',NULL,NULL,'',0,'',NULL,NULL,NULL,NULL,NULL,NULL,'','','','','Deeqo Carfaaye Bashiir','615527888','','Faarax Bashiir Cali','Adeer',NULL,'',NULL,NULL,'','','','yes',NULL,'','','0000-00-00',0,NULL,'',NULL,NULL,NULL,'2024-05-07 14:19:29',NULL),(287,730,'std0226','223','2021-06-13','Wiilo Shuute Joodax Cali','','',NULL,NULL,'618611702','',NULL,NULL,NULL,'','','2008-06-13','Female',NULL,NULL,'',0,'',NULL,NULL,NULL,NULL,NULL,NULL,'','','','','Shariifo Cabdulle Cali','618611702','','Shariifo Cabdulle Cali','Hooyo',NULL,'',NULL,NULL,'','','','yes',NULL,'','','0000-00-00',0,NULL,'',NULL,NULL,NULL,'2024-05-07 14:19:29',NULL),(288,732,'std0227','224','2021-06-13','Yaasmiin Macalin Cumar Xasan','','',NULL,NULL,'617490606','',NULL,NULL,NULL,'','','2007-06-13','Female',NULL,NULL,'',0,'',NULL,NULL,NULL,NULL,NULL,NULL,'','','','','Canab Maxamed Cumar','615549830','','Canab Maxamed Cumar','Hooyo',NULL,'',NULL,NULL,'','','','yes',NULL,'','','0000-00-00',0,NULL,'',NULL,NULL,NULL,'2024-05-07 14:19:29',NULL),(289,734,'std0228','225','2023-08-01','Suleymaan Cabaas Axmed Maxamuud','','',NULL,NULL,'614897233','',NULL,NULL,NULL,'','','2008-08-01','Male',NULL,NULL,'',0,'',NULL,NULL,NULL,NULL,NULL,NULL,'','','','','Nimco Cabdi Cadaawe','615468008','','Nimco Cabdi Cadaawe','Hooyo',NULL,'',NULL,NULL,'','','','yes',NULL,'','','0000-00-00',0,NULL,'',NULL,NULL,NULL,'2024-05-07 14:19:29',NULL),(290,736,'std0229','226','2023-08-01','Mascuud Cabdi Maxamud Afrax','','',NULL,NULL,'613981736','',NULL,NULL,NULL,'','','2010-08-01','Male',NULL,NULL,'',0,'',NULL,NULL,NULL,NULL,NULL,NULL,'','','','','Luuley Xasan Maxamud','615860553','','Cabdi Maxamud Afrax','Aabo',NULL,'',NULL,NULL,'','','','yes',NULL,'','','0000-00-00',0,NULL,'',NULL,NULL,NULL,'2024-05-07 14:19:29',NULL),(291,738,'std0230','227','2023-08-01','Ramlo Axmed cabdule Xasan','','',NULL,NULL,'61','',NULL,NULL,NULL,'','','2007-08-01','Female',NULL,NULL,'',0,'',NULL,NULL,NULL,NULL,NULL,NULL,'','','','','Xaawo Cali Maxamud','618183771','','Xaawo Cali Maxamud','Hooyo',NULL,'',NULL,NULL,'','','','yes',NULL,'','','0000-00-00',0,NULL,'',NULL,NULL,NULL,'2024-05-07 14:19:29',NULL),(292,740,'std0231','228','2023-08-01','C/llaahi Cabdi Maxamud Afrax','','',NULL,NULL,'61','',NULL,NULL,NULL,'','','2010-08-01','Male',NULL,NULL,'',0,'',NULL,NULL,NULL,NULL,NULL,NULL,'','','','','Safiyo Maxamedd Xuseen','616772755','','Cabdi Maxamud Afrax','Aabo',NULL,'',NULL,NULL,'','','','yes',NULL,'','','0000-00-00',0,NULL,'',NULL,NULL,NULL,'2024-05-07 14:19:29',NULL),(293,742,'std0232','229','2023-08-01','C/rashiid Maxamud Maxamed Cali','','',NULL,NULL,'61','',NULL,NULL,NULL,'','','2009-08-01','Male',NULL,NULL,'',0,'',NULL,NULL,NULL,NULL,NULL,NULL,'','','','','Leylo Maxamed Cumar','615332103','','Maxamud Maxamed Cali','Aabo',NULL,'',NULL,NULL,'','','','yes',NULL,'','','0000-00-00',0,NULL,'',NULL,NULL,NULL,'2024-05-07 14:19:29',NULL),(294,744,'std0233','230','2023-08-01','Ismaaciil Maxamed Xasan Axmed','','',NULL,NULL,'61','',NULL,NULL,NULL,'','','2010-08-01','Male',NULL,NULL,'',0,'',NULL,NULL,NULL,NULL,NULL,NULL,'','','','','Shamso Maxamed Muuse','615226287','','Shamso Maxamed Muuse','Hooyo',NULL,'',NULL,NULL,'','','','yes',NULL,'','','0000-00-00',0,NULL,'',NULL,NULL,NULL,'2024-05-07 14:19:29',NULL),(295,746,'std0234','231','2023-08-01','Faadumo C/raxmaan Muuse Jilacow','','',NULL,NULL,'61','',NULL,NULL,NULL,'','','2008-08-01','Female',NULL,NULL,'',0,'',NULL,NULL,NULL,NULL,NULL,NULL,'','','','','Muna Sh Ismaaciil Xuseen','618367538','','Muna Sh Ismaaciil Xuseen','Hooyo',NULL,'',NULL,NULL,'','','','yes',NULL,'','','0000-00-00',0,NULL,'',NULL,NULL,NULL,'2024-05-07 14:19:29',NULL),(296,748,'std0235','232','2023-08-01','Sahro Barre Cali Calasow','','',NULL,NULL,'no','',NULL,NULL,NULL,'','','2010-08-01','Female',NULL,NULL,'',0,'',NULL,NULL,NULL,NULL,NULL,NULL,'','','','','Safiyo Cali Kadaf','615872735','','Safiyo Cali gadaf','Habaryar',NULL,'',NULL,NULL,'','','','yes',NULL,'','','0000-00-00',0,NULL,'',NULL,NULL,NULL,'2024-05-07 14:19:29',NULL),(297,750,'std0236','233','2023-08-28','Caasho Cali Cusmaan Abuukar','','',NULL,NULL,'61','',NULL,NULL,NULL,'','','2012-08-28','Female',NULL,NULL,'',0,'',NULL,NULL,NULL,NULL,NULL,NULL,'','','','','Sahro Cabdule Cismaann','616479490','','Sahro Cabdule Cismaan','Hooyo',NULL,'',NULL,NULL,'','','','yes',NULL,'','','0000-00-00',0,NULL,'',NULL,NULL,NULL,'2024-05-07 14:19:29',NULL),(298,752,'std0237','234','2023-08-31','Cayndaruus Xasan Maxamed Cali','','',NULL,NULL,'61','',NULL,NULL,NULL,'','','2011-08-31','Male',NULL,NULL,'',0,'',NULL,NULL,NULL,NULL,NULL,NULL,'','','','','Deeqo Cali Cumar','615704324','','Madiino Axmed Cadow','Eedo',NULL,'',NULL,NULL,'','','','yes',NULL,'','','0000-00-00',0,NULL,'',NULL,NULL,NULL,'2024-05-07 14:19:29',NULL),(299,754,'std0238','235','2023-09-24','Nasteexo Cali Xasan Wehliye','','',NULL,NULL,'61','',NULL,NULL,NULL,'','','2009-09-24','Female',NULL,NULL,'',0,'',NULL,NULL,NULL,NULL,NULL,NULL,'','','','','Shukri Axmed Saney','615386115','','Suleeqo','Habaryar',NULL,'',NULL,NULL,'','','','yes',NULL,'','','0000-00-00',0,NULL,'',NULL,NULL,NULL,'2024-05-07 14:19:29',NULL),(300,756,'std0239','236','2023-09-24','Saafi Maxamed Abuukar Maxamud','','',NULL,NULL,'61','',NULL,NULL,NULL,'','','2008-09-24','Female',NULL,NULL,'',0,'',NULL,NULL,NULL,NULL,NULL,NULL,'','','','','Suleeqo Cali Xasan','615386115','','Suleeqo','Habaryar',NULL,'',NULL,NULL,'','','','yes',NULL,'','','0000-00-00',0,NULL,'',NULL,NULL,NULL,'2024-05-07 14:19:29',NULL),(301,758,'std0240','237','2023-11-04','Faadumo Maxamud Maxamed Bashiir','','',NULL,NULL,'618234814','',NULL,NULL,NULL,'','','2007-11-04','Female',NULL,NULL,'',0,'',NULL,NULL,NULL,NULL,NULL,NULL,'','','','','Aamino Maxamed Cabdi','616265608','','Maxamud Maxamed Bashiir','Aabo',NULL,'',NULL,NULL,'','','','yes',NULL,'','','0000-00-00',0,NULL,'',NULL,NULL,NULL,'2024-05-07 14:19:29',NULL),(302,760,'std0241','238','2023-12-10','Yaxye Iidoow Ciise Gaaboow','','',NULL,NULL,'686080535','',NULL,NULL,NULL,'','','2007-12-10','Male',NULL,NULL,'',0,'',NULL,NULL,NULL,NULL,NULL,NULL,'','','','','Naleey Cumar Xasan','618078728','','Iidoow Ciise Gaaboow','Aabo',NULL,'',NULL,NULL,'','','','yes',NULL,'','','0000-00-00',0,NULL,'',NULL,NULL,NULL,'2024-05-07 14:19:29',NULL),(303,762,'std0242','239','2023-12-10','c/qadar Maxamed Xuseen Cali','','',NULL,NULL,'61','',NULL,NULL,NULL,'','','2012-12-10','Male',NULL,NULL,'',0,'',NULL,NULL,NULL,NULL,NULL,NULL,'','','','','Nimco Abuukar Ciise','61','','Nimco Abuukar Ciise','Hooyo',NULL,'',NULL,NULL,'','','','yes',NULL,'','','0000-00-00',0,NULL,'',NULL,NULL,NULL,'2024-05-07 14:19:29',NULL),(304,764,'std0243','240','2023-12-24','maxamed tahliil calas cali','','',NULL,NULL,'610366734','',NULL,NULL,NULL,'','','2006-12-24','Male',NULL,NULL,'',0,'',NULL,NULL,NULL,NULL,NULL,NULL,'','','','','Faaiso unturoow shuushow','615752386','','tahliil calas cali','Aabo',NULL,'',NULL,NULL,'','','','yes',NULL,'','','0000-00-00',0,NULL,'',NULL,NULL,NULL,'2024-05-07 14:19:29',NULL),(305,766,'std0244','241','2024-02-03','salmo cabdullahi mooge axmed','','',NULL,NULL,'614432689','',NULL,NULL,NULL,'','','2024-02-03','Female',NULL,NULL,'',0,'',NULL,NULL,NULL,NULL,NULL,NULL,'','','','','xamdi cumar yusuf','614733236','','mako jimcaale iimaan','Hooyo',NULL,'',NULL,NULL,'','','','yes',NULL,'','','0000-00-00',0,NULL,'',NULL,NULL,NULL,'2024-05-07 14:19:29',NULL),(306,768,'std0245','242','2024-03-24','Cumar Xasan Xuseen Muuse','','',NULL,NULL,'61617976830','',NULL,NULL,NULL,'','','2007-03-24','Male',NULL,NULL,'',0,'',NULL,NULL,NULL,NULL,NULL,NULL,'','','','','Raaxo Cali Calasoow','615171929','','Raaxo Cali Calasoow','Hooyo',NULL,'',NULL,NULL,'','','','yes',NULL,'','','0000-00-00',0,NULL,'',NULL,NULL,NULL,'2024-05-07 14:19:29',NULL),(307,770,'std0246','243','2024-04-21','Maxamed xasan Axmed Muxumeed','','',NULL,NULL,'61','',NULL,NULL,NULL,'','','2024-04-21','Male',NULL,NULL,'',0,'',NULL,NULL,NULL,NULL,NULL,NULL,'','','','','xaawo ismaan xawsan','618106496','','xaawo ismaan xawsan','Hooyo',NULL,'',NULL,NULL,'','','','yes',NULL,'','','0000-00-00',0,NULL,'',NULL,NULL,NULL,'2024-05-07 14:19:29',NULL),(308,772,'std0247','244','2024-04-21','safiyo xasan axmed muxumed','','',NULL,NULL,'61','',NULL,NULL,NULL,'','','2007-01-01','Female',NULL,NULL,'',0,'',NULL,NULL,NULL,NULL,NULL,NULL,'','','','','xaawo ismaan xasan','618106496','','xaawo ismaan xasan','Hooyo',NULL,'',NULL,NULL,'','','','yes',NULL,'','','0000-00-00',0,NULL,'',NULL,NULL,NULL,'2024-05-07 14:19:29',NULL),(309,774,'std0248','245','2021-06-13','Yaasir Cumar Gurey Cadaawe','','',NULL,NULL,'615245602','',NULL,NULL,NULL,'','','2008-06-13','Male',NULL,NULL,'',0,'',NULL,NULL,NULL,NULL,NULL,NULL,'','','','','Farxiyo Xuseen Hilowle','615245602','','Mustaf Cumar Gurey','Aboowe',NULL,'',NULL,NULL,'','','','yes',NULL,'','','0000-00-00',0,NULL,'',NULL,NULL,NULL,'2024-05-07 14:19:29',NULL),(310,776,'std0249','246','2020-06-13','Maxamed Maxamud Maxamed Muxudiin','','',NULL,NULL,'613983426','',NULL,NULL,NULL,'','','2008-06-13','Male',NULL,NULL,'',0,'',NULL,NULL,NULL,NULL,NULL,NULL,'','','','','Maano Maxamud Maxamed','613983426','','C/qaadir Maxamed Xaamud','Adeer',NULL,'',NULL,NULL,'','','','yes',NULL,'','','0000-00-00',0,NULL,'',NULL,NULL,NULL,'2024-05-07 14:19:29',NULL),(311,778,'std0250','247','2020-06-13','Fartuun Muxumed Xasan Axmed','','',NULL,NULL,'613854605','',NULL,NULL,NULL,'','','2009-06-13','Female',NULL,NULL,'',0,'',NULL,NULL,NULL,NULL,NULL,NULL,'','','','','Maryan Maxamed Cali','615624293','','Maryan Maxamed Cali','Hooyo',NULL,'',NULL,NULL,'','','','yes',NULL,'','','0000-00-00',0,NULL,'',NULL,NULL,NULL,'2024-05-07 14:19:29',NULL),(312,780,'std0251','248','2021-06-13','Maryan Abuukar Maxamed Cali','','',NULL,NULL,'610905396','',NULL,NULL,NULL,'','','2011-06-13','Male',NULL,NULL,'',0,'',NULL,NULL,NULL,NULL,NULL,NULL,'','','','','Farxiyo Cusmaan Muudhe','615482350','','Farxiyo Cusmaan Muudhe','Hooyo',NULL,'',NULL,NULL,'','','','yes',NULL,'','','0000-00-00',0,NULL,'',NULL,NULL,NULL,'2024-05-07 14:19:29',NULL),(313,782,'std0252','249','2020-06-13','Xabiibo Barre Axmed Cali','','',NULL,NULL,'614786348','',NULL,NULL,NULL,'','','2009-06-13','Female',NULL,NULL,'',0,'',NULL,NULL,NULL,NULL,NULL,NULL,'','','','','Khadiijo Ismaaciil Xuseen','615071667','','Khadiijo Ismaaciil Xuseen','Hooyo',NULL,'',NULL,NULL,'','','','yes',NULL,'','','0000-00-00',0,NULL,'',NULL,NULL,NULL,'2024-05-07 14:19:29',NULL),(314,784,'std0253','250','2023-09-24','Fahmo Cali Xasan Wehliye','','',NULL,NULL,'613399535','',NULL,NULL,NULL,'','','2004-09-24','Female',NULL,NULL,'',0,'',NULL,NULL,NULL,NULL,NULL,NULL,'','','','','Shukri Axmed Saney','615386115','','Suleeqo','Habaryar',NULL,'',NULL,NULL,'','','','yes',NULL,'','','0000-00-00',0,NULL,'',NULL,NULL,NULL,'2024-05-07 14:19:29',NULL),(315,786,'std0254','251','2023-12-23','Leylo Faarax Bashiir Cali','','',NULL,NULL,'61','',NULL,NULL,NULL,'','','2010-12-23','Female',NULL,NULL,'',0,'',NULL,NULL,NULL,NULL,NULL,NULL,'','','','','Macey Maxamed Xuseen','613661150','','Naciimo Faarax Bashiir','Abaayo',NULL,'',NULL,NULL,'','','','yes',NULL,'','','0000-00-00',0,NULL,'',NULL,NULL,NULL,'2024-05-07 14:19:29',NULL),(316,788,'std0255','252',NULL,'Anas Ibraahim Muuse Ibraahim','','',NULL,NULL,'617622925','',NULL,NULL,NULL,'','',NULL,'Male',NULL,NULL,'',0,'',NULL,NULL,NULL,NULL,NULL,NULL,'','','','','Cadar Maxamed Xasan','617622925','','Cadar Maxamed Xasan','Adeer',NULL,'',NULL,NULL,'','','','yes',NULL,'','','0000-00-00',0,NULL,'',NULL,NULL,NULL,'2024-05-07 14:21:44',NULL),(317,790,'std0256','253',NULL,'C/llaahi C/qaadir Maxamed Tooxow','','',NULL,NULL,'615837823','',NULL,NULL,NULL,'','',NULL,'Male',NULL,NULL,'',0,'',NULL,NULL,NULL,NULL,NULL,NULL,'','','','','Safiyo Shariif Xuseen','615181383','','C/qaadir Maxamed Tooxow','Aabo',NULL,'',NULL,NULL,'','','','yes',NULL,'','','0000-00-00',0,NULL,'',NULL,NULL,NULL,'2024-05-07 14:21:44',NULL),(318,792,'std0257','254',NULL,'Yaasir Saalax Maxamud Maxamed','','',NULL,NULL,'617622925','',NULL,NULL,NULL,'','',NULL,'Male',NULL,NULL,'',0,'',NULL,NULL,NULL,NULL,NULL,NULL,'','','','','Cadar Maxamed Xasan','617622925','','Cadar Maxamed Xasan','Hooyo',NULL,'',NULL,NULL,'','','','yes',NULL,'','','0000-00-00',0,NULL,'',NULL,NULL,NULL,'2024-05-07 14:21:44',NULL),(319,794,'std0258','255',NULL,'Zakariye Cusmaan Axmed Cabdi','','',NULL,NULL,'612555926','',NULL,NULL,NULL,'','',NULL,'Male',NULL,NULL,'',0,'',NULL,NULL,NULL,NULL,NULL,NULL,'','','','','Aamino C/qaadir Bersenji','612555926','','Aamino C/qaadir Bersenji','Hooyo',NULL,'',NULL,NULL,'','','','yes',NULL,'','','0000-00-00',0,NULL,'',NULL,NULL,NULL,'2024-05-07 14:21:44',NULL),(320,796,'std0259','256',NULL,'Aamino Yaasiin Maxamud Yuusuf','','',NULL,NULL,'615904258','',NULL,NULL,NULL,'','',NULL,'Female',NULL,NULL,'',0,'',NULL,NULL,NULL,NULL,NULL,NULL,'','','','','Luuley Ibraahim Yuusuf','615904258','','Luuley Ibraahim Yuusuf','Hooyo',NULL,'',NULL,NULL,'','','','yes',NULL,'','','0000-00-00',0,NULL,'',NULL,NULL,NULL,'2024-05-07 14:21:44',NULL),(321,798,'std0260','257',NULL,'Almo Ismaaciil Cumar Maxamed','','',NULL,NULL,'615174921','',NULL,NULL,NULL,'','',NULL,'Female',NULL,NULL,'',0,'',NULL,NULL,NULL,NULL,NULL,NULL,'','','','','Deeqo Faarax Cadow','615174921','','Deeqo Faarax Cadow','Hooyo',NULL,'',NULL,NULL,'','','','yes',NULL,'','','0000-00-00',0,NULL,'',NULL,NULL,NULL,'2024-05-07 14:21:44',NULL),(322,800,'std0261','258',NULL,'Caasho Cabdi Yuusuf Cismaan','','',NULL,NULL,'619108075','',NULL,NULL,NULL,'','',NULL,'Female',NULL,NULL,'',0,'',NULL,NULL,NULL,NULL,NULL,NULL,'','','','','Sacdiyo Makaraan Xasan','615814851','','Sacdiyo Makaraan Xasan','Hooyo',NULL,'',NULL,NULL,'','','','yes',NULL,'','','0000-00-00',0,NULL,'',NULL,NULL,NULL,'2024-05-07 14:21:44',NULL),(323,802,'std0262','259',NULL,'Ceyni C/kariin Maxamud Maxamed','','',NULL,NULL,'614194132','',NULL,NULL,NULL,'','',NULL,'Female',NULL,NULL,'',0,'',NULL,NULL,NULL,NULL,NULL,NULL,'','','','','Fartuun Xasan Cali','615121235','','C/kariin Maxamud Maxamed','Aabo',NULL,'',NULL,NULL,'','','','yes',NULL,'','','0000-00-00',0,NULL,'',NULL,NULL,NULL,'2024-05-07 14:21:44',NULL),(324,804,'std0263','260',NULL,'Foosiyo C/llaahi Cabdi Ibraahim','','',NULL,NULL,'616454392','',NULL,NULL,NULL,'','',NULL,'Female',NULL,NULL,'',0,'',NULL,NULL,NULL,NULL,NULL,NULL,'','','','','Khadiijo Barre Qaasim','61A616454392','','Khadiijo Barre Qaasim','Hooyo',NULL,'',NULL,NULL,'','','','yes',NULL,'','','0000-00-00',0,NULL,'',NULL,NULL,NULL,'2024-05-07 14:21:44',NULL),(325,806,'std0264','261',NULL,'Ifraax C/llaahi Axmed Maxamed','','',NULL,NULL,'615936944','',NULL,NULL,NULL,'','',NULL,'Female',NULL,NULL,'',0,'',NULL,NULL,NULL,NULL,NULL,NULL,'','','','','Safiyo Maxamud Maxamed','615936944','','Safiyo Maxamud Maxamed','Hooyo',NULL,'',NULL,NULL,'','','','yes',NULL,'','','0000-00-00',0,NULL,'',NULL,NULL,NULL,'2024-05-07 14:21:44',NULL),(326,808,'std0265','262',NULL,'Maaido Axmed Cusmaan Aadan','','',NULL,NULL,'619105907','',NULL,NULL,NULL,'','',NULL,'Female',NULL,NULL,'',0,'',NULL,NULL,NULL,NULL,NULL,NULL,'','','','','Culimo Maxamed Xasan','619105907','','Culimo Maxamed Xasan','Hooyo',NULL,'',NULL,NULL,'','','','yes',NULL,'','','0000-00-00',0,NULL,'',NULL,NULL,NULL,'2024-05-07 14:21:45',NULL),(327,810,'std0266','263',NULL,'Nawaal Xasan Axmed Cali','','',NULL,NULL,'615541848','',NULL,NULL,NULL,'','',NULL,'Female',NULL,NULL,'',0,'',NULL,NULL,NULL,NULL,NULL,NULL,'','','','','Luuley Xamuud Calasow','61A615541848','','Abshiro Xamuud Calasow','Hooyo',NULL,'',NULL,NULL,'','','','yes',NULL,'','','0000-00-00',0,NULL,'',NULL,NULL,NULL,'2024-05-07 14:21:45',NULL),(328,812,'std0267','264',NULL,'Qaali Xasan Maxamud Xasan','','',NULL,NULL,'612873022','',NULL,NULL,NULL,'','',NULL,'Female',NULL,NULL,'',0,'',NULL,NULL,NULL,NULL,NULL,NULL,'','','','','Muumino Muxudiin Farey','618296781','','Hidaayo Xasan Maxamud','Abaayo',NULL,'',NULL,NULL,'','','','yes',NULL,'','','0000-00-00',0,NULL,'',NULL,NULL,NULL,'2024-05-07 14:21:45',NULL),(329,814,'std0268','265',NULL,'Safiyo Cabdi Yuusuf Cismaan','','',NULL,NULL,'615814851','',NULL,NULL,NULL,'','',NULL,'Female',NULL,NULL,'',0,'',NULL,NULL,NULL,NULL,NULL,NULL,'','','','','Sacdiyo Macalin Makaraan','615814851','','Sacdiyo Macalin Makaraan','Hooyo',NULL,'',NULL,NULL,'','','','yes',NULL,'','','0000-00-00',0,NULL,'',NULL,NULL,NULL,'2024-05-07 14:21:45',NULL),(330,816,'std0269','266',NULL,'Fardowso Axmed Maxamed Maxamud','','',NULL,NULL,'61612872343','',NULL,NULL,NULL,'','',NULL,'Female',NULL,NULL,'',0,'',NULL,NULL,NULL,NULL,NULL,NULL,'','','','','Xakiimo Maxamud Calasow','612872343','','Xakiimo Maxamud Calasow','Hooyo',NULL,'',NULL,NULL,'','','','yes',NULL,'','','0000-00-00',0,NULL,'',NULL,NULL,NULL,'2024-05-07 14:21:45',NULL),(331,818,'std0270','267',NULL,'C/samad Abuukar Maxamed Axmed','','',NULL,NULL,'61','',NULL,NULL,NULL,'','',NULL,'Male',NULL,NULL,'',0,'',NULL,NULL,NULL,NULL,NULL,NULL,'','','','','Seynab C/qaadir Xuseen','615662326','','Abuukar Maxamed Axmed','Aabo',NULL,'',NULL,NULL,'','','','yes',NULL,'','','0000-00-00',0,NULL,'',NULL,NULL,NULL,'2024-05-07 14:21:45',NULL),(332,820,'std0271','268',NULL,'C/raxmaan Mustaf Maxamed Zubeer','','',NULL,NULL,'614351347','',NULL,NULL,NULL,'','',NULL,'Male',NULL,NULL,'',0,'',NULL,NULL,NULL,NULL,NULL,NULL,'','','','','Seynab Maxamed Cabule','615599139','','Mustaf Maxamed Zubeyr','Aabo',NULL,'',NULL,NULL,'','','','yes',NULL,'','','0000-00-00',0,NULL,'',NULL,NULL,NULL,'2024-05-07 14:21:45',NULL),(333,822,'std0272','269',NULL,'naciimo maxamed maxamuud cali','','',NULL,NULL,'611686317','',NULL,NULL,NULL,'','',NULL,'Female',NULL,NULL,'',0,'',NULL,NULL,NULL,NULL,NULL,NULL,'','','','','shamso c/laahi jaciir','615913207','','shamso c/laahi jaciir','Hooyo',NULL,'',NULL,NULL,'','','','yes',NULL,'','','0000-00-00',0,NULL,'',NULL,NULL,NULL,'2024-05-07 14:21:45',NULL),(334,824,'std0273','270',NULL,'sihaam xuurshe nuur muxudiin','','',NULL,NULL,'61','',NULL,NULL,NULL,'','',NULL,'Female',NULL,NULL,'',0,'',NULL,NULL,NULL,NULL,NULL,NULL,'','','','','xakiimo maxamuud axmed','615398135','','Xuurshe Nuur Muxudiin','Aabo',NULL,'',NULL,NULL,'','','','yes',NULL,'','','0000-00-00',0,NULL,'',NULL,NULL,NULL,'2024-05-07 14:21:45',NULL),(335,826,'std0274','271',NULL,'Cali Cabdule Calasoow Macoow','','',NULL,NULL,'61','',NULL,NULL,NULL,'','',NULL,'Male',NULL,NULL,'',0,'',NULL,NULL,NULL,NULL,NULL,NULL,'','','','','falis maxamed xasan','615535411','','falis maxamed xasan','Hooyo',NULL,'',NULL,NULL,'','','','yes',NULL,'','','0000-00-00',0,NULL,'',NULL,NULL,NULL,'2024-05-07 14:21:45',NULL),(336,828,'std0275','272',NULL,'Maryan maxamuud ismaan axmed','','',NULL,NULL,'611865288','',NULL,NULL,NULL,'','',NULL,'Female',NULL,NULL,'',0,'',NULL,NULL,NULL,NULL,NULL,NULL,'','','','','Shariifo Cumar Maxamuud','617721954','','Shariifo Cumar Maxamuud','Hooyo',NULL,'',NULL,NULL,'','','','yes',NULL,'','','0000-00-00',0,NULL,'',NULL,NULL,NULL,'2024-05-07 14:21:45',NULL),(337,830,'std0276','273',NULL,'maryan ibraahim cabduule maxamuud','','',NULL,NULL,'61','',NULL,NULL,NULL,'','',NULL,'Male',NULL,NULL,'',0,'',NULL,NULL,NULL,NULL,NULL,NULL,'','','','','xabiibo cali axmed','612243406','','ibraahim cabduule maxamuud','Aabo',NULL,'',NULL,NULL,'','','','yes',NULL,'','','0000-00-00',0,NULL,'',NULL,NULL,NULL,'2024-05-07 14:21:45',NULL),(338,832,'std0277','274',NULL,'Marwaan Maxamuud Xasan Jimcaale','','',NULL,NULL,'686346143','',NULL,NULL,NULL,'','',NULL,'Male',NULL,NULL,'',0,'',NULL,NULL,NULL,NULL,NULL,NULL,'','','','','Xaliimo Xuseen Cadow','615417499','','Xaliimo Xuseen Cadow','Hooyo',NULL,'',NULL,NULL,'','','','yes',NULL,'','','0000-00-00',0,NULL,'',NULL,NULL,NULL,'2024-05-07 14:21:45',NULL),(339,834,'std0278','275',NULL,'Maariya Maxamuud Xasan Jimcaale','','',NULL,NULL,'615417499','',NULL,NULL,NULL,'','',NULL,'Female',NULL,NULL,'',0,'',NULL,NULL,NULL,NULL,NULL,NULL,'','','','','Xaliimo XuseenCadow','615417499','','Xaliimo Xuseen Cadow','Hooyo',NULL,'',NULL,NULL,'','','','yes',NULL,'','','0000-00-00',0,NULL,'',NULL,NULL,NULL,'2024-05-07 14:21:45',NULL),(340,836,'std0279','276',NULL,'Nashaad Maxamed Abuukar Cali','','',NULL,NULL,'61615777411','',NULL,NULL,NULL,'','',NULL,'Female',NULL,NULL,'',0,'',NULL,NULL,NULL,NULL,NULL,NULL,'','','','','Muno Xasan Maxamed','615777411','','Muno Xasan Maxamud','Hooyo',NULL,'',NULL,NULL,'','','','yes',NULL,'','','0000-00-00',0,NULL,'',NULL,NULL,NULL,'2024-05-07 14:21:45',NULL),(341,838,'std0280','277',NULL,'Axmed C/llaahi Axmed Maxamud','','',NULL,NULL,'618873285','',NULL,NULL,NULL,'','',NULL,'Male',NULL,NULL,'',0,'',NULL,NULL,NULL,NULL,NULL,NULL,'','','','','Safiyo Maxamud Maxamed','618873285','','Safiyo Maxamud Maxamed','Hooyo',NULL,'',NULL,NULL,'','','','yes',NULL,'','','0000-00-00',0,NULL,'',NULL,NULL,NULL,'2024-05-07 14:21:45',NULL),(342,840,'std0281','278',NULL,'Ilyaas Cabdi Yuusuf Cismaan','','',NULL,NULL,'618944401','',NULL,NULL,NULL,'','',NULL,'Male',NULL,NULL,'',0,'',NULL,NULL,NULL,NULL,NULL,NULL,'','','','','Sacdiyo Macalin Makaraan','615814851','','Sacdiyo Macalin Makaraan','Hooyo',NULL,'',NULL,NULL,'','','','yes',NULL,'','','0000-00-00',0,NULL,'',NULL,NULL,NULL,'2024-05-07 14:21:45',NULL),(343,842,'std0282','279',NULL,'Ismaaciil Cumar Muuse Maxamed','','',NULL,NULL,'616549113','',NULL,NULL,NULL,'','',NULL,'Male',NULL,NULL,'',0,'',NULL,NULL,NULL,NULL,NULL,NULL,'','','','','Aamino Cusmaan Muuse','616549113','','Aamino Cusmaan Muuse','Hooyo',NULL,'',NULL,NULL,'','','','yes',NULL,'','','0000-00-00',0,NULL,'',NULL,NULL,NULL,'2024-05-07 14:21:45',NULL),(344,844,'std0283','280',NULL,'Munasar Liibaan Cusmaan Maxamed','','',NULL,NULL,'615857408','',NULL,NULL,NULL,'','',NULL,'Male',NULL,NULL,'',0,'',NULL,NULL,NULL,NULL,NULL,NULL,'','','','','Leylo Muuse Cabdi','615857408','','Liibaan Cusmaan Maxamed','Aabo',NULL,'',NULL,NULL,'','','','yes',NULL,'','','0000-00-00',0,NULL,'',NULL,NULL,NULL,'2024-05-07 14:21:45',NULL),(345,846,'std0284','281',NULL,'Maxamed Xasan Cabdulle Xayle','','',NULL,NULL,'612872343','',NULL,NULL,NULL,'','',NULL,'Male',NULL,NULL,'',0,'',NULL,NULL,NULL,NULL,NULL,NULL,'','','','','Nadiifo Maxamed Cali','612872343','','Nadiifo Maxamed Cali','Hooyo',NULL,'',NULL,NULL,'','','','yes',NULL,'','','0000-00-00',0,NULL,'',NULL,NULL,NULL,'2024-05-07 14:21:45',NULL),(346,848,'std0285','282',NULL,'Anfac Cabdulle Cali Cadow','','',NULL,NULL,'615807173','',NULL,NULL,NULL,'','',NULL,'Female',NULL,NULL,'',0,'',NULL,NULL,NULL,NULL,NULL,NULL,'','','','','Sahro Maxamed Maxamud','615807173','','Cabdulle Cali Cadow','Aabo',NULL,'',NULL,NULL,'','','','yes',NULL,'','','0000-00-00',0,NULL,'',NULL,NULL,NULL,'2024-05-07 14:21:45',NULL),(347,850,'std0286','283',NULL,'Ruweydo Maxamed Muxudiin Calasow','','',NULL,NULL,'615883329','',NULL,NULL,NULL,'','',NULL,'Female',NULL,NULL,'',0,'',NULL,NULL,NULL,NULL,NULL,NULL,'','','','','Xaawo Xaaji Maxamud Calasow','615883329','','Xaawo Xaaji Maxamud Calasow','Hooyo',NULL,'',NULL,NULL,'','','','yes',NULL,'','','0000-00-00',0,NULL,'',NULL,NULL,NULL,'2024-05-07 14:21:45',NULL),(348,852,'std0287','284',NULL,'Shamso Maxamed Axmed Qaasim','','',NULL,NULL,'612527676','',NULL,NULL,NULL,'','',NULL,'Female',NULL,NULL,'',0,'',NULL,NULL,NULL,NULL,NULL,NULL,'','','','','Leylo Xasan Nuur','612527676','','Shamso Maxamed Maxamud','Eedo',NULL,'',NULL,NULL,'','','','yes',NULL,'','','0000-00-00',0,NULL,'',NULL,NULL,NULL,'2024-05-07 14:21:45',NULL),(349,854,'std0288','285',NULL,'Sucaado C/llaahi Cali Maxamud','','',NULL,NULL,'613394451','',NULL,NULL,NULL,'','',NULL,'Female',NULL,NULL,'',0,'',NULL,NULL,NULL,NULL,NULL,NULL,'','','','','Deeqo Xasan Maxamud','615378276','','Deeqo Xasan Maxamud','Hooyo',NULL,'',NULL,NULL,'','','','yes',NULL,'','','0000-00-00',0,NULL,'',NULL,NULL,NULL,'2024-05-07 14:21:45',NULL),(350,856,'std0289','286',NULL,'Wardo Cabdulle Cali Cadow','','',NULL,NULL,'615807173','',NULL,NULL,NULL,'','',NULL,'Female',NULL,NULL,'',0,'',NULL,NULL,NULL,NULL,NULL,NULL,'','','','','Sahro Maxamed Maxamud','615807173','','Cabdulle Cali Cadow','Eedo',NULL,'',NULL,NULL,'','','','yes',NULL,'','','0000-00-00',0,NULL,'',NULL,NULL,NULL,'2024-05-07 14:21:45',NULL),(351,858,'std0290','287',NULL,'Wardo Maxamud Maxamed Muxudiin','','',NULL,NULL,'617489789','',NULL,NULL,NULL,'','',NULL,'Female',NULL,NULL,'',0,'',NULL,NULL,NULL,NULL,NULL,NULL,'','','','','Maano Maxamud Maxamed','617489789','','C/qaadir Maxamed Xaamud','Aboowe',NULL,'',NULL,NULL,'','','','yes',NULL,'','','0000-00-00',0,NULL,'',NULL,NULL,NULL,'2024-05-07 14:21:45',NULL),(352,860,'std0291','288',NULL,'Ceyni Axmed Cabdulle Xasan','','',NULL,NULL,'61','',NULL,NULL,NULL,'','',NULL,'Female',NULL,NULL,'',0,'',NULL,NULL,NULL,NULL,NULL,NULL,'','','','','Zamzam Maxamud Xassan','615097848','','Zamzam Maxamud Xassan','Hooyo',NULL,'',NULL,NULL,'','','','yes',NULL,'','','0000-00-00',0,NULL,'',NULL,NULL,NULL,'2024-05-07 14:21:45',NULL),(353,862,'std0292','289',NULL,'maxamed C/laahi Maxamed Muuke','','',NULL,NULL,'618070481','',NULL,NULL,NULL,'','',NULL,'Male',NULL,NULL,'',0,'',NULL,NULL,NULL,NULL,NULL,NULL,'','','','','farxiyo Axmed Cali','618070481','','cali maxamed muuke','Adeer',NULL,'',NULL,NULL,'','','','yes',NULL,'','','0000-00-00',0,NULL,'',NULL,NULL,NULL,'2024-05-07 14:21:45',NULL),(354,864,'std0293','290',NULL,'Maxamed Muqtaar Yuusuf cali','','',NULL,NULL,'610577820','',NULL,NULL,NULL,'','',NULL,'Male',NULL,NULL,'',0,'',NULL,NULL,NULL,NULL,NULL,NULL,'','','','','Foos Maxamod Maxamed','615138255','','Foos Maxamod Maxamed','Hooyo',NULL,'',NULL,NULL,'','','','yes',NULL,'','','0000-00-00',0,NULL,'',NULL,NULL,NULL,'2024-05-07 14:21:45',NULL),(355,866,'std0294','291',NULL,'Najmo Cumar Xasan Raage','','',NULL,NULL,'61','',NULL,NULL,NULL,'','',NULL,'Female',NULL,NULL,'',0,'',NULL,NULL,NULL,NULL,NULL,NULL,'','','','','Canab maxamed Cumr','615752292','','Canab Maxamed Cumar','Aabo',NULL,'',NULL,NULL,'','','','yes',NULL,'','','0000-00-00',0,NULL,'',NULL,NULL,NULL,'2024-05-07 14:21:45',NULL),(356,868,'std0295','292',NULL,'C/raxmaan xasan Axmed muxumed','','',NULL,NULL,'61','',NULL,NULL,NULL,'','',NULL,'Male',NULL,NULL,'',0,'',NULL,NULL,NULL,NULL,NULL,NULL,'','','','','xaawo ismaan xasan','618106496','','','Hooyo',NULL,'',NULL,NULL,'','','','yes',NULL,'','','0000-00-00',0,NULL,'',NULL,NULL,NULL,'2024-05-07 14:21:45',NULL),(357,870,'std0296','293','2023-08-02','Umulkheyr Cayndaruus Abuukar Maxamed','','',NULL,NULL,'61','',NULL,NULL,NULL,'','','2012-08-02','Female',NULL,NULL,'',0,'',NULL,NULL,NULL,NULL,NULL,NULL,'','','','','Nasro Muxudiin Axmed','615584056','','Nasro Muxudiin Axmed','Hooyo',NULL,'',NULL,NULL,'','','','yes',NULL,'','','0000-00-00',0,NULL,'',NULL,NULL,NULL,'2024-05-07 14:22:04',NULL),(358,872,'std0297','294','2023-08-02','Luuley Xasan Cali Cumar','','',NULL,NULL,'61','',NULL,NULL,NULL,'','','2015-08-02','Female',NULL,NULL,'',0,'',NULL,NULL,NULL,NULL,NULL,NULL,'','','','','Faay Xasan Xuseen','615417492','','Faay Xasan Xuseen','Hooyo',NULL,'',NULL,NULL,'','','','yes',NULL,'','','0000-00-00',0,NULL,'',NULL,NULL,NULL,'2024-05-07 14:22:04',NULL),(359,874,'std0298','295','2023-08-02','Ibraahim Yaasiin Maxamud Yuusuf','','',NULL,NULL,'61','',NULL,NULL,NULL,'','','2012-08-02','Male',NULL,NULL,'',0,'',NULL,NULL,NULL,NULL,NULL,NULL,'','','','','Luuley Ibraahim','615904258','','Luuley Ibraahim','Hooyo',NULL,'',NULL,NULL,'','','','yes',NULL,'','','0000-00-00',0,NULL,'',NULL,NULL,NULL,'2024-05-07 14:22:04',NULL),(360,876,'std0299','296','2023-08-02','Ramlo Nuuradiin Maxamed Cumar','','',NULL,NULL,'61','',NULL,NULL,NULL,'','','2007-08-02','Female',NULL,NULL,'',0,'',NULL,NULL,NULL,NULL,NULL,NULL,'','','','','Xaliimo Ibraahim Iidow','616806580','','Mustaf Maxamed Xuseen','Abti',NULL,'',NULL,NULL,'','','','yes',NULL,'','','0000-00-00',0,NULL,'',NULL,NULL,NULL,'2024-05-07 14:22:04',NULL),(361,878,'std0300','297','2023-08-06','Rayaan C/qaadir cumar Axmed','','',NULL,NULL,'61','',NULL,NULL,NULL,'','','2023-08-06','Female',NULL,NULL,'',0,'',NULL,NULL,NULL,NULL,NULL,NULL,'','','','','Hidaayo Muuse','615147373','','C/qaadir cumar Axmed','Aabo',NULL,'',NULL,NULL,'','','','yes',NULL,'','','0000-00-00',0,NULL,'',NULL,NULL,NULL,'2024-05-07 14:22:04',NULL),(362,880,'std0301','298','2023-08-06','Caasho C/rashiid cali Axmed','','',NULL,NULL,'61','',NULL,NULL,NULL,'','','2012-08-06','Female',NULL,NULL,'',0,'',NULL,NULL,NULL,NULL,NULL,NULL,'','','','','Shukri Cumar Axmed','61','','c/qaadir cumar','Aabo',NULL,'',NULL,NULL,'','','','yes',NULL,'','','0000-00-00',0,NULL,'',NULL,NULL,NULL,'2024-05-07 14:22:04',NULL),(363,882,'std0302','299','2023-09-02','wajdaad c/fataax maxamed xasan','','',NULL,NULL,'61','',NULL,NULL,NULL,'','','2023-09-02','Female',NULL,NULL,'',0,'',NULL,NULL,NULL,NULL,NULL,NULL,'','','','','samiiro maxamed nuur','614156220','','samiiro maxamed nuur','Hooyo',NULL,'',NULL,NULL,'','','','yes',NULL,'','','0000-00-00',0,NULL,'',NULL,NULL,NULL,'2024-05-07 14:22:04',NULL),(364,884,'std0303','300','2023-09-02','widaad c/fataax maxamed xasan','','',NULL,NULL,'61','',NULL,NULL,NULL,'','','2012-09-02','Female',NULL,NULL,'',0,'',NULL,NULL,NULL,NULL,NULL,NULL,'','','','','samiiro maxamed nuur','614156220','','samiiro maxamed nuur','Hooyo',NULL,'',NULL,NULL,'','','','yes',NULL,'','','0000-00-00',0,NULL,'',NULL,NULL,NULL,'2024-05-07 14:22:04',NULL),(365,886,'std0304','301','2023-09-02','mucaawiye maxamed c/qaadir faqaayo','','',NULL,NULL,'61','',NULL,NULL,NULL,'','','2010-09-02','Male',NULL,NULL,'',0,'',NULL,NULL,NULL,NULL,NULL,NULL,'','','','','maariyo ismaciil yuusuf','615574310','','maariyo ismaciil yuusuf','Hooyo',NULL,'',NULL,NULL,'','','','yes',NULL,'','','0000-00-00',0,NULL,'',NULL,NULL,NULL,'2024-05-07 14:22:04',NULL),(366,888,'std0305','302','2023-09-02','anas maxamed c/qaadir faqaay','','',NULL,NULL,'61','',NULL,NULL,NULL,'','','2023-09-02','Male',NULL,NULL,'',0,'',NULL,NULL,NULL,NULL,NULL,NULL,'','','','','maariyo ismaciil yuusuf','615743101','','maariyo ismaciil yuusuf','Hooyo',NULL,'',NULL,NULL,'','','','yes',NULL,'','','0000-00-00',0,NULL,'',NULL,NULL,NULL,'2024-05-07 14:22:04',NULL),(367,890,'std0306','303','2023-10-15','Khadar Maxamed Colow Cumar','','',NULL,NULL,'610736934','',NULL,NULL,NULL,'','','2010-10-15','Male',NULL,NULL,'',0,'',NULL,NULL,NULL,NULL,NULL,NULL,'','','','','Sacdiyo Cabdi Xasan','615704326','','Maxamed Colow Cumar','Aabo',NULL,'',NULL,NULL,'','','','yes',NULL,'','','0000-00-00',0,NULL,'',NULL,NULL,NULL,'2024-05-07 14:22:04',NULL),(368,892,'std0307','304','2023-10-29','Yaxye Barre Cali Calasow','','',NULL,NULL,'61','',NULL,NULL,NULL,'','','2009-10-29','Male',NULL,NULL,'',0,'',NULL,NULL,NULL,NULL,NULL,NULL,'','','','','Safiyo Cali Gedef','615872735','','Safiyo Cali Gedef','Habaryar',NULL,'',NULL,NULL,'','','','yes',NULL,'','','0000-00-00',0,NULL,'',NULL,NULL,NULL,'2024-05-07 14:22:04',NULL),(369,894,'std0308','305','2023-12-19','Muhiim Cabdi Maxamed Maxamud','','',NULL,NULL,'61','',NULL,NULL,NULL,'','','2011-12-19','Female',NULL,NULL,'',0,'',NULL,NULL,NULL,NULL,NULL,NULL,'','','','','Farxiyo Maxamed Xasan','615124870','','Farxiyo Maxamed Xasan','Hooyo',NULL,'',NULL,NULL,'','','','yes',NULL,'','','0000-00-00',0,NULL,'',NULL,NULL,NULL,'2024-05-07 14:22:04',NULL),(370,896,'std0309','306','2024-02-10','C/qaadir Nuur Abuukar','','',NULL,NULL,'61','',NULL,NULL,NULL,'','','2010-02-10','Male',NULL,NULL,'',0,'',NULL,NULL,NULL,NULL,NULL,NULL,'','','','','Casabo Cali Yuusuf','619858591','','Nimco Abuukar','Habaryar',NULL,'',NULL,NULL,'','','','yes',NULL,'','','0000-00-00',0,NULL,'',NULL,NULL,NULL,'2024-05-07 14:22:04',NULL),(371,898,'std0310','307','2023-08-02','Qadro Mustaf Maxamed Xuseen','','',NULL,NULL,'61','',NULL,NULL,NULL,'','','2011-08-02','Female',NULL,NULL,'',0,'',NULL,NULL,NULL,NULL,NULL,NULL,'','','','','Khadiijo Jeylaani Tawakal','615283558','','Mustaf Maxamed Xuseen','Aabo',NULL,'',NULL,NULL,'','','','yes',NULL,'','','0000-00-00',0,NULL,'',NULL,NULL,NULL,'2024-05-07 14:22:04',NULL),(372,900,'std0311','308','2023-08-02','Saabariin Mustaf Maxamed Xuseen','','',NULL,NULL,'61','',NULL,NULL,NULL,'','','2009-08-02','Female',NULL,NULL,'',0,'',NULL,NULL,NULL,NULL,NULL,NULL,'','','','','Khadiijo Jeylaani Tawakal','615283558','','Mustaf Maxamed Xuseen','Aabo',NULL,'',NULL,NULL,'','','','yes',NULL,'','','0000-00-00',0,NULL,'',NULL,NULL,NULL,'2024-05-07 14:22:04',NULL),(373,902,'std0312','309','2023-08-02','Faadumo Mustaf Maxamed Xuseen','','',NULL,NULL,'61','',NULL,NULL,NULL,'','','2010-08-02','Female',NULL,NULL,'',0,'',NULL,NULL,NULL,NULL,NULL,NULL,'','','','','Khadiijo Jeylaani Tawakal','615283558','','Mustaf Maxamed Xuseen','Aabo',NULL,'',NULL,NULL,'','','','yes',NULL,'','','0000-00-00',0,NULL,'',NULL,NULL,NULL,'2024-05-07 14:22:04',NULL),(374,904,'std0313','310','2023-08-02','Saabariin Cabdi Yuusuf Cismaan','','',NULL,NULL,'61','',NULL,NULL,NULL,'','','2014-08-02','Female',NULL,NULL,'',0,'',NULL,NULL,NULL,NULL,NULL,NULL,'','','','','Sacdiyo Makaraan Xasan','615814851','','Sacdiyo Makaraan Xasan','Hooyo',NULL,'',NULL,NULL,'','','','yes',NULL,'','','0000-00-00',0,NULL,'',NULL,NULL,NULL,'2024-05-07 14:22:04',NULL),(375,906,'std0314','311','2023-08-02','Sacdiyo Xasan Cali Cumar','','',NULL,NULL,'61','',NULL,NULL,NULL,'','','2011-08-02','Female',NULL,NULL,'',0,'',NULL,NULL,NULL,NULL,NULL,NULL,'','','','','Faay Xasan Xuseen','615417492','','Faay Xasan Xuseen','Hooyo',NULL,'',NULL,NULL,'','','','yes',NULL,'','','0000-00-00',0,NULL,'',NULL,NULL,NULL,'2024-05-07 14:22:04',NULL),(376,908,'std0315','312','2023-08-06','maryan nuuradiin c/qaadir cali','','',NULL,NULL,'615603349','',NULL,NULL,NULL,'','','2011-08-06','Female',NULL,NULL,'',0,'',NULL,NULL,NULL,NULL,NULL,NULL,'','','','','faadumo ibraahim gureey','61','','xaawo cali','Hooyo',NULL,'',NULL,NULL,'','','','yes',NULL,'','','0000-00-00',0,NULL,'',NULL,NULL,NULL,'2024-05-07 14:22:04',NULL),(377,910,'std0316','313','2023-08-23','Siid Cali C/rashiid Cumar Maxamed','','',NULL,NULL,'','',NULL,NULL,NULL,'',NULL,'2009-08-23','Male',NULL,NULL,'',0,'',0,'','',NULL,NULL,NULL,'','','','','xaliimo Axmed Dhiblaawe','615801945','',NULL,NULL,NULL,'',NULL,NULL,'','','','yes','','','',NULL,0,'','',NULL,NULL,NULL,'2024-05-08 06:40:21',NULL),(378,912,'std0317','314','2023-12-19','Deeqo Ibraahim Tifow Warsame','','',NULL,NULL,'61','',NULL,NULL,NULL,'','','2012-12-19','Female',NULL,NULL,'',0,'',NULL,NULL,NULL,NULL,NULL,NULL,'','','','','Farxiyo Cali C/llaahi','615851131','','Farxiyo Cali C/llaahi','Hooyo',NULL,'',NULL,NULL,'','','','yes',NULL,'','','0000-00-00',0,NULL,'',NULL,NULL,NULL,'2024-05-07 14:22:04',NULL),(379,914,'std0318','315','2023-12-19','Najmo Liibaan Cismaan Maadeey','','',NULL,NULL,'61','',NULL,NULL,NULL,'','','2013-12-19','Female',NULL,NULL,'',0,'',NULL,NULL,NULL,NULL,NULL,NULL,'','','','','Leylo Muuse Cabdi','615901344','','Leylo Muuse Cabdi','Hooyo',NULL,'',NULL,NULL,'','','','yes',NULL,'','','0000-00-00',0,NULL,'',NULL,NULL,NULL,'2024-05-07 14:22:04',NULL),(380,916,'std0319','316','2023-12-25','Zakariye Xuseen Jicsin Xasan','','',NULL,NULL,'61','',NULL,NULL,NULL,'','','2011-12-25','Male',NULL,NULL,'',0,'',NULL,NULL,NULL,NULL,NULL,NULL,'','','','','Xabiibo Maxamed Xasan','615938539','','Xabiibo Maxamed Xasan','Hooyo',NULL,'',NULL,NULL,'','','','yes',NULL,'','','0000-00-00',0,NULL,'',NULL,NULL,NULL,'2024-05-07 14:22:19',NULL),(381,918,'std0320','317','2023-12-25','Saciid Maxamud Maxamed Cumar','','',NULL,NULL,'61','',NULL,NULL,NULL,'','','2010-12-25','Male',NULL,NULL,'',0,'',NULL,NULL,NULL,NULL,NULL,NULL,'','','','','Seynab Xuseen Ciise','611865567','','Seynab Xuseen Ciise','Hooyo',NULL,'',NULL,NULL,'','','','yes',NULL,'','','0000-00-00',0,NULL,'',NULL,NULL,NULL,'2024-05-07 14:22:19',NULL),(382,920,'std0321','318','2023-12-25','Mucaad C/llaahi Maxamed Maxamud','','',NULL,NULL,'61','',NULL,NULL,NULL,'','','2011-12-25','Female',NULL,NULL,'',0,'',NULL,NULL,NULL,NULL,NULL,NULL,'','','','','Xamso C/llaahi Maxamed','615913211','','Xamso C/llaahi Maxamed','Hooyo',NULL,'',NULL,NULL,'','','','yes',NULL,'','','0000-00-00',0,NULL,'',NULL,NULL,NULL,'2024-05-07 14:22:19',NULL),(383,922,'std0322','319','2023-12-25','Wiaam C/fitaax Maxamed Xasan','','',NULL,NULL,'61','',NULL,NULL,NULL,'','','2015-12-25','Male',NULL,NULL,'',0,'',NULL,NULL,NULL,NULL,NULL,NULL,'','','','','Samiiro Maxamed Nuur','612952316','','C/fitaax Maxamed Xasan','Aabo',NULL,'',NULL,NULL,'','','','yes',NULL,'','','0000-00-00',0,NULL,'',NULL,NULL,NULL,'2024-05-07 14:22:20',NULL),(384,924,'std0323','320','2023-12-25','Rayaan Ibraahim Cali Maxamed','','',NULL,NULL,'61','',NULL,NULL,NULL,'','','2013-12-25','Female',NULL,NULL,'',0,'',NULL,NULL,NULL,NULL,NULL,NULL,'','','','','Xaliimo Cali Calasow','615103315','','Ibraahim Cali Maxamed','Aabo',NULL,'',NULL,NULL,'','','','yes',NULL,'','','0000-00-00',0,NULL,'',NULL,NULL,NULL,'2024-05-07 14:22:20',NULL),(385,926,'std0324','321','2023-12-25','Iqlaas C/naasir Cali Maxamed','','',NULL,NULL,'61','',NULL,NULL,NULL,'','','2010-12-25','Female',NULL,NULL,'',0,'',NULL,NULL,NULL,NULL,NULL,NULL,'','','','','Canab Cali Muxumed','615546961','','Canab Cali Muxumed','Hooyo',NULL,'',NULL,NULL,'','','','yes',NULL,'','','0000-00-00',0,NULL,'',NULL,NULL,NULL,'2024-05-07 14:22:20',NULL),(386,928,'std0325','322','2023-12-25','Asmo Maxamed C/qaadir Faqay','','',NULL,NULL,'61','',NULL,NULL,NULL,'','','2010-12-25','Female',NULL,NULL,'',0,'',NULL,NULL,NULL,NULL,NULL,NULL,'','','','','Naadiyo Ismaaciil Yuusuf','615743101','','Maxamed C/qaadir Faqay','Aabo',NULL,'',NULL,NULL,'','','','yes',NULL,'','','0000-00-00',0,NULL,'',NULL,NULL,NULL,'2024-05-07 14:22:20',NULL),(387,930,'std0326','323','2023-12-26','Maaido Bashiir Cumar Xasan','','',NULL,NULL,'61','',NULL,NULL,NULL,'','','2010-12-26','Female',NULL,NULL,'',0,'',NULL,NULL,NULL,NULL,NULL,NULL,'','','','','Kheyrto Cali','615585473','','Kheyrto Cali','Hooyo',NULL,'',NULL,NULL,'','','','yes',NULL,'','','0000-00-00',0,NULL,'',NULL,NULL,NULL,'2024-05-07 14:22:20',NULL),(388,932,'std0327','324','2023-12-26','Maandeeq Saciid Cabdulle Maxamed','','',NULL,NULL,'61','',NULL,NULL,NULL,'','','2009-12-26','Female',NULL,NULL,'',0,'',NULL,NULL,NULL,NULL,NULL,NULL,'','','','','Shukri Muxudiin Cumar','615227652','','Saciid Cabdulle Maxamed','Aabo',NULL,'',NULL,NULL,'','','','yes',NULL,'','','0000-00-00',0,NULL,'',NULL,NULL,NULL,'2024-05-07 14:22:20',NULL),(389,934,'std0328','325','2023-12-27','Raaqiyo C/qaadir Cumar','','',NULL,NULL,'61','',NULL,NULL,NULL,'','','2015-12-27','Female',NULL,NULL,'',0,'',NULL,NULL,NULL,NULL,NULL,NULL,'','','','','Hidaayo Muuse Axmed','615147373','','Hidaayo Muuse Axmed','Hooyo',NULL,'',NULL,NULL,'','','','yes',NULL,'','','0000-00-00',0,NULL,'',NULL,NULL,NULL,'2024-05-07 14:22:20',NULL),(390,936,'std0329','326','2023-12-27','Hibaaq Salaad Maxamed Maxamud','','',NULL,NULL,'61','',NULL,NULL,NULL,'','','2013-12-27','Female',NULL,NULL,'',0,'',NULL,NULL,NULL,NULL,NULL,NULL,'','','','','Shamso Xuseen Xasan','612259191','','Shamso Xuseen Xasan','Hooyo',NULL,'',NULL,NULL,'','','','yes',NULL,'','','0000-00-00',0,NULL,'',NULL,NULL,NULL,'2024-05-07 14:22:20',NULL),(391,938,'std0330','327','2023-12-27','Mucaawiye C/llaahi Maxamed Maxamud','','',NULL,NULL,'61','',NULL,NULL,NULL,'','','2011-12-27','Male',NULL,NULL,'',0,'',NULL,NULL,NULL,NULL,NULL,NULL,'','','','','Xamso Cabdulle','615906327','','Xamso Cabdulle','Hooyo',NULL,'',NULL,NULL,'','','','yes',NULL,'','','0000-00-00',0,NULL,'',NULL,NULL,NULL,'2024-05-07 14:22:20',NULL),(392,940,'std0331','328','2024-02-10','C/raxmaan Maxamed Axmed Toxob','','',NULL,NULL,'61','',NULL,NULL,NULL,'','','2014-02-10','Male',NULL,NULL,'',0,'',NULL,NULL,NULL,NULL,NULL,NULL,'','','','','Mako Cabdi Xuseen','617469435','','Mako Cabdi Xuseen','Hooyo',NULL,'',NULL,NULL,'','','','yes',NULL,'','','0000-00-00',0,NULL,'',NULL,NULL,NULL,'2024-05-07 14:22:20',NULL),(393,942,'std0332','329','2024-02-10','Ilyaas Maxamed C/llaahi Xasan','','',NULL,NULL,'61','',NULL,NULL,NULL,'','','2014-02-10','Male',NULL,NULL,'',0,'',NULL,NULL,NULL,NULL,NULL,NULL,'','','','','Nadiifo Maxamed Axmed','615885619','','Nadiifo Maxamed Axmed','Hooyo',NULL,'',NULL,NULL,'','','','yes',NULL,'','','0000-00-00',0,NULL,'',NULL,NULL,NULL,'2024-05-07 14:22:20',NULL),(394,944,'std0333','330','2024-02-10','Fartuun Maxamed Xasan','','',NULL,NULL,'61','',NULL,NULL,NULL,'','','2011-02-10','Female',NULL,NULL,'',0,'',NULL,NULL,NULL,NULL,NULL,NULL,'','','','','Xabiibo Maxamed Axmed','615006057','','Xabiibo Maxamed Axmed','Hooyo',NULL,'',NULL,NULL,'','','','yes',NULL,'','','0000-00-00',0,NULL,'',NULL,NULL,NULL,'2024-05-07 14:22:20',NULL),(395,946,'std0334','331','2023-12-25','Shukri Xuseen Jicsin Xasan','','',NULL,NULL,'61','',NULL,NULL,NULL,'','','2012-12-25','Female',NULL,NULL,'',0,'',NULL,NULL,NULL,NULL,NULL,NULL,'','','','','Xabiibo Maxamed Xasan','615938539','','Xabiibo Maxamed Xasan','Hooyo',NULL,'',NULL,NULL,'','','','yes',NULL,'','','0000-00-00',0,NULL,'',NULL,NULL,NULL,'2024-05-07 14:22:20',NULL),(396,948,'std0335','332','2023-12-25','Muscab C/llaahi Maxamed Maxamud','','',NULL,NULL,'61','',NULL,NULL,NULL,'','','2009-12-25','Male',NULL,NULL,'',0,'',NULL,NULL,NULL,NULL,NULL,NULL,'','','','','Xamso C/llaahi Maxamed','615913211','','Xamso C/llaahi Maxamed','Hooyo',NULL,'',NULL,NULL,'','','','yes',NULL,'','','0000-00-00',0,NULL,'',NULL,NULL,NULL,'2024-05-07 14:22:20',NULL),(397,950,'std0336','333','2023-12-25','Ibraahim Cismaan Axmed Cabdi','','',NULL,NULL,'61','',NULL,NULL,NULL,'','','2013-12-25','Male',NULL,NULL,'',0,'',NULL,NULL,NULL,NULL,NULL,NULL,'','','','','Aamino C/qaadir Axmed','616292973','','Aamino C/qaadir Axmed','Hooyo',NULL,'',NULL,NULL,'','','','yes',NULL,'','','0000-00-00',0,NULL,'',NULL,NULL,NULL,'2024-05-07 14:22:20',NULL),(398,952,'std0337','334','2023-12-25','Faadumo C/fitaax Maxamed Xasan','','',NULL,NULL,'61','',NULL,NULL,NULL,'','','2007-12-25','Female',NULL,NULL,'',0,'',NULL,NULL,NULL,NULL,NULL,NULL,'','','','','Samiiro Maxamed Nuur','612952316','','C/fitaax Maxamed Xasan','Aabo',NULL,'',NULL,NULL,'','','','yes',NULL,'','','0000-00-00',0,NULL,'',NULL,NULL,NULL,'2024-05-07 14:22:20',NULL),(399,954,'std0338','335','2023-12-25','Maryan C/llaahi Maxamed Guure','','',NULL,NULL,'61','',NULL,NULL,NULL,'','','2013-12-25','Female',NULL,NULL,'',0,'',NULL,NULL,NULL,NULL,NULL,NULL,'','','','','Xaliimo Cali Calasow','615103315','','Ibraahim Cali Maxamed','Adeer',NULL,'',NULL,NULL,'','','','yes',NULL,'','','0000-00-00',0,NULL,'',NULL,NULL,NULL,'2024-05-07 14:22:20',NULL),(400,956,'std0339','336','2023-12-25','Anfac Cabdi Cali Axmed','','',NULL,NULL,'61','',NULL,NULL,NULL,'','','2010-12-25','Female',NULL,NULL,'',0,'',NULL,NULL,NULL,NULL,NULL,NULL,'','','','','Shukri Cumar Axmed','612872343','','Shukri Cumar Axmed','Hooyo',NULL,'',NULL,NULL,'','','','yes',NULL,'','','0000-00-00',0,NULL,'',NULL,NULL,NULL,'2024-05-07 14:22:20',NULL),(401,958,'std0340','337','2023-12-25','Fartuun Axmed Cali Maxamed','','',NULL,NULL,'61','',NULL,NULL,NULL,'','','2010-12-25','Female',NULL,NULL,'',0,'',NULL,NULL,NULL,NULL,NULL,NULL,'','','','','Xaawo Cadow Cali','615147206','','Xaawo Cadow Cali','Hooyo',NULL,'',NULL,NULL,'','','','yes',NULL,'','','0000-00-00',0,NULL,'',NULL,NULL,NULL,'2024-05-07 14:22:20',NULL),(402,960,'std0341','338','2023-12-26','Maxamed Yaasiin Maxamud Yuusuf','','',NULL,NULL,'61','',NULL,NULL,NULL,'','','2010-12-26','Male',NULL,NULL,'',0,'',NULL,NULL,NULL,NULL,NULL,NULL,'','','','','Luuley Ibraahim','615904258','','Yaasiin Maxamud Yuusuf','Aabo',NULL,'',NULL,NULL,'','','','yes',NULL,'','','0000-00-00',0,NULL,'',NULL,NULL,NULL,'2024-05-07 14:22:20',NULL),(403,962,'std0342','339','2023-12-27','C/llaahi Maxamed Maxamud Macow','','',NULL,NULL,'61','',NULL,NULL,NULL,'','','2011-12-27','Male',NULL,NULL,'',0,'',NULL,NULL,NULL,NULL,NULL,NULL,'','','','','Deeqo Daahir Tifow','615913211','','Deeqo Daahir Tifow','Hooyo',NULL,'',NULL,NULL,'','','','yes',NULL,'','','0000-00-00',0,NULL,'',NULL,NULL,NULL,'2024-05-07 14:22:20',NULL),(404,964,'std0343','340',NULL,'Asmo Maxamud Axmed Nuur','','',NULL,NULL,'615531631','',NULL,NULL,NULL,'','',NULL,'Female',NULL,NULL,'',0,'',NULL,NULL,NULL,NULL,NULL,NULL,'','','','','Xaliimo Cali Makaraan','615531631','','Xaliimo Cali Makaraan','Hooyo',NULL,'',NULL,NULL,'','','','yes',NULL,'','','0000-00-00',0,NULL,'',NULL,NULL,NULL,'2024-05-07 14:38:56',NULL),(405,966,'std0344','341',NULL,'C/qaadir Guure Maxamed Xiinshe','','',NULL,NULL,'616236267','',NULL,NULL,NULL,'','',NULL,'Male',NULL,NULL,'',0,'',NULL,NULL,NULL,NULL,NULL,NULL,'','','','','Xaliimo Sharaawe Xiinshe','617750140','','Bashiir Maxamed Xasan','Adeer',NULL,'',NULL,NULL,'','','','yes',NULL,'','','0000-00-00',0,NULL,'',NULL,NULL,NULL,'2024-05-07 14:38:56',NULL),(406,968,'std0345','342',NULL,'SaydCumar Maxamed Xasan Jimcaale','','',NULL,NULL,'618565721','',NULL,NULL,NULL,'','',NULL,'Male',NULL,NULL,'',0,'',NULL,NULL,NULL,NULL,NULL,NULL,'','','','','Mako Cali Jimcaale','616123702','','Mako Cali Jimcaale','Hooyo',NULL,'',NULL,NULL,'','','','yes',NULL,'','','0000-00-00',0,NULL,'',NULL,NULL,NULL,'2024-05-07 14:38:56',NULL),(407,970,'std0346','343',NULL,'Salaad Xasan Macow Xasan','','',NULL,NULL,'610496453','',NULL,NULL,NULL,'','',NULL,'Male',NULL,NULL,'',0,'',NULL,NULL,NULL,NULL,NULL,NULL,'','','','','Faadumo Cabdulle Xasan','615277669','','Faadumo Cabdulle Xasan','Hooyo',NULL,'',NULL,NULL,'','','','yes',NULL,'','','0000-00-00',0,NULL,'',NULL,NULL,NULL,'2024-05-07 14:38:56',NULL),(408,972,'std0347','344',NULL,'C/raxmaan Maxamed Xasan Nuur','','',NULL,NULL,'611201863','',NULL,NULL,NULL,'','',NULL,'Male',NULL,NULL,'',0,'',NULL,NULL,NULL,NULL,NULL,NULL,'','','','','Faadumo Maxamud Maxamed','619001274','','Xaliimo Maxamud Maxamed','Habaryar',NULL,'',NULL,NULL,'','','','yes',NULL,'','','0000-00-00',0,NULL,'',NULL,NULL,NULL,'2024-05-07 14:38:56',NULL),(409,974,'std0348','345',NULL,'C/llaahi Xasan Xuseen Nuur','','',NULL,NULL,'610752894','',NULL,NULL,NULL,'','',NULL,'Male',NULL,NULL,'',0,'',NULL,NULL,NULL,NULL,NULL,NULL,'','','','','Barni Abuukar Maxamed','615752253','','Barni Abuukar Maxamed','Hooyo',NULL,'',NULL,NULL,'','','','yes',NULL,'','','0000-00-00',0,NULL,'',NULL,NULL,NULL,'2024-05-07 14:38:56',NULL),(410,976,'std0349','346',NULL,'Faadumo M.Axmed Muxumed Cabdule','','',NULL,NULL,'616310345','',NULL,NULL,NULL,'','',NULL,'Female',NULL,NULL,'',0,'',NULL,NULL,NULL,NULL,NULL,NULL,'','','','','Maryan Maxamed Maxamud','618232135','','Muraayo Maxamed Maxamud','Hooyo',NULL,'',NULL,NULL,'','','','yes',NULL,'','','0000-00-00',0,NULL,'',NULL,NULL,NULL,'2024-05-07 14:38:56',NULL),(411,978,'std0350','347',NULL,'Salmo M.Yuusuf Maxamed Yabarow','','',NULL,NULL,'619146314','',NULL,NULL,NULL,'','',NULL,'Female',NULL,NULL,'',0,'',NULL,NULL,NULL,NULL,NULL,NULL,'','','','','Binti Maxamed Cusmaan','615263283','','M.Yuusuf Maxamed Yabarow','Aabo',NULL,'',NULL,NULL,'','','','yes',NULL,'','','0000-00-00',0,NULL,'',NULL,NULL,NULL,'2024-05-07 14:38:56',NULL),(412,980,'std0351','348',NULL,'jaamac nuur maxamuud eebakar','','',NULL,NULL,'612566048','',NULL,NULL,NULL,'','',NULL,'Male',NULL,NULL,'',0,'',NULL,NULL,NULL,NULL,NULL,NULL,'','','','','saynab cabdi cumar','618350844','','muuse cabdi cumar','Abti',NULL,'',NULL,NULL,'','','','yes',NULL,'','','0000-00-00',0,NULL,'',NULL,NULL,NULL,'2024-05-07 14:38:56',NULL),(413,982,'std0352','349',NULL,'jaamac mahad c/dulle cadow','','',NULL,NULL,'618724346','',NULL,NULL,NULL,'','',NULL,'Male',NULL,NULL,'',0,'',NULL,NULL,NULL,NULL,NULL,NULL,'','','','','falxado cali cadaawe','618463790','','xuseen c/dulle cadow','Adeer',NULL,'',NULL,NULL,'','','','yes',NULL,'','','0000-00-00',0,NULL,'',NULL,NULL,NULL,'2024-05-07 14:38:56',NULL),(414,984,'std0353','350',NULL,'ruweydo cabdi abuukar maxamed','','',NULL,NULL,'611864671','',NULL,NULL,NULL,'','',NULL,'Female',NULL,NULL,'',0,'',NULL,NULL,NULL,NULL,NULL,NULL,'','','','','sacdiyo cabdi c/dulle','615744992','','sacdiyo cabdi c/dulle','Hooyo',NULL,'',NULL,NULL,'','','','yes',NULL,'','','0000-00-00',0,NULL,'',NULL,NULL,NULL,'2024-05-07 14:38:56',NULL),(415,986,'std0354','351',NULL,'Anwar Axmed C/laahi Saciid','','',NULL,NULL,'611145705','',NULL,NULL,NULL,'','',NULL,'Male',NULL,NULL,'',0,'',NULL,NULL,NULL,NULL,NULL,NULL,'','','','','Dhaahiro Maxamuud Nuur','61','','Dhaahiro Maxamuud Nuur','Hooyo',NULL,'',NULL,NULL,'','','','yes',NULL,'','','0000-00-00',0,NULL,'',NULL,NULL,NULL,'2024-05-07 14:38:56',NULL),(416,988,'std0355','352',NULL,'Naciimo Xasan Abuukar Cumar','','',NULL,NULL,'61','',NULL,NULL,NULL,'','',NULL,'Female',NULL,NULL,'',0,'',NULL,NULL,NULL,NULL,NULL,NULL,'','','','','Laylo Muxudiin Cumar','615771574','','Laylo Muxudiin Cumar','Hooyo',NULL,'',NULL,NULL,'','','','yes',NULL,'','','0000-00-00',0,NULL,'',NULL,NULL,NULL,'2024-05-07 14:38:56',NULL),(417,990,'std0356','353',NULL,'Saciido Cabdi Axmed Wehliye','','',NULL,NULL,'61','',NULL,NULL,NULL,'','',NULL,'Female',NULL,NULL,'',0,'',NULL,NULL,NULL,NULL,NULL,NULL,'','','','','Cabdiyo Maxamed Cismaan','613851019','','Cabdiyo Maxamed Cismaan','Hooyo',NULL,'',NULL,NULL,'','','','yes',NULL,'','','0000-00-00',0,NULL,'',NULL,NULL,NULL,'2024-05-07 14:38:57',NULL),(418,992,'std0357','354',NULL,'Shukri Xuseen Jimcaale Cadow','','',NULL,NULL,'614620622','',NULL,NULL,NULL,'','',NULL,'Female',NULL,NULL,'',0,'',NULL,NULL,NULL,NULL,NULL,NULL,'','','','','Sahro Maxamed Xeyle','612553137','','Sahro Maxamed Xeyle','Hooyo',NULL,'',NULL,NULL,'','','','yes',NULL,'','','0000-00-00',0,NULL,'',NULL,NULL,NULL,'2024-05-07 14:38:57',NULL),(419,994,'std0358','355',NULL,'Cali M.C/llaahi Nuur Jimcaale','','',NULL,NULL,'619975636','',NULL,NULL,NULL,'','',NULL,'Male',NULL,NULL,'',0,'',NULL,NULL,NULL,NULL,NULL,NULL,'','','','','Xaliimo Xuseen Cali','616979188','','M.C/llaahi Nuur Jimcaale','Aabo',NULL,'',NULL,NULL,'','','','yes',NULL,'','','0000-00-00',0,NULL,'',NULL,NULL,NULL,'2024-05-07 14:38:57',NULL),(420,996,'std0359','356',NULL,'Fartuun M.C/llaahi Nuur Jimcaale','','',NULL,NULL,'613491275','',NULL,NULL,NULL,'','',NULL,'Female',NULL,NULL,'',0,'',NULL,NULL,NULL,NULL,NULL,NULL,'','','','','Mako Xuseen Cali','616979138','','M.C/llaahi Nuur Jimcaale','Aabo',NULL,'',NULL,NULL,'','','','yes',NULL,'','','0000-00-00',0,NULL,'',NULL,NULL,NULL,'2024-05-07 14:38:57',NULL),(421,998,'std0360','357','2023-06-13','Maaido Cabdi Muxudiin Cosobow','','',NULL,NULL,'611203473','',NULL,NULL,NULL,'','','2009-06-13','Female',NULL,NULL,'',0,'',NULL,NULL,NULL,NULL,NULL,NULL,'','','','','Safiyo Muuse Cali','615753289','','Safiyo Muuse Cali','Hooyo',NULL,'',NULL,NULL,'','','','yes',NULL,'','','0000-00-00',0,NULL,'',NULL,NULL,NULL,'2024-05-07 14:39:14',NULL),(422,1000,'std0361','358','2023-08-31','Axmed Xasan Cali Jeele','','',NULL,NULL,'618052399','',NULL,NULL,NULL,'','','2005-08-31','Male',NULL,NULL,'',0,'',NULL,NULL,NULL,NULL,NULL,NULL,'','','','','Raaxo Maxamed Nuur','618289280','','C/llaahi Xasan Cali','Aboowe',NULL,'',NULL,NULL,'','','','yes',NULL,'','','0000-00-00',0,NULL,'',NULL,NULL,NULL,'2024-05-07 14:39:14',NULL),(423,1002,'std0362','359','2023-08-31','Naciimo Xasan Cali Jeele','','',NULL,NULL,'61','',NULL,NULL,NULL,'','','2009-08-31','Female',NULL,NULL,'',0,'',NULL,NULL,NULL,NULL,NULL,NULL,'','','','','Raaxo Maxamed Nuur','618289280','','C/llaahi Xasan Cali','Aboowe',NULL,'',NULL,NULL,'','','','yes',NULL,'','','0000-00-00',0,NULL,'',NULL,NULL,NULL,'2024-05-07 14:39:14',NULL),(424,1004,'std0363','360','2023-08-31','Aamino Maxamed Cali Jeele','','',NULL,NULL,'618483373','',NULL,NULL,NULL,'','','2006-08-31','Female',NULL,NULL,'',0,'',NULL,NULL,NULL,NULL,NULL,NULL,'','','','','Dahabo Cumar Shiiraar','613071228','','C/llaahi Xasan Cali','Aboowe',NULL,'',NULL,NULL,'','','','yes',NULL,'','','0000-00-00',0,NULL,'',NULL,NULL,NULL,'2024-05-07 14:39:14',NULL),(425,1006,'std0364','361','2023-08-31','C/risaaq Maxamed Nuur Cade','','',NULL,NULL,'61','',NULL,NULL,NULL,'','','2011-08-31','Male',NULL,NULL,'',0,'',NULL,NULL,NULL,NULL,NULL,NULL,'','','','','Aasiyo Sh Maxamud Muuse','615277671','','Aasiyo Sh Maxamud Muuse','Hooyo',NULL,'',NULL,NULL,'','','','yes',NULL,'','','0000-00-00',0,NULL,'',NULL,NULL,NULL,'2024-05-07 14:39:14',NULL),(426,1008,'std0365','362','2023-08-31','Axmed Maxamed Nuur Cade','','',NULL,NULL,'61','',NULL,NULL,NULL,'','','2006-08-31','Male',NULL,NULL,'',0,'',NULL,NULL,NULL,NULL,NULL,NULL,'','','','','Aasiyo Sh Maxamud Muuse','615277671','','Aasiyo Sh Maxamud Muuse','Hooyo',NULL,'',NULL,NULL,'','','','yes',NULL,'','','0000-00-00',0,NULL,'',NULL,NULL,NULL,'2024-05-07 14:39:14',NULL),(427,1010,'std0366','363','2023-08-31','Asmo Maxamed Nuur Cade','','',NULL,NULL,'61','',NULL,NULL,NULL,'','','2009-08-31','Female',NULL,NULL,'',0,'',NULL,NULL,NULL,NULL,NULL,NULL,'','','','','Aasiyo Sh Maxamud Muuse','615277671','','Aasiyo Sh Maxamud Muuse','Hooyo',NULL,'',NULL,NULL,'','','','yes',NULL,'','','0000-00-00',0,NULL,'',NULL,NULL,NULL,'2024-05-07 14:39:14',NULL),(428,1012,'std0367','364','2023-08-31','Taqwa Maxamed Xareed Rooble','','',NULL,NULL,'61','',NULL,NULL,NULL,'','','2011-08-31','Female',NULL,NULL,'',0,'',NULL,NULL,NULL,NULL,NULL,NULL,'','','','','Safiyo Xasan Maxamud','615801912','','Safiyo Xasan Maxamud','Hooyo',NULL,'',NULL,NULL,'','','','yes',NULL,'','','0000-00-00',0,NULL,'',NULL,NULL,NULL,'2024-05-07 14:39:14',NULL),(429,1014,'std0368','365','2023-08-31','Maandeeq Muuse Maxamed Cali','','',NULL,NULL,'770646481','',NULL,NULL,NULL,'','','2009-08-31','Female',NULL,NULL,'',0,'',NULL,NULL,NULL,NULL,NULL,NULL,'','','','','Safiyo Maxamud Xasan','615129067','','Safiyo Maxamud Xasan','Hooyo',NULL,'',NULL,NULL,'','','','yes',NULL,'','','0000-00-00',0,NULL,'',NULL,NULL,NULL,'2024-05-07 14:39:14',NULL),(430,1016,'std0369','366','2023-09-02','Shankaroon C/laahi Maxamuud Cali','','',NULL,NULL,'613124057','',NULL,NULL,NULL,'','','2023-09-02','Female',NULL,NULL,'',0,'',NULL,NULL,NULL,NULL,NULL,NULL,'','','','','Luuleey C/laahi Xasan','615932738','','Luuleey C/laahi Xasan','Hooyo',NULL,'',NULL,NULL,'','','','yes',NULL,'','','0000-00-00',0,NULL,'',NULL,NULL,NULL,'2024-05-07 14:39:14',NULL),(431,1018,'std0370','367','2023-09-02','Cali C/laahi Axmed Cali','','',NULL,NULL,'611684872','',NULL,NULL,NULL,'','','2006-09-02','Male',NULL,NULL,'',0,'',NULL,NULL,NULL,NULL,NULL,NULL,'','','','','casuuro maxamuud culusow','612897613','','Axmed C/laahi Axmed','Adeer',NULL,'',NULL,NULL,'','','','yes',NULL,'','','0000-00-00',0,NULL,'',NULL,NULL,NULL,'2024-05-07 14:39:14',NULL),(432,1020,'std0371','368','2023-09-02','Tasliin c/nuur xasan axmed','','',NULL,NULL,'614334469','',NULL,NULL,NULL,'','','2009-09-02','Female',NULL,NULL,'',0,'',NULL,NULL,NULL,NULL,NULL,NULL,'','','','','caasho c/dulle dhaaley','618994274','','fartuun c/dulle dhaaley','Hooyo',NULL,'',NULL,NULL,'','','','yes',NULL,'','','0000-00-00',0,NULL,'',NULL,NULL,NULL,'2024-05-07 14:39:14',NULL),(433,1022,'std0372','369','2023-09-02','Rayaan maxamed jimcaale socdaal','','',NULL,NULL,'61','',NULL,NULL,NULL,'','','0010-09-02','Female',NULL,NULL,'',0,'',NULL,NULL,NULL,NULL,NULL,NULL,'','','','','xAAWO LUUL aBSUGE','615844731','','xAAWO LUUL aBSUGE','Hooyo',NULL,'',NULL,NULL,'','','','yes',NULL,'','','0000-00-00',0,NULL,'',NULL,NULL,NULL,'2024-05-07 14:39:14',NULL),(434,1024,'std0373','370','2023-09-02','cumar xasan tuuryare calasow','','',NULL,NULL,'614214160','',NULL,NULL,NULL,'','','2008-09-02','Male',NULL,NULL,'',0,'',NULL,NULL,NULL,NULL,NULL,NULL,'','','','','maryan maxamuud yuusuf','618380623','','maxamed xasan tuuryare','Aboowe',NULL,'',NULL,NULL,'','','','yes',NULL,'','','0000-00-00',0,NULL,'',NULL,NULL,NULL,'2024-05-07 14:39:14',NULL),(435,1026,'std0374','371','2023-09-02','sowdo xasan tuuryare calasow','','',NULL,NULL,'613118725','',NULL,NULL,NULL,'','','2023-09-02','Female',NULL,NULL,'',0,'',NULL,NULL,NULL,NULL,NULL,NULL,'','','','','maryan maxamuud yuusuf','618380623','','maxamed xasan tuuryare','Aboowe',NULL,'',NULL,NULL,'','','','yes',NULL,'','','0000-00-00',0,NULL,'',NULL,NULL,NULL,'2024-05-07 14:39:14',NULL),(436,1028,'std0375','372','2023-09-02','Baashir xaamud maxamed xiinshe','','',NULL,NULL,'611696778','',NULL,NULL,NULL,'','','2007-09-02','Male',NULL,NULL,'',0,'',NULL,NULL,NULL,NULL,NULL,NULL,'','','','','salaado xasan baraxow','618380623','','nuuro maxamed xuurshe','Eedo',NULL,'',NULL,NULL,'','','','yes',NULL,'','','0000-00-00',0,NULL,'',NULL,NULL,NULL,'2024-05-07 14:39:14',NULL),(437,1030,'std0376','373','2023-11-11','Anas Maxamed Ibraahim Cali','','',NULL,NULL,'618723439','',NULL,NULL,NULL,'','','2010-11-11','Male',NULL,NULL,'',0,'',NULL,NULL,NULL,NULL,NULL,NULL,'','','','','Raxmo Mxamuud Axmed','618723439','','Raxmo Mxamuud Axmed','Hooyo',NULL,'',NULL,NULL,'','','','yes',NULL,'','','0000-00-00',0,NULL,'',NULL,NULL,NULL,'2024-05-07 14:39:14',NULL),(438,1032,'std0377','374','2023-11-11','Saacid Cabdi Cosoble barqadle','','',NULL,NULL,'61','',NULL,NULL,NULL,'','','2008-11-11','Male',NULL,NULL,'',0,'',NULL,NULL,NULL,NULL,NULL,NULL,'','','','','Deeqo Maxamed Iidoow','618022391','','Deeqo Maxamed Iidoow','Hooyo',NULL,'',NULL,NULL,'','','','yes',NULL,'','','0000-00-00',0,NULL,'',NULL,NULL,NULL,'2024-05-07 14:39:14',NULL),(439,1034,'std0378','375','2023-11-11','Sihaam Yaasiin Yuusuf nuur','','',NULL,NULL,'61','',NULL,NULL,NULL,'','','2009-11-11','Female',NULL,NULL,'',0,'',NULL,NULL,NULL,NULL,NULL,NULL,'','','','','Safiyo Yaasiin Docaale','616575224','','Safiyo Yaasiin Docaale','Hooyo',NULL,'',NULL,NULL,'','','','yes',NULL,'','','0000-00-00',0,NULL,'',NULL,NULL,NULL,'2024-05-07 14:39:14',NULL),(440,1036,'std0379','376','2023-11-12','Deeqoow Ducaale Cumar Raage','','',NULL,NULL,'616430102','',NULL,NULL,NULL,'','','2010-11-12','Male',NULL,NULL,'',0,'',NULL,NULL,NULL,NULL,NULL,NULL,'','','','','Faadumo Gacal Nuur','616430102','','Faadumo Gacal Nuur','Hooyo',NULL,'',NULL,NULL,'','','','yes',NULL,'','','0000-00-00',0,NULL,'',NULL,NULL,NULL,'2024-05-07 14:39:14',NULL),(441,1038,'std0380','377','2023-12-26','Mowliid Maxamed Axmed Cali','','',NULL,NULL,'619174876','',NULL,NULL,NULL,'','','2005-12-26','Male',NULL,NULL,'',0,'',NULL,NULL,NULL,NULL,NULL,NULL,'','','','','Madiino Maxamed Toxob','618678653','','Maxamed Axmed Cali','Aabo',NULL,'',NULL,NULL,'','','','yes',NULL,'','','0000-00-00',0,NULL,'',NULL,NULL,NULL,'2024-05-07 14:39:14',NULL),(442,1040,'std0381','378','2023-12-26','Sihaam Abuukar Cirre Xasan','','',NULL,NULL,'61','',NULL,NULL,NULL,'','','2010-12-26','Female',NULL,NULL,'',0,'',NULL,NULL,NULL,NULL,NULL,NULL,'','','','','Luuley Axmed Cali','618336418','','Luuley Axmed Cali','Hooyo',NULL,'',NULL,NULL,'','','','yes',NULL,'','','0000-00-00',0,NULL,'',NULL,NULL,NULL,'2024-05-07 14:39:14',NULL),(443,1042,'std0382','379','2024-03-30','faadumo Cali Maxamuud Cali','','',NULL,NULL,'611121432','',NULL,NULL,NULL,'','','2008-03-30','Female',NULL,NULL,'',0,'',NULL,NULL,NULL,NULL,NULL,NULL,'','','','','SHukri Maxamed Axmed','61590359','','SHukri Maxamed Axme','Hooyo',NULL,'',NULL,NULL,'','','','yes',NULL,'','','0000-00-00',0,NULL,'',NULL,NULL,NULL,'2024-05-07 14:39:14',NULL),(444,1044,'std0383','380','2024-03-30','ismaaciil Maxamed','','',NULL,NULL,'619767595','',NULL,NULL,NULL,'','','2008-03-30','Male',NULL,NULL,'',0,'',NULL,NULL,NULL,NULL,NULL,NULL,'','','','','Faadumo C/laahi Socdaal','615233868','','Faadumo C/laahi Socdaal','Hooyo',NULL,'',NULL,NULL,'','','','yes',NULL,'','','0000-00-00',0,NULL,'',NULL,NULL,NULL,'2024-05-07 14:39:14',NULL),(445,1046,'std0384','381','2023-08-31','Cadnaan Cabdi Maxamud Axmed','','',NULL,NULL,'61','',NULL,NULL,NULL,'','','2010-08-31','Male',NULL,NULL,'',0,'',NULL,NULL,NULL,NULL,NULL,NULL,'','','','','Kaltuumo Sh Maxamud Muuse','615705680','','Cabdi Maxamud Axmed','Aabo',NULL,'',NULL,NULL,'','','','yes',NULL,'','','0000-00-00',0,NULL,'',NULL,NULL,NULL,'2024-05-07 14:39:14',NULL),(446,1048,'std0385','382','2023-09-02','Raaxo Maxamuud Cumar Xasan','','',NULL,NULL,'618753736','',NULL,NULL,NULL,'','','2008-09-02','Female',NULL,NULL,'',0,'',NULL,NULL,NULL,NULL,NULL,NULL,'','','','','madiino Cali Cumar','615281636','','madiino Cali Cumar','Hooyo',NULL,'',NULL,NULL,'','','','yes',NULL,'','','0000-00-00',0,NULL,'',NULL,NULL,NULL,'2024-05-07 14:39:14',NULL),(447,1050,'std0386','383','2023-09-02','salaad cusmaan xuseen colow','','',NULL,NULL,'611865294','',NULL,NULL,NULL,'','','2009-09-02','Male',NULL,NULL,'',0,'',NULL,NULL,NULL,NULL,NULL,NULL,'','','','','sowdo axmed ibraahim','618350844','','c/laahi xasan cali','Adeer',NULL,'',NULL,NULL,'','','','yes',NULL,'','','0000-00-00',0,NULL,'',NULL,NULL,NULL,'2024-05-07 14:39:14',NULL),(448,1052,'std0387','384','2023-12-26','Ilyaas C/qaadir Maxamed Axmed','','',NULL,NULL,'684853615','',NULL,NULL,NULL,'','','2006-12-26','Male',NULL,NULL,'',0,'',NULL,NULL,NULL,NULL,NULL,NULL,'','','','','Faadumo Wehliye Xasan','618678653','','C/qaadir Maxamed Axmed','Aabo',NULL,'',NULL,NULL,'','','','yes',NULL,'','','0000-00-00',0,NULL,'',NULL,NULL,NULL,'2024-05-07 14:39:15',NULL),(449,1054,'std0388','384','2023-08-31','Saabariin Carab Cumar Sh Axmed','','',NULL,NULL,'61','',NULL,NULL,NULL,'','','2012-08-31','Female',NULL,NULL,'',0,'',NULL,NULL,NULL,NULL,NULL,NULL,'','','','','Sacdiyo Sh Maxamud Faarax','613355723','','Sacdiyo Sh Maxamud Faarax','Hooyo',NULL,'',NULL,NULL,'','','','yes',NULL,'','','0000-00-00',0,NULL,'',NULL,NULL,NULL,'2024-05-07 14:39:46',NULL),(450,1056,'std0389','385','2023-09-02','micraaj aadan axmed maxamed','','',NULL,NULL,'no','',NULL,NULL,NULL,'','','2023-09-02','Female',NULL,NULL,'',0,'',NULL,NULL,NULL,NULL,NULL,NULL,'','','','','farxiyo macalin axmed','615641426','','aadan axmed maxamed','Aabo',NULL,'',NULL,NULL,'','','','yes',NULL,'','','0000-00-00',0,NULL,'',NULL,NULL,NULL,'2024-05-07 14:39:46',NULL),(451,1058,'std0390','386','2023-11-11','Sihaam Cali Ibraahim Axmed','','',NULL,NULL,'61','',NULL,NULL,NULL,'','','2013-11-11','Female',NULL,NULL,'',0,'',NULL,NULL,NULL,NULL,NULL,NULL,'','','','','Caasha Macali Cabdi Rooble','618460023','','Caasha Macali Cabdi Rooble','Hooyo',NULL,'',NULL,NULL,'','','','yes',NULL,'','','0000-00-00',0,NULL,'',NULL,NULL,NULL,'2024-05-07 14:39:46',NULL),(452,1060,'std0391','387','2023-11-11','C/salaam C/qaadir Cali Salaad','','',NULL,NULL,'61','',NULL,NULL,NULL,'','','2004-11-11','Male',NULL,NULL,'',0,'',NULL,NULL,NULL,NULL,NULL,NULL,'','','','','Farxiyo Cali Culusoow','618725869','','Farxiyo Cali Culusoow','Hooyo',NULL,'',NULL,NULL,'','','','yes',NULL,'','','0000-00-00',0,NULL,'',NULL,NULL,NULL,'2024-05-07 14:39:46',NULL),(453,1062,'std0392','388','2023-09-02','yaasiin Barre Xuseen Raage','','',NULL,NULL,'612019485','',NULL,NULL,NULL,'','','2009-09-02','Male',NULL,NULL,'',0,'',NULL,NULL,NULL,NULL,NULL,NULL,'','','','','Faay Maxamuud Xeyle','615447157','','Faay Maxamuud Xeyle','Hooyo',NULL,'',NULL,NULL,'','','','yes',NULL,'','','0000-00-00',0,NULL,'',NULL,NULL,NULL,'2024-05-07 14:39:46',NULL),(454,1064,'std0393','389','2023-09-02','iqro maxamed cumar cali','','',NULL,NULL,'61','',NULL,NULL,NULL,'','','2023-09-02','Female',NULL,NULL,'',0,'',NULL,NULL,NULL,NULL,NULL,NULL,'','','','','xaawo ibraahim axmed','616258509','','maxamed cumar cal','Aabo',NULL,'',NULL,NULL,'','','','yes',NULL,'','','0000-00-00',0,NULL,'',NULL,NULL,NULL,'2024-05-07 14:39:47',NULL),(455,1066,'std0394','390','2023-09-02','saabariin Maxamuud Daahir Cumar','','',NULL,NULL,'61','',NULL,NULL,NULL,'','','2010-09-02','Female',NULL,NULL,'',0,'',NULL,NULL,NULL,NULL,NULL,NULL,'','','','','Xaawo Luul Ibraahim','618106577','','Xaawo Luul Ibraahim','Hooyo',NULL,'',NULL,NULL,'','','','yes',NULL,'','','0000-00-00',0,NULL,'',NULL,NULL,NULL,'2024-05-07 14:39:47',NULL),(456,1068,'std0395','391','2023-12-26','Nawaaf Cali Geedi Maxamed','','',NULL,NULL,'611173834','',NULL,NULL,NULL,'','','2008-12-26','Female',NULL,NULL,'',0,'',NULL,NULL,NULL,NULL,NULL,NULL,'','','','','Safiyo Maxamed Maxamud','615596133','','Safiyo Maxamed Maxamud','Hooyo',NULL,'',NULL,NULL,'','','','yes',NULL,'','','0000-00-00',0,NULL,'',NULL,NULL,NULL,'2024-05-07 14:39:47',NULL),(457,1070,'std0396','392','2023-12-26','C/raxmaan Cali Geedi Maxamed','','',NULL,NULL,'614892715','',NULL,NULL,NULL,'','','2012-12-26','Male',NULL,NULL,'',0,'',NULL,NULL,NULL,NULL,NULL,NULL,'','','','','Safiyo Maxamed Maxamud','615596133','','Safiyo Maxamed Maxamud','Hooyo',NULL,'',NULL,NULL,'','','','yes',NULL,'','','0000-00-00',0,NULL,'',NULL,NULL,NULL,'2024-05-07 14:39:47',NULL),(458,1072,'std0397','393','2023-12-26','C/salaan Maxamed Tooxow Guulow','','',NULL,NULL,'614892715','',NULL,NULL,NULL,'','','2011-12-26','Male',NULL,NULL,'',0,'',NULL,NULL,NULL,NULL,NULL,NULL,'','','','','Mako Cabdulle Cabdi','61','','Maxamed Tooxow Guulow','Aabo',NULL,'',NULL,NULL,'','','','yes',NULL,'','','0000-00-00',0,NULL,'',NULL,NULL,NULL,'2024-05-07 14:39:47',NULL),(459,1074,'std0398','394','2023-12-26','Mustaf Axmed Gaabow Joodax','','',NULL,NULL,'61','',NULL,NULL,NULL,'','','2010-12-26','Male',NULL,NULL,'',0,'',NULL,NULL,NULL,NULL,NULL,NULL,'','','','','Madiino Maxamud Jimcaale','615884540','','Madiino Maxamud Jimcaale','Hooyo',NULL,'',NULL,NULL,'','','','yes',NULL,'','','0000-00-00',0,NULL,'',NULL,NULL,NULL,'2024-05-07 14:39:47',NULL),(460,1076,'std0399','395','2023-12-27','Munasar C/llaahi Maxamed Maxamud','','',NULL,NULL,'61','',NULL,NULL,NULL,'','','2008-12-27','Male',NULL,NULL,'',0,'',NULL,NULL,NULL,NULL,NULL,NULL,'','','','','Xamso Cabdulle','615906327','','Xamso Cabdulle','Hooyo',NULL,'',NULL,NULL,'','','','yes',NULL,'','','0000-00-00',0,NULL,'',NULL,NULL,NULL,'2024-05-07 14:39:47',NULL),(461,1078,'std0400','396','2024-01-14','nasteexo axmed maxamed guuleed','','',NULL,NULL,'61','',NULL,NULL,NULL,'','','2013-01-14','Female',NULL,NULL,'',0,'',NULL,NULL,NULL,NULL,NULL,NULL,'','','','','aamino Yuusuf Hilowle','618202163','','Safiyo Cali Yuusuf','Habaryar',NULL,'',NULL,NULL,'','','','yes',NULL,'','','0000-00-00',0,NULL,'',NULL,NULL,NULL,'2024-05-07 14:39:47',NULL),(462,1080,'std0401','397','2024-03-24','xaawoluul xasan maxamuud maxamed','','',NULL,NULL,'61','',NULL,NULL,NULL,'','','2024-03-24','Female',NULL,NULL,'',0,'',NULL,NULL,NULL,NULL,NULL,NULL,'','','','','taliso maxamed nuur','615456862','','taliso maxamed nuur','Hooyo',NULL,'',NULL,NULL,'','','','yes',NULL,'','','0000-00-00',0,NULL,'',NULL,NULL,NULL,'2024-05-07 14:39:47',NULL),(463,1082,'std0402','398','2024-03-24','safiyo axmed maxamuud maxamed','','',NULL,NULL,'61','',NULL,NULL,NULL,'','','2024-03-24','Female',NULL,NULL,'',0,'',NULL,NULL,NULL,NULL,NULL,NULL,'','','','','tifey csli maxamed','615244666','','tifey csli maxamed','Hooyo',NULL,'',NULL,NULL,'','','','yes',NULL,'','','0000-00-00',0,NULL,'',NULL,NULL,NULL,'2024-05-07 14:39:47',NULL),(464,1084,'std0403','399','2024-03-24','nasteexo Axmed maxamed maxamuud','','',NULL,NULL,'61','',NULL,NULL,NULL,'','','2024-03-24','Female',NULL,NULL,'',0,'',NULL,NULL,NULL,NULL,NULL,NULL,'','','','','shukri cali xasan','615097541','','shukri cali xasan','Hooyo',NULL,'',NULL,NULL,'','','','yes',NULL,'','','0000-00-00',0,NULL,'',NULL,NULL,NULL,'2024-05-07 14:39:47',NULL),(465,1086,'std0404','400','2024-03-24','ceyni Abuukar maxamed maxamuud','','',NULL,NULL,'61','',NULL,NULL,NULL,'','','2024-03-24','Female',NULL,NULL,'',0,'',NULL,NULL,NULL,NULL,NULL,NULL,'','','','','shukri cali xasan','615097541','','shukri cali xasan','Hooyo',NULL,'',NULL,NULL,'','','','yes',NULL,'','','0000-00-00',0,NULL,'',NULL,NULL,NULL,'2024-05-07 14:39:47',NULL),(466,1088,'std0405','401','2024-03-24','Rayaan Xasan Suudi Maxamed','','',NULL,NULL,'61','',NULL,NULL,NULL,'','','2024-03-24','Female',NULL,NULL,'',0,'',NULL,NULL,NULL,NULL,NULL,NULL,'','','','','xabiibo xuseen maxamed','615450970','','xasan suudi maxamed','Aabo',NULL,'',NULL,NULL,'','','','yes',NULL,'','','0000-00-00',0,NULL,'',NULL,NULL,NULL,'2024-05-07 14:39:47',NULL),(467,1090,'std0406','402','2024-03-24','Aamino Axmed Maxamuud','','',NULL,NULL,'61','',NULL,NULL,NULL,'','','2024-03-24','Female',NULL,NULL,'',0,'',NULL,NULL,NULL,NULL,NULL,NULL,'','','','','tifey cali maxamed','615244666','','tifey cali maxamed','Hooyo',NULL,'',NULL,NULL,'','','','yes',NULL,'','','0000-00-00',0,NULL,'',NULL,NULL,NULL,'2024-05-07 14:39:47',NULL),(468,1092,'std0407','403','2024-03-24','nasteexo axmed maxamed guuleed','','',NULL,NULL,'61','',NULL,NULL,NULL,'','','2013-03-24','Female',NULL,NULL,'',0,'',NULL,NULL,NULL,NULL,NULL,NULL,'','','','','aamino suusuf hilowle','616107961','','aamino suusuf hilowle','Hooyo',NULL,'',NULL,NULL,'','','','yes',NULL,'','','0000-00-00',0,NULL,'',NULL,NULL,NULL,'2024-05-07 14:39:47',NULL),(469,1094,'std0408','404','2024-03-24','maaido muqtaar maxmed maxamuud','','',NULL,NULL,'61','',NULL,NULL,NULL,'','','2011-03-24','Female',NULL,NULL,'',0,'',NULL,NULL,NULL,NULL,NULL,NULL,'','','','','faaiso axmed saciid','615097541','','faaiso axmed saciid','Hooyo',NULL,'',NULL,NULL,'','','','yes',NULL,'','','0000-00-00',0,NULL,'',NULL,NULL,NULL,'2024-05-07 14:39:47',NULL),(470,1096,'std0409','405','2023-12-26','C/casiis Cali Geedi Maxamed','','',NULL,NULL,'61','',NULL,NULL,NULL,'','','2010-12-26','Male',NULL,NULL,'',0,'',NULL,NULL,NULL,NULL,NULL,NULL,'','','','','Safiyo Maxamed Maxamud','615596133','','Safiyo Maxamed Maxamud','Hooyo',NULL,'',NULL,NULL,'','','','yes',NULL,'','','0000-00-00',0,NULL,'',NULL,NULL,NULL,'2024-05-07 14:39:47',NULL),(471,1098,'std0410','406','2023-08-31','C/rixiin C/qaadir Cali Mustaf','','',NULL,NULL,'618037209','',NULL,NULL,NULL,'','','2007-08-31','Male',NULL,NULL,'',0,'',NULL,NULL,NULL,NULL,NULL,NULL,'','','','','Nimco Maxamed Xasan','615726258','','Nimco Maxamed Xasan','Hooyo',NULL,'',NULL,NULL,'','','','yes',NULL,'','','0000-00-00',0,NULL,'',NULL,NULL,NULL,'2024-05-07 14:40:09',NULL),(472,1100,'std0411','407','2023-09-02','faadumo Aadan ismaan aadan','','',NULL,NULL,'617525003','',NULL,NULL,NULL,'','','2012-09-02','Female',NULL,NULL,'',0,'',NULL,NULL,NULL,NULL,NULL,NULL,'','','','','canab cadow ibraahim','615093027','','canab cadow ibraahim','Hooyo',NULL,'',NULL,NULL,'','','','yes',NULL,'','','0000-00-00',0,NULL,'',NULL,NULL,NULL,'2024-05-07 14:40:09',NULL),(473,1102,'std0412','408','2023-09-02','Fahad Yaasin Yuusuf Nuur','','',NULL,NULL,'618268354','',NULL,NULL,NULL,'','','2010-09-02','Male',NULL,NULL,'',0,'',NULL,NULL,NULL,NULL,NULL,NULL,'','','','','Safiyo Yaasiin Docaale','616575224','','Safiyo Yaasiin Docaale','Hooyo',NULL,'',NULL,NULL,'','','','yes',NULL,'','','0000-00-00',0,NULL,'',NULL,NULL,NULL,'2024-05-07 14:40:09',NULL),(474,1104,'std0413','409','2023-11-11','Hani Maxamed Xasan Ciyoow','','',NULL,NULL,'619727854','',NULL,NULL,NULL,'','','2023-11-11','Female',NULL,NULL,'',0,'',NULL,NULL,NULL,NULL,NULL,NULL,'','','','','Maryan Axmed Warsame','615645043','','Maryan Axmed Warsame','Hooyo',NULL,'',NULL,NULL,'','','','yes',NULL,'','','0000-00-00',0,NULL,'',NULL,NULL,NULL,'2024-05-07 14:40:09',NULL),(475,1106,'std0414','410','2023-12-26','Saadaq Daahir Cusmaan Xasan','','',NULL,NULL,'613266601','',NULL,NULL,NULL,'','','2010-12-26','Male',NULL,NULL,'',0,'',NULL,NULL,NULL,NULL,NULL,NULL,'','','','','Saciido Macalin Maxamed','615561135','','Saciido Macalin Maxamed','Hooyo',NULL,'',NULL,NULL,'','','','yes',NULL,'','','0000-00-00',0,NULL,'',NULL,NULL,NULL,'2024-05-07 14:40:09',NULL),(476,1108,'std0415','411','2024-03-24','caasho maxamed nuur cadde','','',NULL,NULL,'61','',NULL,NULL,NULL,'','','2013-03-24','Female',NULL,NULL,'',0,'',NULL,NULL,NULL,NULL,NULL,NULL,'','','','','Aasiyo sh.maxamuud muuse','615277671','','Aasiyo sh.maxamuud muuse','Hooyo',NULL,'',NULL,NULL,'','','','yes',NULL,'','','0000-00-00',0,NULL,'',NULL,NULL,NULL,'2024-05-07 14:40:09',NULL),(477,1110,'std0416','1',NULL,'Axmed Maxamed Muuse Cali','','','',NULL,'61','',NULL,NULL,NULL,'','',NULL,'Male','','','',0,'',NULL,'','','','','','','','','','Foosiyo Maxamed Cumar','615364772','','Foosiyo Maxamed Cumar','Hooyo','','','','','','','','yes','','','','0000-00-00',0,'','',NULL,'ekd-XRe7MPA:APA91bHxDzcMWgv5b0oG5U9qwo_4QaMZUXTEWePKEZzr03NQUFp2ya-LtU_KyYpzsVquPZgYBzSV8--Xl_iTxgtEVZP1ERasS0jBGfhOj53675FDAPnzSTdZ3fDvzy5uBTaL_VmDnBlV',NULL,'2024-05-11 09:24:57',NULL),(478,1112,'std0417','2',NULL,'Sacdiyo Maxamed Xuseen Cali','','','',NULL,'61','',NULL,NULL,NULL,'','',NULL,'Male','','','',0,'',NULL,'','','','','','','','','','Faadumo Abuukar Cali','615921562','','Faadumo Abuukar Cali','Eedo','','','','','','','','yes','','','','0000-00-00',0,'','','en9SUdHhYnk:APA91bFBZQwlrbwtk15BB0CLd4BC-noBEp0aSW3c_lkA0d4Ca7D4P6K-Guuk4BhfQv5tOtMEw5UA0_Dx5Ra5iMHo68n1jHq6Eyq-1gXUxx_ggiI19SvbMALSfrRJXGTRL7rYgmk6IJq8',NULL,NULL,'2024-05-11 09:25:59',NULL),(479,1114,'std0418','3',NULL,'Abuukar Cusmaan Axmed Cabdi','','','',NULL,'612506743','',NULL,NULL,NULL,'','',NULL,'Male','','','',0,'',NULL,'','','','','','','','','','Aamino C/qaadir Bersenji','612715372','','Aamino C/qaadir Bersenji','Aabo','','','','','','','','yes','','','','0000-00-00',0,'','',NULL,NULL,NULL,'2024-05-07 15:06:55',NULL),(480,1116,'std0419','4',NULL,'Abuukar Maxamed Yabarow','','','',NULL,'612109697','',NULL,NULL,NULL,'','',NULL,'Male','','','',0,'',NULL,'','','','','','','','','','Xabiibo Macalin Maxamud','61','','Caasho Cali Xasan','Adeer','','','','','','','','yes','','','','0000-00-00',0,'','',NULL,NULL,NULL,'2024-05-07 15:06:55',NULL),(481,1118,'std0420','5',NULL,'Axmed Wali Ibraahim Cali','','','',NULL,'612110204','',NULL,NULL,NULL,'','',NULL,'Male','','','',0,'',NULL,'','','','','','','','','','Farxiyo Maxamud','61','','Ibraahim Cali','Adeer','','','','','','','','yes','','','','0000-00-00',0,'','',NULL,NULL,NULL,'2024-05-07 15:06:55',NULL),(482,1120,'std0421','6',NULL,'Ibraahim Cali Tooxow Cadow','','','',NULL,'61','',NULL,NULL,NULL,'','',NULL,'Male','','','',0,'',NULL,'','','','','','','','','','Madiino Cali Xasan','61','','C/llaahi Tooxow Cadow','Hooyo','','','','','','','','yes','','','','0000-00-00',0,'','',NULL,NULL,NULL,'2024-05-07 15:06:55',NULL),(483,1122,'std0422','7',NULL,'Ismaaciil Xasan Tooxow Cadow','','','',NULL,'61','',NULL,NULL,NULL,'','',NULL,'Male','','','',0,'',NULL,'','','','','','','','','','Xaliimo Xasan Cali','61','','C/llaahi Tooxow Cadow','Hooyo','','','','','','','','yes','','','','0000-00-00',0,'','',NULL,NULL,NULL,'2024-05-07 15:06:55',NULL),(484,1124,'std0423','8',NULL,'Khaalid Maxamed Maxamud Cabdulle','','','',NULL,'616147963','',NULL,NULL,NULL,'','',NULL,'Male','','','',0,'',NULL,'','','','','','','','','','Xabiibo Muxudiin Cumar','61','','Xabiibo Muxudiin Cumar','Hooyo','','','','','','','','yes','','','','0000-00-00',0,'','',NULL,NULL,NULL,'2024-05-07 15:06:55',NULL),(485,1126,'std0424','9',NULL,'Maxamed Ibraahim Cali Maxamud','','','',NULL,'613706529','',NULL,NULL,NULL,'','',NULL,'Male','','','',0,'',NULL,'','','','','','','','','','Xaliimo Cali Calasow','61','','Xaliimo Cali Calasow','Aabo','','','','','','','','yes','','','','0000-00-00',0,'','',NULL,NULL,NULL,'2024-05-07 15:06:55',NULL),(486,1128,'std0425','10',NULL,'Muuse Axmed Maxamed Maxamud','','','',NULL,'612933013','',NULL,NULL,NULL,'','',NULL,'Male','','','',0,'',NULL,'','','','','','','','','','Xakiimo Maxamud Calasow','61','','Xakiimo Maxamud Calasow','Adeer','','','','','','','','yes','','','','0000-00-00',0,'','',NULL,NULL,NULL,'2024-05-07 15:06:55',NULL),(487,1130,'std0426','11',NULL,'Saciid Mustaf Maxamed Xuseen','','','',NULL,'61','',NULL,NULL,NULL,'','',NULL,'Male','','','',0,'',NULL,'','','','','','','','','','Khadiijo Jeylaani Tawakal','61','','Mustaf Maxamed Xuseen','Adeer','','','','','','','','yes','','','','0000-00-00',0,'','',NULL,NULL,NULL,'2024-05-07 15:06:55',NULL),(488,1132,'std0427','12',NULL,'Xasan Maxamud Maxamed Mahdi','','','',NULL,'612242829','',NULL,NULL,NULL,'','',NULL,'Female','','','',0,'',NULL,'','','','','','','','','','Nasro Maxamed Hilowle','61','','Shamso Yuusuf Cusmaan','Hooyo','','','','','','','','yes','','','','0000-00-00',0,'','',NULL,NULL,NULL,'2024-05-07 15:06:55',NULL),(489,1134,'std0428','13',NULL,'Yuusuf Cali Cabdulle Cali','','','',NULL,'613743551','',NULL,NULL,NULL,'','',NULL,'Female','','','',0,'',NULL,'','','','','','','','','','Maryan Muxudiin Muuse','61','','Cali Hilowle Cali','Adeer','','','','','','','','yes','','','','0000-00-00',0,'','',NULL,NULL,NULL,'2024-05-10 14:45:17',NULL),(490,1136,'std0429','14',NULL,'Ayaan Shire Cabdi Cosoble','','','',NULL,'613268197','',NULL,NULL,NULL,'','',NULL,'Female','','','',0,'',NULL,'','','','','','','','','','Leylo Xasan Calasow','61','','Leylo Xasan Calasow','Hooyo','','','','','','','','yes','','','','0000-00-00',0,'','',NULL,NULL,NULL,'2024-05-07 15:06:55',NULL),(491,1138,'std0430','15',NULL,'Fardowso Cumar Maxamed Cabdi','','','',NULL,'619050732','',NULL,NULL,NULL,'','',NULL,'Female','','','',0,'',NULL,'','','','','','','','','','Leylo Caadle Guulow','61','','Cumar Maxamed Cabdi','Aabo','','','','','','','','yes','','','','0000-00-00',0,'','',NULL,NULL,NULL,'2024-05-07 15:06:55',NULL),(492,1140,'std0431','16',NULL,'Fartuun Axmed Cabdulle Xasan','','','',NULL,'613678620','',NULL,NULL,NULL,'','',NULL,'Female','','','',0,'',NULL,'','','','','','','','','','Zamzam Maxamud Xasan','61','','Zamzam Maxamud Xasan','Hooyo','','','','','','','','yes','','','','0000-00-00',0,'','',NULL,NULL,NULL,'2024-05-07 15:06:55',NULL),(493,1142,'std0432','17',NULL,'Maryan Hilowle Maxamed Cadaawe','','','',NULL,'617420882','',NULL,NULL,NULL,'','',NULL,'Female','','','',0,'',NULL,'','','','','','','','','','Fardowso Axmed Cadaawe','61','','Hilowle Maxamed Cadaawe','Hooyo','','','','','','','','yes','','','','0000-00-00',0,'','',NULL,NULL,NULL,'2024-05-07 15:06:55',NULL),(494,1144,'std0433','18',NULL,'Nasro C/llaahi Maxamud Cosoble','','','',NULL,'612873902','',NULL,NULL,NULL,'','',NULL,'Female','','','',0,'',NULL,'','','','','','','','','','Seynab Maxamud Sheekh','61','','Seynab Maxamud Sheekh','Hooyo','','','','','','','','yes','','','','0000-00-00',0,'','',NULL,NULL,NULL,'2024-05-07 15:06:55',NULL),(495,1146,'std0434','19',NULL,'Nuurto Maxamed Xasan Maxamed','','','',NULL,'612239209','',NULL,NULL,NULL,'','',NULL,'Female','','','',0,'',NULL,'','','','','','','','','','Caasho Maxamed Cadow','61','','Caasho Maxamed Cadow','Aabo','','','','','','','','yes','','','','0000-00-00',0,'','',NULL,NULL,NULL,'2024-05-07 15:06:56',NULL),(496,1148,'std0435','20',NULL,'Naciimo C/rishiid Cumar Maxamed','','','',NULL,'615898209','',NULL,NULL,NULL,'','',NULL,'Female','','','',0,'',NULL,'','','','','','','','','','Xaliimo Axmed Dhiblaawe','615300370','','Xaliimo Axmed Dhiblaawe','Hooyo','','','','','','','','yes','','','','0000-00-00',0,'','',NULL,NULL,NULL,'2024-05-07 15:06:56',NULL),(497,1150,'std0436','21',NULL,'Ismaaciil Muxudiin Xasan Maxamed','','','',NULL,'615820492','',NULL,NULL,NULL,'','',NULL,'Male','','','',0,'',NULL,'','','','','','','','','','Batuulo Maxamed Xasan','612864008','','Muxudiin Xasan Maxamed','Hooyo','','','','','','','','yes','','','','0000-00-00',0,'','',NULL,NULL,NULL,'2024-05-07 15:06:56',NULL),(498,1152,'std0437','22',NULL,'Iqro Maxamed Axmed Muudhe','','','',NULL,'615186830','',NULL,NULL,NULL,'','',NULL,'Female','','','',0,'',NULL,'','','','','','','','','','Fartuun Nuur Cali','615898209','','Fartuun Nuur Cali','Hooyo','','','','','','','','yes','','','','0000-00-00',0,'','',NULL,NULL,NULL,'2024-05-07 15:06:56',NULL),(499,1154,'std0438','23',NULL,'Faadumo Maxamed Maxamud Maxamed','','','',NULL,'770599973','',NULL,NULL,NULL,'','',NULL,'Female','','','',0,'',NULL,'','','','','','','','','','Shukri Xasan Rooble','615820492','','Shukri Xasan Dhooble','Hooyo','','','','','','','','yes','','','','0000-00-00',0,'','',NULL,NULL,NULL,'2024-05-07 15:06:56',NULL),(500,1156,'std0439','24',NULL,'Faxdi C/qaadir Cali Maxamud','','','',NULL,'610467473','',NULL,NULL,NULL,'','',NULL,'Female','','','',0,'',NULL,'','','','','','','','','','Gobey Maxamud Colow','615186830','','Gobey Maxamud Colow','Hooyo','','','','','','','','yes','','','','0000-00-00',0,'','',NULL,NULL,NULL,'2024-05-07 15:06:56',NULL),(501,1158,'std0440','25',NULL,'Sacdiyo Maxamed Xuseen Cali','','','',NULL,'611046720','',NULL,NULL,NULL,'','',NULL,'Female','','','',0,'',NULL,'','','','','','','','','','faadumo abuukar cali','615921562','','faadumo abuukar ow cali','Hooyo','','','','','','','','yes','','','','0000-00-00',0,'','',NULL,NULL,NULL,'2024-05-07 15:06:56',NULL),(502,1160,'std0441','26',NULL,'C/qani Muxudiin Xasan Afrax','','','',NULL,'61','',NULL,NULL,NULL,'','',NULL,'Male','','','',0,'',NULL,'','','','','','','','','','Faadumo Yuusuf Cali','61','','Faadumo Yuusuf Cali','Hooyo','','','','','','','','yes','','','','0000-00-00',0,'','',NULL,NULL,NULL,'2024-05-07 15:06:56',NULL),(503,1162,'std0442','27',NULL,'Khadiijo Ibraahim C/raxmaan Yuusuf','','','',NULL,'611480258','',NULL,NULL,NULL,'','',NULL,'Female','','','',0,'',NULL,'','','','','','','','','','Deeqo Cabdi Absuge','618667202','','Deeqo Cabdi Absuge','Hooyo','','','','','','','','yes','','','','0000-00-00',0,'','',NULL,NULL,NULL,'2024-05-07 15:06:56',NULL),(504,1164,'std0443','28',NULL,'Xaliimo Maxamed Xasan Maxamed','','','',NULL,'61','',NULL,NULL,NULL,'','',NULL,'Female','','','',0,'',NULL,'','','','','','','','','','Caasho Maxamed Cadow','61','','Caasho Maxamed Cadow','Hooyo','','','','','','','','yes','','','','0000-00-00',0,'','',NULL,NULL,NULL,'2024-05-07 15:06:56',NULL),(505,1166,'std0444','29',NULL,'Suleeqo Cali Saalim Cali','','','',NULL,'611480258','',NULL,NULL,NULL,'','',NULL,'Female','','','',0,'',NULL,'','','','','','','','','','Xaliimo Cali Cabdulle','61','','Xaliimo Cali Cabdulle','Hooyo','','','','','','','','yes','','','','0000-00-00',0,'','',NULL,NULL,NULL,'2024-05-07 15:06:56',NULL),(506,1168,'std0445','','2024-05-08','Abiqafar','','',NULL,NULL,'','muxsinibrahim@gmail.com',NULL,NULL,NULL,NULL,NULL,'2024-05-30','Male',NULL,NULL,'',NULL,'',0,'','',NULL,NULL,NULL,'','','',NULL,'','',NULL,NULL,NULL,NULL,'',NULL,NULL,'','','','yes','','','','2024-05-08',0,'','',NULL,NULL,NULL,'2024-05-07 23:50:46',NULL),(507,1170,'std0446','01','2024-05-11','Hashim','','',NULL,NULL,'','',NULL,NULL,NULL,NULL,NULL,'2024-05-01','Male',NULL,NULL,'',NULL,'',0,'','',NULL,NULL,NULL,'','','',NULL,'','',NULL,NULL,NULL,NULL,'',NULL,NULL,'','','','yes','','','','2024-05-11',0,'','',NULL,NULL,NULL,'2024-05-11 14:38:27',NULL),(508,1172,'std0447','101','2024-05-11','Hashim','','',NULL,NULL,'','',NULL,NULL,NULL,NULL,NULL,'2024-05-07','Male',NULL,NULL,'',NULL,'',0,'','',NULL,NULL,NULL,'','','',NULL,'','',NULL,NULL,NULL,NULL,'',NULL,NULL,'','','','yes','','','','2024-05-11',0,'','',NULL,NULL,NULL,'2024-05-11 14:43:49',NULL),(509,1174,'std0448','101','2024-05-11','Hashim','','',NULL,NULL,'','',NULL,NULL,NULL,NULL,NULL,'2024-05-01','Male',NULL,NULL,'',NULL,'',0,'','',NULL,NULL,NULL,'','','',NULL,'','',NULL,NULL,NULL,NULL,'',NULL,NULL,'','','','yes','','','','2024-05-11',0,'','',NULL,NULL,NULL,'2024-05-11 14:45:43',NULL),(510,1176,'std0449','101','2024-05-12','Ahmed','','',NULL,NULL,'','',NULL,NULL,NULL,NULL,NULL,'2024-05-07','Male',NULL,NULL,'',NULL,'',0,'','',NULL,NULL,NULL,'','','',NULL,'','',NULL,NULL,NULL,NULL,'',NULL,NULL,'','','','yes','','','','2024-05-12',0,'','',NULL,NULL,NULL,'2024-05-12 06:26:11',NULL),(511,1178,'std0450','101','2024-05-12','Ahmed muse','','',NULL,NULL,'','',NULL,NULL,NULL,NULL,NULL,'1198-05-27','Male',NULL,NULL,'1',NULL,'',0,'','',NULL,NULL,NULL,'','','',NULL,'','',NULL,NULL,NULL,NULL,'',NULL,NULL,'','','','yes','','','','2024-05-12',0,'','',NULL,NULL,NULL,'2024-05-12 10:30:11',NULL),(512,1180,'std0451','45','2024-05-12','Ahmed muse','','',NULL,NULL,'','',NULL,NULL,NULL,NULL,NULL,'1998-05-28','Male',NULL,NULL,'',NULL,'',0,'','',NULL,NULL,NULL,'','','',NULL,'','',NULL,NULL,NULL,NULL,'',NULL,NULL,'','','','yes','','','','2024-05-12',0,'','',NULL,NULL,NULL,'2024-05-12 10:36:48',NULL),(513,1182,'std0452','10001','2024-05-12','sdjhfsjdf','','',NULL,NULL,'','',NULL,NULL,NULL,NULL,NULL,'2024-06-06','Male',NULL,NULL,'',NULL,'',0,'','',NULL,NULL,NULL,'','','',NULL,'','',NULL,NULL,NULL,NULL,'',NULL,NULL,'','','','yes','','','','2024-05-12',0,'','',NULL,NULL,NULL,'2024-05-12 10:42:03',NULL),(514,1184,'std0453','101','2024-05-12','Ahmed','','muse',NULL,NULL,'','',NULL,NULL,NULL,NULL,NULL,'2024-05-21','Male',NULL,NULL,'',NULL,'',0,'','',NULL,NULL,NULL,'','','',NULL,'','',NULL,NULL,NULL,NULL,'',NULL,NULL,'','','','yes','','','','2024-05-12',0,'','',NULL,NULL,NULL,'2024-05-12 12:17:55',NULL),(515,1186,'std0454','111','2024-05-12','Cilmi','','',NULL,NULL,'','',NULL,NULL,NULL,NULL,NULL,'2024-06-04','Male',NULL,NULL,'',NULL,'',0,'','',NULL,NULL,NULL,'','','',NULL,'','',NULL,NULL,NULL,NULL,'',NULL,NULL,'','','','yes','','','','2024-05-12',0,'','',NULL,NULL,NULL,'2024-05-12 12:55:49',NULL),(516,1188,'std0455','545','2024-05-12','Nur','','',NULL,NULL,'','',NULL,NULL,NULL,NULL,NULL,'2024-05-23','Male',NULL,NULL,'',NULL,'',0,'','',NULL,NULL,NULL,'','','',NULL,'','',NULL,NULL,NULL,NULL,'',NULL,NULL,'','','','yes','','','','2024-05-12',0,'','',NULL,NULL,NULL,'2024-05-12 12:57:45',NULL),(517,1190,'std0456','44','2024-05-12','ABDIFATAH DEYIB','','IBRAHIM',NULL,NULL,'0509047279','',NULL,NULL,NULL,NULL,NULL,'2023-11-27','Male',NULL,NULL,'',NULL,'',0,'','',NULL,NULL,NULL,'','','',NULL,'','',NULL,NULL,NULL,NULL,'',NULL,NULL,'','','','yes','','','','2024-05-12',0,'','',NULL,NULL,NULL,'2024-05-12 13:02:55',NULL),(518,1192,'std0457','545','2024-05-12','Nur','','',NULL,NULL,'','',NULL,NULL,NULL,NULL,NULL,'2024-05-23','Male',NULL,NULL,'',NULL,'',0,'','',NULL,NULL,NULL,'','','',NULL,'','',NULL,NULL,NULL,NULL,'',NULL,NULL,'','','','yes','','','','2024-05-12',0,'','',NULL,NULL,NULL,'2024-05-12 13:15:43',NULL),(519,1194,'std0458','117','2024-05-12','Nur ali','','',NULL,NULL,'','',NULL,NULL,NULL,NULL,NULL,'2024-06-03','Male',NULL,NULL,'',NULL,'',0,'','',NULL,NULL,NULL,'','','',NULL,'','',NULL,NULL,NULL,NULL,'',NULL,NULL,'','','','yes','','','','2024-05-12',0,'','',NULL,NULL,NULL,'2024-05-12 13:31:16',NULL),(520,1196,'std0459','117','2024-05-12','Nur ali','','',NULL,NULL,'','',NULL,NULL,NULL,NULL,NULL,'2024-06-03','Male',NULL,NULL,'',NULL,'',0,'','',NULL,NULL,NULL,'','','',NULL,'','',NULL,NULL,NULL,NULL,'',NULL,NULL,'','','','yes','','','','2024-05-12',0,'','',NULL,NULL,NULL,'2024-05-12 13:34:11',NULL),(521,1198,'std0460','45','2024-05-12','ALI','','',NULL,NULL,'','',NULL,NULL,NULL,NULL,NULL,'2024-05-28','Male',NULL,NULL,'',NULL,'',0,'','',NULL,NULL,NULL,'','','',NULL,'','',NULL,NULL,NULL,NULL,'',NULL,NULL,'','','','yes','','','','2024-05-12',0,'','','fxGkb-qPcyk:APA91bFqbci0L2jApfTFmdO5jKC5hzfovvuHnC6nhwhllgIr5IuVKtIgL9bYcjAAfhr43Pfc9msekSGWg8d4w_298QLrJfOQdrCdlb-fJVx-QVGEbYWD2trOviL8vh3rFg661-NV9AwM',NULL,NULL,'2024-05-12 13:42:32',NULL);

--
-- Table structure for table `subject_group_class_sections`
--

CREATE TABLE `subject_group_class_sections` (
  `id` int NOT NULL AUTO_INCREMENT,
  `subject_group_id` int DEFAULT NULL,
  `class_section_id` int DEFAULT NULL,
  `session_id` int DEFAULT NULL,
  `description` text,
  `is_active` int DEFAULT '0',
  `created_at` timestamp NOT NULL DEFAULT CURRENT_TIMESTAMP ON UPDATE CURRENT_TIMESTAMP,
  `updated_at` date DEFAULT NULL,
  PRIMARY KEY (`id`),
  KEY `class_section_id` (`class_section_id`),
  KEY `subject_group_id` (`subject_group_id`),
  KEY `session_id` (`session_id`),
  CONSTRAINT `subject_group_class_sections_ibfk_1` FOREIGN KEY (`class_section_id`) REFERENCES `class_sections` (`id`) ON DELETE CASCADE,
  CONSTRAINT `subject_group_class_sections_ibfk_2` FOREIGN KEY (`subject_group_id`) REFERENCES `subject_groups` (`id`) ON DELETE CASCADE,
  CONSTRAINT `subject_group_class_sections_ibfk_3` FOREIGN KEY (`session_id`) REFERENCES `sessions` (`id`) ON DELETE CASCADE
) ENGINE=InnoDB AUTO_INCREMENT=9 DEFAULT CHARSET=utf8mb3;

--
-- Dumping data for table `subject_group_class_sections`
--

INSERT INTO `subject_group_class_sections` VALUES (1,1,9,19,NULL,0,'2024-05-06 16:09:00',NULL),(2,2,10,19,NULL,0,'2024-05-06 16:09:31',NULL),(3,3,11,19,NULL,0,'2024-05-06 16:10:04',NULL),(4,4,12,19,NULL,0,'2024-05-06 16:10:31',NULL),(5,4,13,19,NULL,0,'2024-05-07 15:17:51',NULL),(6,5,8,19,NULL,0,'2024-05-07 16:22:41',NULL),(7,5,14,19,NULL,0,'2024-05-07 16:22:41',NULL),(8,6,7,19,NULL,0,'2024-05-07 16:23:54',NULL);

--
-- Table structure for table `subject_group_subjects`
--

CREATE TABLE `subject_group_subjects` (
  `id` int NOT NULL AUTO_INCREMENT,
  `subject_group_id` int DEFAULT NULL,
  `session_id` int DEFAULT NULL,
  `subject_id` int DEFAULT NULL,
  `created_at` timestamp NOT NULL DEFAULT CURRENT_TIMESTAMP ON UPDATE CURRENT_TIMESTAMP,
  PRIMARY KEY (`id`),
  KEY `subject_group_id` (`subject_group_id`),
  KEY `session_id` (`session_id`),
  KEY `subject_id` (`subject_id`),
  CONSTRAINT `subject_group_subjects_ibfk_1` FOREIGN KEY (`subject_group_id`) REFERENCES `subject_groups` (`id`) ON DELETE CASCADE,
  CONSTRAINT `subject_group_subjects_ibfk_2` FOREIGN KEY (`session_id`) REFERENCES `sessions` (`id`) ON DELETE CASCADE,
  CONSTRAINT `subject_group_subjects_ibfk_3` FOREIGN KEY (`subject_id`) REFERENCES `subjects` (`id`) ON DELETE CASCADE
) ENGINE=InnoDB AUTO_INCREMENT=65 DEFAULT CHARSET=utf8mb3;

--
-- Dumping data for table `subject_group_subjects`
--

INSERT INTO `subject_group_subjects` VALUES (1,1,19,1,'2024-05-06 16:09:00'),(2,1,19,2,'2024-05-06 16:09:00'),(3,1,19,3,'2024-05-06 16:09:00'),(4,1,19,4,'2024-05-06 16:09:00'),(5,1,19,5,'2024-05-06 16:09:00'),(6,1,19,6,'2024-05-06 16:09:00'),(7,1,19,7,'2024-05-06 16:09:00'),(8,1,19,8,'2024-05-06 16:09:00'),(9,1,19,9,'2024-05-06 16:09:00'),(10,1,19,10,'2024-05-06 16:09:00'),(11,1,19,12,'2024-05-06 16:09:00'),(12,2,19,1,'2024-05-06 16:09:31'),(13,2,19,2,'2024-05-06 16:09:31'),(14,2,19,3,'2024-05-06 16:09:31'),(15,2,19,4,'2024-05-06 16:09:31'),(16,2,19,5,'2024-05-06 16:09:31'),(17,2,19,6,'2024-05-06 16:09:31'),(18,2,19,7,'2024-05-06 16:09:31'),(19,2,19,8,'2024-05-06 16:09:31'),(20,2,19,9,'2024-05-06 16:09:31'),(21,2,19,10,'2024-05-06 16:09:31'),(22,2,19,12,'2024-05-06 16:09:31'),(23,3,19,1,'2024-05-06 16:10:04'),(24,3,19,2,'2024-05-06 16:10:04'),(25,3,19,3,'2024-05-06 16:10:04'),(26,3,19,4,'2024-05-06 16:10:04'),(27,3,19,5,'2024-05-06 16:10:04'),(28,3,19,6,'2024-05-06 16:10:04'),(29,3,19,7,'2024-05-06 16:10:04'),(30,3,19,8,'2024-05-06 16:10:04'),(31,3,19,9,'2024-05-06 16:10:04'),(32,3,19,10,'2024-05-06 16:10:04'),(33,3,19,11,'2024-05-06 16:10:04'),(34,3,19,12,'2024-05-06 16:10:04'),(35,4,19,1,'2024-05-06 16:10:31'),(36,4,19,2,'2024-05-06 16:10:31'),(37,4,19,3,'2024-05-06 16:10:31'),(38,4,19,4,'2024-05-06 16:10:31'),(39,4,19,5,'2024-05-06 16:10:31'),(40,4,19,6,'2024-05-06 16:10:31'),(41,4,19,7,'2024-05-06 16:10:31'),(42,4,19,8,'2024-05-06 16:10:31'),(43,4,19,9,'2024-05-06 16:10:31'),(44,4,19,10,'2024-05-06 16:10:31'),(45,4,19,11,'2024-05-06 16:10:31'),(46,4,19,12,'2024-05-06 16:10:31'),(47,1,19,11,'2024-05-07 15:07:51'),(48,5,19,1,'2024-05-07 16:22:41'),(49,5,19,2,'2024-05-07 16:22:41'),(50,5,19,6,'2024-05-07 16:22:41'),(51,5,19,7,'2024-05-07 16:22:41'),(52,5,19,10,'2024-05-07 16:22:41'),(53,5,19,12,'2024-05-07 16:22:41'),(54,5,19,13,'2024-05-07 16:22:41'),(55,5,19,14,'2024-05-07 16:22:41'),(56,6,19,1,'2024-05-07 16:23:54'),(57,6,19,2,'2024-05-07 16:23:54'),(58,6,19,6,'2024-05-07 16:23:54'),(59,6,19,7,'2024-05-07 16:23:54'),(61,6,19,10,'2024-05-07 16:23:54'),(62,6,19,12,'2024-05-07 16:23:54'),(63,6,19,13,'2024-05-07 16:23:54'),(64,6,19,14,'2024-05-07 16:23:54');

--
-- Table structure for table `subject_groups`
--

CREATE TABLE `subject_groups` (
  `id` int NOT NULL AUTO_INCREMENT,
  `name` varchar(250) DEFAULT NULL,
  `description` text,
  `session_id` int DEFAULT NULL,
  `created_at` timestamp NOT NULL DEFAULT CURRENT_TIMESTAMP ON UPDATE CURRENT_TIMESTAMP,
  PRIMARY KEY (`id`),
  KEY `session_id` (`session_id`),
  CONSTRAINT `subject_groups_ibfk_1` FOREIGN KEY (`session_id`) REFERENCES `sessions` (`id`) ON DELETE CASCADE
) ENGINE=InnoDB AUTO_INCREMENT=7 DEFAULT CHARSET=utf8mb3;

--
-- Dumping data for table `subject_groups`
--

INSERT INTO `subject_groups` VALUES (1,'Form One','Form One Subjects',19,'2024-05-07 15:07:26'),(2,'Form Two','Form Two Subjects',19,'2024-05-06 16:09:31'),(3,'Form Three','Form Three Subjects',19,'2024-05-06 16:10:04'),(4,'Form Four','Form Four',19,'2024-05-06 16:10:31'),(5,'Grade 8','',19,'2024-05-07 16:22:41'),(6,'Grade 7','',19,'2024-05-07 16:23:54');

--
-- Table structure for table `subject_syllabus`
--

CREATE TABLE `subject_syllabus` (
  `id` int NOT NULL AUTO_INCREMENT,
  `topic_id` int NOT NULL,
  `session_id` int NOT NULL,
  `created_by` int NOT NULL,
  `created_for` int NOT NULL,
  `date` date NOT NULL,
  `time_from` varchar(255) NOT NULL,
  `time_to` varchar(255) NOT NULL,
  `presentation` text NOT NULL,
  `attachment` text NOT NULL,
  `lacture_youtube_url` varchar(255) NOT NULL,
  `lacture_video` varchar(255) NOT NULL,
  `sub_topic` text NOT NULL,
  `teaching_method` text NOT NULL,
  `general_objectives` text NOT NULL,
  `previous_knowledge` text NOT NULL,
  `comprehensive_questions` text NOT NULL,
  `status` int NOT NULL,
  `created_at` timestamp NOT NULL DEFAULT CURRENT_TIMESTAMP ON UPDATE CURRENT_TIMESTAMP,
  PRIMARY KEY (`id`),
  KEY `topic_id` (`topic_id`),
  KEY `session_id` (`session_id`),
  KEY `created_by` (`created_by`),
  KEY `created_for` (`created_for`),
  CONSTRAINT `subject_syllabus_ibfk_1` FOREIGN KEY (`topic_id`) REFERENCES `topic` (`id`) ON DELETE CASCADE,
  CONSTRAINT `subject_syllabus_ibfk_2` FOREIGN KEY (`session_id`) REFERENCES `sessions` (`id`) ON DELETE CASCADE,
  CONSTRAINT `subject_syllabus_ibfk_3` FOREIGN KEY (`created_by`) REFERENCES `staff` (`id`) ON DELETE CASCADE,
  CONSTRAINT `subject_syllabus_ibfk_4` FOREIGN KEY (`created_for`) REFERENCES `staff` (`id`) ON DELETE CASCADE
) ENGINE=InnoDB AUTO_INCREMENT=2 DEFAULT CHARSET=utf8mb3;

--
-- Dumping data for table `subject_syllabus`
--

INSERT INTO `subject_syllabus` VALUES (1,1,19,42,41,'2024-05-11','6:18 AM','6:18 PM','','','','','cont....','','','','',0,'2024-05-11 06:59:51');

--
-- Table structure for table `subject_timetable`
--

CREATE TABLE `subject_timetable` (
  `id` int NOT NULL AUTO_INCREMENT,
  `session_id` int DEFAULT NULL,
  `class_id` int DEFAULT NULL,
  `section_id` int DEFAULT NULL,
  `subject_group_id` int DEFAULT NULL,
  `subject_group_subject_id` int DEFAULT NULL,
  `staff_id` int DEFAULT NULL,
  `day` varchar(20) DEFAULT NULL,
  `time_from` varchar(20) DEFAULT NULL,
  `time_to` varchar(20) DEFAULT NULL,
  `start_time` time DEFAULT NULL,
  `end_time` time DEFAULT NULL,
  `room_no` varchar(20) DEFAULT NULL,
  `created_at` timestamp NOT NULL DEFAULT CURRENT_TIMESTAMP ON UPDATE CURRENT_TIMESTAMP,
  PRIMARY KEY (`id`),
  KEY `class_id` (`class_id`),
  KEY `section_id` (`section_id`),
  KEY `subject_group_id` (`subject_group_id`),
  KEY `subject_group_subject_id` (`subject_group_subject_id`),
  KEY `staff_id` (`staff_id`),
  KEY `session_id` (`session_id`),
  CONSTRAINT `subject_timetable_ibfk_1` FOREIGN KEY (`class_id`) REFERENCES `classes` (`id`) ON DELETE CASCADE,
  CONSTRAINT `subject_timetable_ibfk_2` FOREIGN KEY (`section_id`) REFERENCES `sections` (`id`) ON DELETE CASCADE,
  CONSTRAINT `subject_timetable_ibfk_3` FOREIGN KEY (`subject_group_id`) REFERENCES `subject_groups` (`id`) ON DELETE CASCADE,
  CONSTRAINT `subject_timetable_ibfk_4` FOREIGN KEY (`subject_group_subject_id`) REFERENCES `subject_group_subjects` (`id`) ON DELETE CASCADE,
  CONSTRAINT `subject_timetable_ibfk_5` FOREIGN KEY (`staff_id`) REFERENCES `staff` (`id`) ON DELETE CASCADE,
  CONSTRAINT `subject_timetable_ibfk_6` FOREIGN KEY (`session_id`) REFERENCES `sessions` (`id`) ON DELETE CASCADE
) ENGINE=InnoDB AUTO_INCREMENT=39 DEFAULT CHARSET=utf8mb3;

--
-- Dumping data for table `subject_timetable`
--

INSERT INTO `subject_timetable` VALUES (1,19,12,1,4,35,41,'Saturday','6:18 AM','6:18 PM','06:18:00','18:18:00','1/2','2024-05-07 15:20:52'),(2,19,12,1,4,36,30,'Saturday','6:19 AM','6:19 AM','06:19:00','06:19:00','1/2','2024-05-07 15:20:52'),(3,19,12,1,4,37,30,'Saturday','6:19 AM','6:19 PM','06:19:00','18:19:00','1/2','2024-05-07 15:20:52'),(4,19,12,1,4,38,31,'Saturday','6:19 PM','6:19 AM','18:19:00','06:19:00','1/2','2024-05-07 15:20:52'),(5,19,12,1,4,39,31,'Saturday','6:19 AM','6:19 AM','06:19:00','06:19:00','1/2','2024-05-07 15:20:52'),(6,19,12,1,4,40,37,'Saturday','6:19 AM','6:20 AM','06:19:00','06:20:00','1/2','2024-05-07 15:20:52'),(7,19,12,1,4,41,32,'Saturday','6:19 AM','6:20 AM','06:19:00','06:20:00','1/2','2024-05-07 15:20:52'),(8,19,12,1,4,35,41,'Sunday','6:18 AM','6:18 PM','06:18:00','18:18:00','1/2','2024-05-07 15:20:52'),(9,19,12,1,4,36,30,'Sunday','6:19 AM','6:19 AM','06:19:00','06:19:00','1/2','2024-05-07 15:20:52'),(10,19,12,1,4,37,30,'Sunday','6:19 AM','6:19 PM','06:19:00','18:19:00','1/2','2024-05-07 15:20:52'),(11,19,12,1,4,38,31,'Sunday','6:19 PM','6:19 AM','18:19:00','06:19:00','1/2','2024-05-07 15:20:52'),(12,19,12,1,4,39,31,'Sunday','6:19 AM','6:19 AM','06:19:00','06:19:00','1/2','2024-05-07 15:20:52'),(13,19,12,1,4,40,37,'Sunday','6:19 AM','6:20 AM','06:19:00','06:20:00','1/2','2024-05-07 15:20:52'),(14,19,12,1,4,41,32,'Sunday','6:19 AM','6:20 AM','06:19:00','06:20:00','1/2','2024-05-07 15:20:52'),(15,19,12,1,4,35,41,'Monday','6:18 AM','6:18 PM','06:18:00','18:18:00','1/2','2024-05-07 15:20:52'),(16,19,12,1,4,36,30,'Monday','6:19 AM','6:19 AM','06:19:00','06:19:00','1/2','2024-05-07 15:20:52'),(17,19,12,1,4,37,30,'Monday','6:19 AM','6:19 PM','06:19:00','18:19:00','1/2','2024-05-07 15:20:52'),(18,19,12,1,4,38,31,'Monday','6:19 PM','6:19 AM','18:19:00','06:19:00','1/2','2024-05-07 15:20:52'),(19,19,12,1,4,39,31,'Monday','6:19 AM','6:19 AM','06:19:00','06:19:00','1/2','2024-05-07 15:20:52'),(20,19,12,1,4,40,37,'Monday','6:19 AM','6:20 AM','06:19:00','06:20:00','1/2','2024-05-07 15:20:52'),(21,19,12,1,4,41,32,'Monday','6:19 AM','6:20 AM','06:19:00','06:20:00','1/2','2024-05-07 15:20:52'),(22,19,12,1,4,35,41,'Tuesday','6:18 AM','6:18 PM','06:18:00','18:18:00','1/2','2024-05-07 15:20:52'),(23,19,12,1,4,36,30,'Tuesday','6:19 AM','6:19 AM','06:19:00','06:19:00','1/2','2024-05-07 15:20:52'),(24,19,12,1,4,37,30,'Tuesday','6:19 AM','6:19 PM','06:19:00','18:19:00','1/2','2024-05-07 15:20:52'),(25,19,12,1,4,38,31,'Tuesday','6:19 PM','6:19 AM','18:19:00','06:19:00','1/2','2024-05-07 15:20:52'),(26,19,12,1,4,39,31,'Tuesday','6:19 AM','6:19 AM','06:19:00','06:19:00','1/2','2024-05-07 15:20:52'),(27,19,12,1,4,40,37,'Tuesday','6:19 AM','6:20 AM','06:19:00','06:20:00','1/2','2024-05-07 15:20:52'),(28,19,12,1,4,41,32,'Tuesday','6:19 AM','6:20 AM','06:19:00','06:20:00','1/2','2024-05-07 15:20:52'),(29,19,12,1,4,35,41,'Wednesday','6:18 AM','6:18 PM','06:18:00','18:18:00','1/2','2024-05-07 15:20:52'),(30,19,12,1,4,36,30,'Wednesday','6:19 AM','6:19 AM','06:19:00','06:19:00','1/2','2024-05-07 15:20:52'),(31,19,12,1,4,37,30,'Wednesday','6:19 AM','6:19 PM','06:19:00','18:19:00','1/2','2024-05-07 15:20:52'),(32,19,12,1,4,38,31,'Wednesday','6:19 PM','6:19 AM','18:19:00','06:19:00','1/2','2024-05-07 15:20:52'),(33,19,12,1,4,39,31,'Wednesday','6:19 AM','6:19 AM','06:19:00','06:19:00','1/2','2024-05-07 15:20:52'),(34,19,12,1,4,40,37,'Wednesday','6:19 AM','6:20 AM','06:19:00','06:20:00','1/2','2024-05-07 15:20:52'),(35,19,12,1,4,41,32,'Wednesday','6:19 AM','6:20 AM','06:19:00','06:20:00','1/2','2024-05-07 15:20:52'),(36,19,12,3,4,35,30,'Tuesday','7:30 AM','08:10 AM','07:30:00','08:10:00','1','2024-05-11 08:54:34'),(37,19,12,3,4,37,29,'Tuesday','08:10 AM','08:50 AM','08:10:00','08:50:00','1','2024-05-11 08:54:34'),(38,19,12,3,4,36,31,'Tuesday','08:50 AM','09:30 AM','08:50:00','09:30:00','1','2024-05-11 08:54:34');

--
-- Table structure for table `subjects`
--

CREATE TABLE `subjects` (
  `id` int NOT NULL AUTO_INCREMENT,
  `name` varchar(100) DEFAULT NULL,
  `code` varchar(100) NOT NULL,
  `type` varchar(100) NOT NULL,
  `is_active` varchar(255) DEFAULT 'no',
  `created_at` timestamp NOT NULL DEFAULT CURRENT_TIMESTAMP ON UPDATE CURRENT_TIMESTAMP,
  `updated_at` date DEFAULT NULL,
  PRIMARY KEY (`id`),
  KEY `idx_name` (`name`),
  KEY `idx_code` (`code`)
) ENGINE=InnoDB AUTO_INCREMENT=15 DEFAULT CHARSET=utf8mb3;

--
-- Dumping data for table `subjects`
--

INSERT INTO `subjects` VALUES (1,'English','1001','theory','no','2024-05-06 16:04:22',NULL),(2,'Maths','1002','practical','no','2024-05-06 16:04:34',NULL),(3,'Physics','','practical','no','2024-05-06 16:04:43',NULL),(4,'Chemistry','','practical','no','2024-05-06 16:04:51',NULL),(5,'Biology','','practical','no','2024-05-06 16:05:01',NULL),(6,'اللغة العربية','','theory','no','2024-05-06 16:06:22',NULL),(7,'التربية الاسلامية','','theory','no','2024-05-06 16:07:01',NULL),(8,'Geography','','theory','no','2024-05-06 16:07:12',NULL),(9,'History','','theory','no','2024-05-06 16:07:18',NULL),(10,'Technology','','theory','no','2024-05-06 16:07:27',NULL),(11,'Business','','theory','no','2024-05-06 16:07:34',NULL),(12,'Somali','','theory','no','2024-05-06 16:08:03',NULL),(13,'Social Study','','theory','no','2024-05-07 16:21:13',NULL),(14,'Science','','practical','no','2024-05-07 16:21:42',NULL);

--
-- Table structure for table `submit_assignment`
--

CREATE TABLE `submit_assignment` (
  `id` int NOT NULL AUTO_INCREMENT,
  `homework_id` int NOT NULL,
  `student_id` int NOT NULL,
  `message` text NOT NULL,
  `docs` varchar(225) NOT NULL,
  `file_name` text,
  `created_at` timestamp NOT NULL DEFAULT CURRENT_TIMESTAMP ON UPDATE CURRENT_TIMESTAMP,
  PRIMARY KEY (`id`),
  KEY `student_id` (`student_id`),
  KEY `homework_id` (`homework_id`),
  CONSTRAINT `submit_assignment_ibfk_1` FOREIGN KEY (`student_id`) REFERENCES `students` (`id`) ON DELETE CASCADE,
  CONSTRAINT `submit_assignment_ibfk_2` FOREIGN KEY (`homework_id`) REFERENCES `homework` (`id`) ON DELETE CASCADE
) ENGINE=InnoDB AUTO_INCREMENT=2 DEFAULT CHARSET=utf8mb3;

--
-- Dumping data for table `submit_assignment`
--

INSERT INTO `submit_assignment` VALUES (1,1,477,'49','6aed15c6048f751fbd78fa64b5e90e6d.jpg','FB_IMG_1715168440930.jpg','2024-05-09 11:18:46');

--
-- Table structure for table `template_admitcards`
--

CREATE TABLE `template_admitcards` (
  `id` int NOT NULL AUTO_INCREMENT,
  `template` varchar(250) DEFAULT NULL,
  `heading` text,
  `title` text,
  `left_logo` varchar(200) DEFAULT NULL,
  `right_logo` varchar(200) DEFAULT NULL,
  `exam_name` varchar(200) DEFAULT NULL,
  `school_name` varchar(200) DEFAULT NULL,
  `exam_center` varchar(200) DEFAULT NULL,
  `sign` varchar(200) DEFAULT NULL,
  `background_img` varchar(200) DEFAULT NULL,
  `is_name` int NOT NULL DEFAULT '1',
  `is_father_name` int NOT NULL DEFAULT '1',
  `is_mother_name` int NOT NULL DEFAULT '1',
  `is_dob` int NOT NULL DEFAULT '1',
  `is_admission_no` int NOT NULL DEFAULT '1',
  `is_roll_no` int NOT NULL DEFAULT '1',
  `is_address` int NOT NULL DEFAULT '1',
  `is_gender` int NOT NULL DEFAULT '1',
  `is_photo` int NOT NULL,
  `is_class` int NOT NULL DEFAULT '0',
  `is_section` int NOT NULL DEFAULT '0',
  `content_footer` text,
  `created_at` timestamp NOT NULL DEFAULT CURRENT_TIMESTAMP ON UPDATE CURRENT_TIMESTAMP,
  `updated_at` date DEFAULT NULL,
  PRIMARY KEY (`id`)
) ENGINE=InnoDB AUTO_INCREMENT=2 DEFAULT CHARSET=utf8mb3;

--
-- Dumping data for table `template_admitcards`
--

INSERT INTO `template_admitcards` VALUES (1,'Pass Card','Exam','Mid-term Exam','1715242691-863487346663c86c3e30b0!Untitled-4-01.jpg','1715152193-1379169443663b254144fe4!app-01.png','Mid-term Exam','nagayle Primary and Secondary School','Exam office','1715152193-1697729160663b254145288!Ivory_Signature.png','',1,0,0,0,1,1,0,0,0,1,1,'','2024-05-09 08:18:11',NULL);

--
-- Table structure for table `template_marksheets`
--

CREATE TABLE `template_marksheets` (
  `id` int NOT NULL AUTO_INCREMENT,
  `header_image` varchar(200) DEFAULT NULL,
  `template` varchar(200) DEFAULT NULL,
  `heading` text,
  `title` text,
  `left_logo` varchar(200) DEFAULT NULL,
  `right_logo` varchar(200) DEFAULT NULL,
  `exam_name` varchar(200) DEFAULT NULL,
  `school_name` varchar(200) DEFAULT NULL,
  `exam_center` varchar(200) DEFAULT NULL,
  `left_sign` varchar(200) DEFAULT NULL,
  `middle_sign` varchar(200) DEFAULT NULL,
  `right_sign` varchar(200) DEFAULT NULL,
  `exam_session` int DEFAULT '1',
  `is_name` int DEFAULT '1',
  `is_father_name` int DEFAULT '1',
  `is_mother_name` int DEFAULT '1',
  `is_dob` int DEFAULT '1',
  `is_admission_no` int DEFAULT '1',
  `is_roll_no` int DEFAULT '1',
  `is_photo` int DEFAULT '1',
  `is_division` int NOT NULL DEFAULT '1',
  `is_rank` int NOT NULL DEFAULT '0',
  `is_customfield` int NOT NULL,
  `background_img` varchar(200) DEFAULT NULL,
  `date` varchar(20) DEFAULT NULL,
  `is_class` int NOT NULL DEFAULT '0',
  `is_teacher_remark` int NOT NULL DEFAULT '1',
  `is_section` int NOT NULL DEFAULT '0',
  `content` text,
  `content_footer` text,
  `created_at` timestamp NOT NULL DEFAULT CURRENT_TIMESTAMP ON UPDATE CURRENT_TIMESTAMP,
  `updated_at` date DEFAULT NULL,
  PRIMARY KEY (`id`)
) ENGINE=InnoDB AUTO_INCREMENT=2 DEFAULT CHARSET=utf8mb3;

--
-- Dumping data for table `template_marksheets`
--

INSERT INTO `template_marksheets` VALUES (1,'1715177886-209422694663b899e68345!Print Header Footer-01.jpg','Sample Marksheet',NULL,NULL,'f314cec3f688771ccaeddbcee6e52f7c.png','e824b2df53266266be2dbfd2001168b8.png','HIGHER SECONDARY SCHOOL CERTIFICATE EXAMINATION','Mount Carmel School','GOVT GIRLS H S SCHOOL','331e0690e50f8c6b7a219a0a2b9667f7.png','351f513d79ee5c0f642c2d36514a1ff4.png','fb79d2c0d163357d1706b78550a05e2c.png',1,1,1,1,1,1,1,1,1,0,1,'','',0,1,0,'','','2024-05-08 14:18:06',NULL);

--
-- Table structure for table `topic`
--

CREATE TABLE `topic` (
  `id` int NOT NULL AUTO_INCREMENT,
  `session_id` int NOT NULL,
  `lesson_id` int NOT NULL,
  `name` varchar(255) NOT NULL,
  `status` int NOT NULL,
  `complete_date` date DEFAULT NULL,
  `created_at` timestamp NOT NULL DEFAULT CURRENT_TIMESTAMP ON UPDATE CURRENT_TIMESTAMP,
  PRIMARY KEY (`id`),
  KEY `session_id` (`session_id`),
  KEY `lesson_id` (`lesson_id`),
  CONSTRAINT `topic_ibfk_1` FOREIGN KEY (`session_id`) REFERENCES `sessions` (`id`) ON DELETE CASCADE,
  CONSTRAINT `topic_ibfk_2` FOREIGN KEY (`lesson_id`) REFERENCES `lesson` (`id`) ON DELETE CASCADE
) ENGINE=InnoDB AUTO_INCREMENT=5 DEFAULT CHARSET=utf8mb3;

--
-- Dumping data for table `topic`
--

INSERT INTO `topic` VALUES (1,19,1,'Present ',0,NULL,'2024-05-11 06:56:16'),(2,19,2,'Period',0,NULL,'2024-05-11 10:06:45'),(3,19,2,'Frequencies',0,NULL,'2024-05-11 10:06:45'),(4,19,2,'Hooks law',0,NULL,'2024-05-11 10:06:45');

--
-- Table structure for table `transport_feemaster`
--

CREATE TABLE `transport_feemaster` (
  `id` int NOT NULL AUTO_INCREMENT,
  `session_id` int NOT NULL,
  `month` varchar(50) DEFAULT NULL,
  `due_date` date DEFAULT NULL,
  `fine_amount` float(10,2) DEFAULT '0.00',
  `fine_type` varchar(50) DEFAULT NULL,
  `fine_percentage` float(10,2) DEFAULT '0.00',
  `created_at` timestamp NOT NULL DEFAULT CURRENT_TIMESTAMP ON UPDATE CURRENT_TIMESTAMP,
  PRIMARY KEY (`id`),
  KEY `session_id` (`session_id`),
  CONSTRAINT `transport_feemaster_ibfk_1` FOREIGN KEY (`session_id`) REFERENCES `sessions` (`id`) ON DELETE CASCADE
) ENGINE=InnoDB DEFAULT CHARSET=utf8mb3;

--
-- Dumping data for table `transport_feemaster`
--


--
-- Table structure for table `transport_route`
--

CREATE TABLE `transport_route` (
  `id` int NOT NULL AUTO_INCREMENT,
  `route_title` varchar(100) DEFAULT NULL,
  `no_of_vehicle` int DEFAULT NULL,
  `note` text,
  `is_active` varchar(255) DEFAULT 'no',
  `created_at` timestamp NOT NULL DEFAULT CURRENT_TIMESTAMP ON UPDATE CURRENT_TIMESTAMP,
  `updated_at` date DEFAULT NULL,
  PRIMARY KEY (`id`)
) ENGINE=InnoDB DEFAULT CHARSET=utf8mb3;

--
-- Dumping data for table `transport_route`
--


--
-- Table structure for table `upload_contents`
--

CREATE TABLE `upload_contents` (
  `id` int NOT NULL AUTO_INCREMENT,
  `content_type_id` int NOT NULL,
  `image` varchar(300) DEFAULT NULL,
  `thumb_path` varchar(300) DEFAULT NULL,
  `dir_path` varchar(300) DEFAULT NULL,
  `real_name` text NOT NULL,
  `img_name` varchar(300) DEFAULT NULL,
  `thumb_name` varchar(300) DEFAULT NULL,
  `file_type` varchar(100) NOT NULL,
  `mime_type` text NOT NULL,
  `file_size` varchar(100) NOT NULL,
  `vid_url` text NOT NULL,
  `vid_title` varchar(250) NOT NULL,
  `upload_by` int NOT NULL,
  `created_at` timestamp NOT NULL DEFAULT CURRENT_TIMESTAMP ON UPDATE CURRENT_TIMESTAMP,
  PRIMARY KEY (`id`),
  KEY `upload_by` (`upload_by`),
  KEY `upload_contents_ibfk_2` (`content_type_id`),
  KEY `idx_file_type` (`file_type`),
  CONSTRAINT `upload_contents_ibfk_1` FOREIGN KEY (`upload_by`) REFERENCES `staff` (`id`) ON DELETE CASCADE,
  CONSTRAINT `upload_contents_ibfk_2` FOREIGN KEY (`content_type_id`) REFERENCES `content_types` (`id`) ON DELETE CASCADE
) ENGINE=InnoDB AUTO_INCREMENT=3 DEFAULT CHARSET=utf8mb3;

--
-- Dumping data for table `upload_contents`
--

INSERT INTO `upload_contents` VALUES (2,1,NULL,'uploads/school_content/material/media/thumb/','uploads/school_content/material/media/','Print Logo-01.jpg','1715411079-1576778899663f188782738!Print Logo-01.jpg','1715411079-1576778899663f188782738!thumb_Print Logo-01.jpg','jpeg','image/jpeg','443867','','',42,'2024-05-11 07:04:39');

--
-- Table structure for table `userlog`
--

CREATE TABLE `userlog` (
  `id` int NOT NULL AUTO_INCREMENT,
  `user` varchar(100) DEFAULT NULL,
  `role` varchar(100) DEFAULT NULL,
  `class_section_id` int DEFAULT NULL,
  `ipaddress` varchar(100) DEFAULT NULL,
  `user_agent` varchar(500) DEFAULT NULL,
  `login_datetime` timestamp NOT NULL DEFAULT CURRENT_TIMESTAMP ON UPDATE CURRENT_TIMESTAMP,
  PRIMARY KEY (`id`),
  KEY `class_section_id` (`class_section_id`),
  CONSTRAINT `userlog_ibfk_1` FOREIGN KEY (`class_section_id`) REFERENCES `class_sections` (`id`) ON DELETE CASCADE
) ENGINE=InnoDB AUTO_INCREMENT=81 DEFAULT CHARSET=utf8mb3;

--
-- Dumping data for table `userlog`
--

INSERT INTO `userlog` VALUES (1,'dayib12@gmail.com','Super Admin',NULL,'102.38.51.124','Chrome 124.0.0.0, Mac OS X','2024-05-06 05:34:37'),(2,'dayib12@gmail.com','Super Admin',NULL,'102.38.51.124','Chrome 124.0.0.0, Windows 10','2024-05-06 05:36:20'),(3,'dayib12@gmail.com','Super Admin',NULL,'102.38.51.124','Chrome 124.0.0.0, Mac OS X','2024-05-06 11:14:11'),(4,'dayib12@gmail.com','Super Admin',NULL,'102.38.51.124','Chrome 124.0.0.0, Mac OS X','2024-05-06 11:58:47'),(5,'Dayib12@gmail.com','Super Admin',NULL,'192.145.175.186','Chrome 124.0.0.0, Android','2024-05-06 12:07:05'),(6,'dayib12@gmail.com','Super Admin',NULL,'102.38.51.124','Chrome 124.0.0.0, Mac OS X','2024-05-06 12:23:55'),(7,'dayib12@gmail.com','Super Admin',NULL,'102.38.51.124','Chrome 124.0.0.0, Mac OS X','2024-05-06 15:36:21'),(8,'dayib12@gmail.com','Super Admin',NULL,'102.38.51.177','Chrome 124.0.0.0, Windows 10','2024-05-07 06:43:09'),(9,'dayib12@gmail.com','Super Admin',NULL,'102.38.51.177','Chrome 124.0.0.0, Mac OS X','2024-05-07 07:32:43'),(10,'dayib12@gmail.com','Super Admin',NULL,'197.220.84.5','Firefox 125.0, Windows 10','2024-05-07 07:48:31'),(11,'dayib12@gmail.com','Super Admin',NULL,'152.58.25.199','Chrome 124.0.0.0, Windows 10','2024-05-07 08:03:39'),(12,'dayib12@gmail.com','Super Admin',NULL,'102.38.51.177','Chrome 124.0.0.0, Windows 10','2024-05-07 11:00:17'),(13,'dayib12@gmail.com','Super Admin',NULL,'102.38.51.177','Chrome 124.0.0.0, Windows 10','2024-05-07 11:01:01'),(14,'dayib12@gmail.com','Super Admin',NULL,'102.38.51.177','Chrome 124.0.0.0, Mac OS X','2024-05-07 11:06:11'),(15,'dayib12@gmail.com','Super Admin',NULL,'102.38.51.177','Chrome 124.0.0.0, Mac OS X','2024-05-07 12:25:26'),(16,'dayib12@gmail.com','Super Admin',NULL,'102.38.51.177','Chrome 124.0.0.0, Mac OS X','2024-05-07 14:46:14'),(17,'dayib12@gmail.com','Super Admin',NULL,'41.78.72.7','Firefox 125.0, Windows 10','2024-05-07 15:08:36'),(18,'nagayle@qalamsms.so','Admin',NULL,'102.38.51.177','Chrome 124.0.0.0, Windows 10','2024-05-07 15:44:29'),(19,'dayib12@gmail.com','Super Admin',NULL,'102.38.51.177','Chrome 124.0.0.0, Windows 10','2024-05-07 15:58:29'),(20,'nagayle@qalamsms.so','Admin',NULL,'102.38.51.177','Chrome 124.0.0.0, Windows 10','2024-05-07 16:04:56'),(21,'dayib12@gmail.com','Super Admin',NULL,'102.38.51.177','Chrome 124.0.0.0, Windows 10','2024-05-07 16:07:31'),(22,'dayib12@gmail.com','Super Admin',NULL,'102.38.51.177','Chrome 124.0.0.0, Windows 10','2024-05-07 16:22:11'),(23,'nagayle@qalamsms.so','Admin',NULL,'102.38.51.177','Chrome 124.0.0.0, Windows 10','2024-05-07 16:36:16'),(24,'std89','student',13,'102.38.51.177','Chrome 124.0.0.0, Mac OS X','2024-05-07 17:14:47'),(25,'nagayle@qalamsms.so','Admin',NULL,'41.78.72.130','Firefox 125.0, Windows 10','2024-05-07 22:56:55'),(26,'dayib12@gmail.com','Super Admin',NULL,'41.78.72.130','Firefox 125.0, Windows 10','2024-05-07 22:57:54'),(27,'Dayib12@gmail.com','Super Admin',NULL,'197.220.84.4','Chrome 124.0.0.0, Android','2024-05-08 03:12:29'),(28,'std89','student',13,'197.220.84.4','Chrome 124.0.0.0, Android','2024-05-08 03:17:16'),(29,'Dayib12@gmail.com','Super Admin',NULL,'197.220.84.4','Chrome 124.0.0.0, Android','2024-05-08 03:19:42'),(30,'dayib12@gmail.com','Super Admin',NULL,'102.38.51.177','Chrome 124.0.0.0, Windows 10','2024-05-08 06:07:37'),(31,'std113','student',13,'102.38.51.177','Chrome 124.0.0.0, Windows 10','2024-05-08 06:09:02'),(32,'dayib12@gmail.com','Super Admin',NULL,'102.38.51.177','Chrome 124.0.0.0, Mac OS X','2024-05-08 07:31:29'),(33,'nagayle@qalamsms.so','Admin',NULL,'102.38.51.177','Chrome 124.0.0.0, Windows 10','2024-05-08 11:20:05'),(34,'dayib12@gmail.com','Super Admin',NULL,'192.145.168.34','Firefox 125.0, Windows 10','2024-05-08 12:38:07'),(35,'nagayle@qalamsms.so','Admin',NULL,'102.38.51.177','Chrome 124.0.0.0, Windows 10','2024-05-08 13:24:23'),(36,'dayib12@gmail.com','Super Admin',NULL,'102.38.51.177','Chrome 124.0.0.0, Windows 10','2024-05-08 13:24:45'),(37,'dayib12@gmail.com','Super Admin',NULL,'102.38.51.177','Safari 605.1.15, Mac OS X','2024-05-08 16:19:00'),(38,'dayib12@gmail.com','Super Admin',NULL,'102.38.51.177','Safari 605.1.15, Mac OS X','2024-05-08 16:31:41'),(39,'dayib12@gmail.com','Super Admin',NULL,'102.38.51.177','Chrome 124.0.0.0, Mac OS X','2024-05-09 07:49:01'),(40,'nagayle@qalamsms.so','Admin',NULL,'102.38.51.177','Chrome 124.0.0.0, Windows 10','2024-05-09 07:54:48'),(41,'dayib12@gmail.com','Super Admin',NULL,'102.38.51.177','Chrome 124.0.0.0, Windows 10','2024-05-09 08:47:59'),(42,'dayib12@gmail.com','Super Admin',NULL,'102.38.51.177','Chrome 124.0.0.0, Mac OS X','2024-05-09 08:59:02'),(43,'dayib12@gmail.com','Super Admin',NULL,'102.38.51.177','Chrome 124.0.0.0, Mac OS X','2024-05-09 10:19:01'),(44,'dayib12@gmail.com','Super Admin',NULL,'41.78.74.72','Firefox 125.0, Windows 10','2024-05-09 10:20:05'),(45,'dayib12@gmail.com','Super Admin',NULL,'102.38.51.177','Chrome 124.0.0.0, Mac OS X','2024-05-09 12:19:02'),(46,'dayib12@gmail.com','Super Admin',NULL,'102.38.51.177','Chrome 124.0.0.0, Mac OS X','2024-05-10 14:22:33'),(47,'dayib12@gmail.com','Super Admin',NULL,'102.38.51.177','Chrome 124.0.0.0, Mac OS X','2024-05-10 17:36:09'),(48,'dayib12@gmail.com','Super Admin',NULL,'102.38.51.177','Chrome 124.0.0.0, Mac OS X','2024-05-10 17:51:26'),(49,'dayib12@gmail.com','Super Admin',NULL,'41.78.74.79','Firefox 125.0, Windows 10','2024-05-10 19:38:23'),(50,'dayib12@gmail.com','Super Admin',NULL,'102.38.51.177','Chrome 124.0.0.0, Mac OS X','2024-05-11 04:53:21'),(51,'dayib12@gmail.com','Super Admin',NULL,'102.38.51.177','Chrome 124.0.0.0, Windows 10','2024-05-11 06:07:10'),(52,'dayib12@gmail.com','Super Admin',NULL,'102.38.51.177','Chrome 124.0.0.0, Mac OS X','2024-05-11 06:07:43'),(53,'dayib12@gmail.com','Super Admin',NULL,'102.38.51.177','Chrome 124.0.0.0, Mac OS X','2024-05-11 06:24:34'),(54,'dayib12@gmail.com','Super Admin',NULL,'102.38.51.177','Chrome 124.0.0.0, Mac OS X','2024-05-11 06:28:00'),(55,'dayib12@gmail.com','Super Admin',NULL,'102.38.51.177','Chrome 124.0.0.0, Mac OS X','2024-05-11 06:29:35'),(56,'Nagayle@qalamsms.so','Admin',NULL,'102.38.51.177','Chrome 124.0.0.0, Windows 10','2024-05-11 06:36:04'),(57,'dayib12@gmail.com','Super Admin',NULL,'102.38.51.177','Chrome 124.0.0.0, Mac OS X','2024-05-11 06:37:26'),(58,'teacher1@qalam.so','Teacher',NULL,'102.38.51.177','Chrome 124.0.0.0, Windows 10','2024-05-11 06:37:37'),(59,'nagayle@qalamsms.so','Admin',NULL,'102.38.51.177','Chrome 124.0.0.0, Windows 10','2024-05-11 06:39:11'),(60,'dayib12@gmail.com','Super Admin',NULL,'102.38.51.177','Chrome 124.0.0.0, Mac OS X','2024-05-11 06:40:07'),(61,'dayib12@gmail.com','Super Admin',NULL,'102.38.51.177','Chrome 124.0.0.0, Windows 10','2024-05-11 06:41:04'),(62,'Nagayle@qalamsms.so','Admin',NULL,'102.38.51.177','Chrome 124.0.0.0, Windows 10','2024-05-11 06:54:01'),(63,'dayib12@gmail.com','Super Admin',NULL,'102.38.51.177','Chrome 124.0.0.0, Windows 10','2024-05-11 07:05:55'),(64,'dayib12@gmail.com','Super Admin',NULL,'102.38.51.177','Chrome 124.0.0.0, Windows 10','2024-05-11 07:09:57'),(65,'nagayle@qalamsms.so','Admin',NULL,'192.145.174.190','Chrome 124.0.0.0, Windows 10','2024-05-11 08:12:14'),(66,'nagayle@qalamsms.so','Admin',NULL,'102.38.51.177','Chrome 124.0.0.0, Windows 10','2024-05-11 11:36:01'),(67,'dayib12@gmail.com','Super Admin',NULL,'102.38.51.177','Chrome 124.0.0.0, Windows 10','2024-05-11 11:36:57'),(68,'dayib12@gmail.com','Super Admin',NULL,'102.38.51.177','Chrome 124.0.0.0, Windows 10','2024-05-11 13:05:33'),(69,'nagayle@qalamsms.so','Admin',NULL,'192.145.175.165','Chrome 124.0.0.0, Windows 10','2024-05-12 05:10:29'),(70,'dayib12@gmail.com','Super Admin',NULL,'102.38.51.177','Chrome 124.0.0.0, Windows 10','2024-05-12 06:25:11'),(71,'Nagayle@qalamsms.so','Admin',NULL,'102.38.51.177','Chrome 92.0.4515.131, Windows 10','2024-05-12 10:21:50'),(72,'dayib12@gmail.com','Super Admin',NULL,'192.145.168.87','Firefox 125.0, Windows 10','2024-05-12 10:35:40'),(73,'Nagayle@qalamsms.so','Admin',NULL,'102.38.51.177','Chrome 92.0.4515.131, Windows 10','2024-05-12 12:07:34'),(74,'dayib12@gmail.com','Super Admin',NULL,'192.145.175.173','Chrome 124.0.0.0, Mac OS X','2024-05-12 12:23:45'),(75,'Nagayle@qalamsms.so','Admin',NULL,'102.38.51.177','Chrome 92.0.4515.131, Windows 10','2024-05-12 12:56:32'),(76,'Nagayle@qalamsms.so','Admin',NULL,'102.38.51.177','Chrome 92.0.4515.131, Windows 10','2024-05-12 12:57:15'),(77,'dayib12@gmail.com','Super Admin',NULL,'102.38.51.177','Chrome 124.0.0.0, Mac OS X','2024-05-12 13:02:03'),(78,'Nagayle@qalamsms.so','Admin',NULL,'102.38.51.177','Chrome 92.0.4515.131, Windows 10','2024-05-12 13:16:33'),(79,'dayib12@gmail.com','Super Admin',NULL,'102.38.51.177','Chrome 124.0.0.0, Mac OS X','2024-05-16 17:16:57'),(80,'dayib12@gmail.com','Super Admin',NULL,'102.38.51.177','Chrome 124.0.0.0, Mac OS X','2024-05-16 17:31:01');

--
-- Table structure for table `users`
--

CREATE TABLE `users` (
  `id` int NOT NULL AUTO_INCREMENT,
  `user_id` int NOT NULL,
  `username` varchar(50) DEFAULT NULL,
  `password` varchar(50) DEFAULT NULL,
  `childs` text NOT NULL,
  `role` varchar(30) NOT NULL,
  `lang_id` int NOT NULL,
  `currency_id` int DEFAULT '0',
  `verification_code` varchar(200) NOT NULL,
  `is_active` varchar(255) DEFAULT 'yes',
  `created_at` timestamp NOT NULL DEFAULT CURRENT_TIMESTAMP ON UPDATE CURRENT_TIMESTAMP,
  `updated_at` date DEFAULT NULL,
  PRIMARY KEY (`id`)
) ENGINE=InnoDB AUTO_INCREMENT=1199 DEFAULT CHARSET=utf8mb3;

--
-- Dumping data for table `users`
--

INSERT INTO `users` VALUES (333,89,'std89','mq0arc','','student',0,0,'','yes','2024-05-07 13:53:32',NULL),(334,89,'parent89','iqkveo','89','parent',0,0,'','yes','2024-05-07 13:53:32',NULL),(335,90,'std90','64eghm','','student',0,0,'','yes','2024-05-07 13:53:32',NULL),(336,90,'parent90','k7851j','90','parent',0,0,'','yes','2024-05-07 13:53:32',NULL),(337,91,'std91','bphtl6','','student',0,0,'','yes','2024-05-07 13:53:32',NULL),(338,91,'parent91','9k8rqt','91','parent',0,0,'','yes','2024-05-07 13:53:32',NULL),(339,92,'std92','lyz8v3','','student',0,0,'','yes','2024-05-07 13:53:32',NULL),(340,92,'parent92','kcdwnd','92','parent',0,0,'','yes','2024-05-07 13:53:32',NULL),(341,93,'std93','wq2uxy','','student',0,0,'','yes','2024-05-07 13:53:32',NULL),(342,93,'parent93','dz1mia','93','parent',0,0,'','yes','2024-05-07 13:53:32',NULL),(343,94,'std94','kgejvs','','student',0,0,'','yes','2024-05-07 13:53:32',NULL),(344,94,'parent94','yhqz2p','94','parent',0,0,'','yes','2024-05-07 13:53:32',NULL),(345,95,'std95','k148oo','','student',0,0,'','yes','2024-05-07 13:53:32',NULL),(346,95,'parent95','prs33y','95','parent',0,0,'','yes','2024-05-07 13:53:32',NULL),(347,96,'std96','bc4qbr','','student',0,0,'','yes','2024-05-07 13:53:32',NULL),(348,96,'parent96','ayxy7b','96','parent',0,0,'','yes','2024-05-07 13:53:32',NULL),(349,97,'std97','ezofja','','student',0,0,'','yes','2024-05-07 13:53:32',NULL),(350,97,'parent97','6w0lm2','97','parent',0,0,'','yes','2024-05-07 13:53:32',NULL),(351,98,'std98','2lzsb0','','student',0,0,'','yes','2024-05-07 13:53:32',NULL),(352,98,'parent98','ombc63','98','parent',0,0,'','yes','2024-05-07 13:53:32',NULL),(353,99,'std99','y50jwh','','student',0,0,'','yes','2024-05-07 13:53:32',NULL),(354,99,'parent99','3ylhm5','99','parent',0,0,'','yes','2024-05-07 13:53:32',NULL),(355,100,'std100','h5mze6','','student',0,0,'','yes','2024-05-07 13:53:32',NULL),(356,100,'parent100','5gvc8f','100','parent',0,0,'','yes','2024-05-07 13:53:32',NULL),(357,101,'std101','dbf9rs','','student',0,0,'','yes','2024-05-07 13:53:32',NULL),(358,101,'parent101','vorlfo','101','parent',0,0,'','yes','2024-05-07 13:53:32',NULL),(359,102,'std102','wlozzv','','student',0,0,'','yes','2024-05-07 13:53:32',NULL),(360,102,'parent102','1hsdea','102','parent',0,0,'','yes','2024-05-07 13:53:32',NULL),(361,103,'std103','9lwkkf','','student',0,0,'','yes','2024-05-07 13:53:32',NULL),(362,103,'parent103','p5ez34','103','parent',0,0,'','yes','2024-05-07 13:53:32',NULL),(363,104,'std104','rd0s2k','','student',0,0,'','yes','2024-05-07 13:53:32',NULL),(364,104,'parent104','2kh32i','104','parent',0,0,'','yes','2024-05-07 13:53:32',NULL),(365,105,'std105','1jpaw8','','student',0,0,'','yes','2024-05-07 13:53:32',NULL),(366,105,'parent105','f0uadr','105','parent',0,0,'','yes','2024-05-07 13:53:32',NULL),(367,106,'std106','i90xqm','','student',0,0,'','yes','2024-05-07 13:53:32',NULL),(368,106,'parent106','ub53gq','106','parent',0,0,'','yes','2024-05-07 13:53:32',NULL),(369,107,'std107','4wt1ze','','student',0,0,'','yes','2024-05-07 13:53:32',NULL),(370,107,'parent107','e2w5rn','107','parent',0,0,'','yes','2024-05-07 13:53:32',NULL),(371,108,'std108','y8js43','','student',0,0,'','yes','2024-05-07 13:53:32',NULL),(372,108,'parent108','vk0k17','108','parent',0,0,'','yes','2024-05-07 13:53:32',NULL),(373,109,'std109','mshkay','','student',0,0,'','yes','2024-05-07 13:53:32',NULL),(374,109,'parent109','u41rvs','109','parent',0,0,'','yes','2024-05-07 13:53:32',NULL),(375,110,'std110','b6o4tu','','student',0,0,'','yes','2024-05-07 13:53:32',NULL),(376,110,'parent110','2cjpm7','110','parent',0,0,'','yes','2024-05-07 13:53:32',NULL),(377,111,'std111','7ph5o1','','student',0,0,'','yes','2024-05-07 13:53:32',NULL),(378,111,'parent111','unnsyf','111','parent',0,0,'','yes','2024-05-07 13:53:32',NULL),(379,112,'std112','u299qu','','student',0,0,'','yes','2024-05-07 13:53:32',NULL),(380,112,'parent112','esx9tc','112','parent',0,0,'','yes','2024-05-07 13:53:32',NULL),(381,113,'std113','r7w5kg','','student',0,0,'','yes','2024-05-07 13:53:32',NULL),(382,113,'parent113','n5o6tv','113','parent',0,0,'','yes','2024-05-07 13:53:32',NULL),(383,114,'std114','vmk4ym','','student',0,0,'','yes','2024-05-07 13:53:33',NULL),(384,114,'parent114','zzp2n6','114','parent',0,0,'','yes','2024-05-07 13:53:33',NULL),(385,115,'std115','dx0e5i','','student',0,0,'','yes','2024-05-07 13:53:33',NULL),(386,115,'parent115','x4thvs','115','parent',0,0,'','yes','2024-05-07 13:53:33',NULL),(387,116,'std116','n1c5ux','','student',0,0,'','yes','2024-05-07 13:53:33',NULL),(388,116,'parent116','xwptbs','116','parent',0,0,'','yes','2024-05-07 13:53:33',NULL),(389,117,'std117','ef4vtv','','student',0,0,'','yes','2024-05-07 13:53:33',NULL),(390,117,'parent117','lrnicq','117','parent',0,0,'','yes','2024-05-07 13:53:33',NULL),(391,118,'std118','tcdar3','','student',0,0,'','yes','2024-05-07 13:53:33',NULL),(392,118,'parent118','sedrmx','118','parent',0,0,'','yes','2024-05-07 13:53:33',NULL),(393,119,'std119','cutt6n','','student',0,0,'','yes','2024-05-07 13:58:08',NULL),(394,119,'parent119','u4jcu5','119','parent',0,0,'','yes','2024-05-07 13:58:08',NULL),(395,120,'std120','38ib8m','','student',0,0,'','yes','2024-05-07 13:58:08',NULL),(396,120,'parent120','grk7wp','120','parent',0,0,'','yes','2024-05-07 13:58:08',NULL),(397,121,'std121','9o4oya','','student',0,0,'','yes','2024-05-07 13:58:08',NULL),(398,121,'parent121','19qlwz','121','parent',0,0,'','yes','2024-05-07 13:58:08',NULL),(399,122,'std122','5bf7ir','','student',0,0,'','yes','2024-05-07 13:58:08',NULL),(400,122,'parent122','ccimq5','122','parent',0,0,'','yes','2024-05-07 13:58:08',NULL),(401,123,'std123','6pvbxs','','student',0,0,'','yes','2024-05-07 13:58:08',NULL),(402,123,'parent123','6zj3qb','123','parent',0,0,'','yes','2024-05-07 13:58:08',NULL),(403,124,'std124','15e0gz','','student',0,0,'','yes','2024-05-07 13:58:08',NULL),(404,124,'parent124','snwsiq','124','parent',0,0,'','yes','2024-05-07 13:58:08',NULL),(405,125,'std125','g1tk1n','','student',0,0,'','yes','2024-05-07 13:58:08',NULL),(406,125,'parent125','8s7rso','125','parent',0,0,'','yes','2024-05-07 13:58:08',NULL),(407,126,'std126','mswxky','','student',0,0,'','yes','2024-05-07 13:58:08',NULL),(408,126,'parent126','ufbon8','126','parent',0,0,'','yes','2024-05-07 13:58:08',NULL),(409,127,'std127','b57bou','','student',0,0,'','yes','2024-05-07 13:58:08',NULL),(410,127,'parent127','s5ytoh','127','parent',0,0,'','yes','2024-05-07 13:58:08',NULL),(411,128,'std128','nl3jyt','','student',0,0,'','yes','2024-05-07 13:58:08',NULL),(412,128,'parent128','du44sf','128','parent',0,0,'','yes','2024-05-07 13:58:08',NULL),(413,129,'std129','5973b2','','student',0,0,'','yes','2024-05-07 13:58:08',NULL),(414,129,'parent129','lzt09m','129','parent',0,0,'','yes','2024-05-07 13:58:08',NULL),(415,130,'std130','rfdxmd','','student',0,0,'','yes','2024-05-07 13:58:08',NULL),(416,130,'parent130','fiaqtp','130','parent',0,0,'','yes','2024-05-07 13:58:08',NULL),(417,131,'std131','ztgngo','','student',0,0,'','yes','2024-05-07 13:58:08',NULL),(418,131,'parent131','6kpdks','131','parent',0,0,'','yes','2024-05-07 13:58:08',NULL),(419,132,'std132','a1g1y4','','student',0,0,'','yes','2024-05-07 13:58:08',NULL),(420,132,'parent132','e0hk0z','132','parent',0,0,'','yes','2024-05-07 13:58:08',NULL),(421,133,'std133','f3ttnc','','student',0,0,'','yes','2024-05-07 13:58:08',NULL),(422,133,'parent133','o5s7ke','133','parent',0,0,'','yes','2024-05-07 13:58:08',NULL),(423,134,'std134','wldmx8','','student',0,0,'','yes','2024-05-07 13:58:09',NULL),(424,134,'parent134','0hpccz','134','parent',0,0,'','yes','2024-05-07 13:58:09',NULL),(425,135,'std135','mx67f6','','student',0,0,'','yes','2024-05-07 13:58:09',NULL),(426,135,'parent135','74njyc','135','parent',0,0,'','yes','2024-05-07 13:58:09',NULL),(427,136,'std136','bwy7ho','','student',0,0,'','yes','2024-05-07 13:58:09',NULL),(428,136,'parent136','s3ffii','136','parent',0,0,'','yes','2024-05-07 13:58:09',NULL),(429,137,'std137','ailof4','','student',0,0,'','yes','2024-05-07 13:58:09',NULL),(430,137,'parent137','ekvg8e','137','parent',0,0,'','yes','2024-05-07 13:58:09',NULL),(431,138,'std138','3jl3ds','','student',0,0,'','yes','2024-05-07 13:58:09',NULL),(432,138,'parent138','kgs2k0','138','parent',0,0,'','yes','2024-05-07 13:58:09',NULL),(433,139,'std139','n2obim','','student',0,0,'','yes','2024-05-07 13:58:09',NULL),(434,139,'parent139','4wzfmg','139','parent',0,0,'','yes','2024-05-07 13:58:09',NULL),(435,140,'std140','xiclwv','','student',0,0,'','yes','2024-05-07 13:58:09',NULL),(436,140,'parent140','kgqvih','140','parent',0,0,'','yes','2024-05-07 13:58:09',NULL),(437,141,'std141','smvpyy','','student',0,0,'','yes','2024-05-07 13:58:09',NULL),(438,141,'parent141','rka9ym','141','parent',0,0,'','yes','2024-05-07 13:58:09',NULL),(439,142,'std142','1rfriq','','student',0,0,'','yes','2024-05-07 13:58:09',NULL),(440,142,'parent142','kv5czp','142','parent',0,0,'','yes','2024-05-07 13:58:09',NULL),(441,143,'std143','t1vp7p','','student',0,0,'','yes','2024-05-07 13:58:09',NULL),(442,143,'parent143','4h0rsz','143','parent',0,0,'','yes','2024-05-07 13:58:09',NULL),(443,144,'std144','du5nkt','','student',0,0,'','yes','2024-05-07 14:00:08',NULL),(444,144,'parent144','56ftkm','144','parent',0,0,'','yes','2024-05-07 14:00:08',NULL),(445,145,'std145','20qgmr','','student',0,0,'','yes','2024-05-07 14:00:08',NULL),(446,145,'parent145','olfab3','145','parent',0,0,'','yes','2024-05-07 14:00:08',NULL),(447,146,'std146','gqvjzo','','student',0,0,'','yes','2024-05-07 14:00:08',NULL),(448,146,'parent146','87azw5','146','parent',0,0,'','yes','2024-05-07 14:00:08',NULL),(449,147,'std147','r20gh3','','student',0,0,'','yes','2024-05-07 14:00:09',NULL),(450,147,'parent147','vjg4w8','147','parent',0,0,'','yes','2024-05-07 14:00:09',NULL),(451,148,'std148','28bzsf','','student',0,0,'','yes','2024-05-07 14:00:09',NULL),(452,148,'parent148','kcsikf','148','parent',0,0,'','yes','2024-05-07 14:00:09',NULL),(453,149,'std149','94vn3v','','student',0,0,'','yes','2024-05-07 14:00:09',NULL),(454,149,'parent149','70ecp9','149','parent',0,0,'','yes','2024-05-07 14:00:09',NULL),(455,150,'std150','vh6svf','','student',0,0,'','yes','2024-05-07 14:00:09',NULL),(456,150,'parent150','i4fg41','150','parent',0,0,'','yes','2024-05-07 14:00:09',NULL),(457,151,'std151','y36k8r','','student',0,0,'','yes','2024-05-07 14:00:09',NULL),(458,151,'parent151','hzchzx','151','parent',0,0,'','yes','2024-05-07 14:00:09',NULL),(459,152,'std152','8wa4ki','','student',0,0,'','yes','2024-05-07 14:00:09',NULL),(460,152,'parent152','t9i9eb','152','parent',0,0,'','yes','2024-05-07 14:00:09',NULL),(461,153,'std153','vrw4y8','','student',0,0,'','yes','2024-05-07 14:00:09',NULL),(462,153,'parent153','7wp6fa','153','parent',0,0,'','yes','2024-05-07 14:00:09',NULL),(463,154,'std154','53xmpk','','student',0,0,'','yes','2024-05-07 14:00:09',NULL),(464,154,'parent154','yjgxg7','154','parent',0,0,'','yes','2024-05-07 14:00:09',NULL),(465,155,'std155','itvfyt','','student',0,0,'','yes','2024-05-07 14:00:09',NULL),(466,155,'parent155','2xcggt','155','parent',0,0,'','yes','2024-05-07 14:00:09',NULL),(467,156,'std156','cs6b8d','','student',0,0,'','yes','2024-05-07 14:00:09',NULL),(468,156,'parent156','nseyw1','156','parent',0,0,'','yes','2024-05-07 14:00:09',NULL),(469,157,'std157','iuk9bl','','student',0,0,'','yes','2024-05-07 14:00:09',NULL),(470,157,'parent157','5heb5b','157','parent',0,0,'','yes','2024-05-07 14:00:09',NULL),(471,158,'std158','j6n16e','','student',0,0,'','yes','2024-05-07 14:00:09',NULL),(472,158,'parent158','2qjkhd','158','parent',0,0,'','yes','2024-05-07 14:00:09',NULL),(473,159,'std159','ncuwcy','','student',0,0,'','yes','2024-05-07 14:00:09',NULL),(474,159,'parent159','orcyva','159','parent',0,0,'','yes','2024-05-07 14:00:09',NULL),(475,160,'std160','etgf8u','','student',0,0,'','yes','2024-05-07 14:00:09',NULL),(476,160,'parent160','37m576','160','parent',0,0,'','yes','2024-05-07 14:00:09',NULL),(477,161,'std161','nwm29k','','student',0,0,'','yes','2024-05-07 14:00:09',NULL),(478,161,'parent161','savpc7','161','parent',0,0,'','yes','2024-05-07 14:00:09',NULL),(479,162,'std162','8nraz6','','student',0,0,'','yes','2024-05-07 14:00:09',NULL),(480,162,'parent162','dag5t9','162','parent',0,0,'','yes','2024-05-07 14:00:09',NULL),(481,163,'std163','wd3dni','','student',0,0,'','yes','2024-05-07 14:00:09',NULL),(482,163,'parent163','jhyh5w','163','parent',0,0,'','yes','2024-05-07 14:00:09',NULL),(483,164,'std164','fu92mn','','student',0,0,'','yes','2024-05-07 14:00:09',NULL),(484,164,'parent164','yhpbig','164','parent',0,0,'','yes','2024-05-07 14:00:09',NULL),(485,165,'std165','737hoa','','student',0,0,'','yes','2024-05-07 14:00:09',NULL),(486,165,'parent165','99sm4k','165','parent',0,0,'','yes','2024-05-07 14:00:09',NULL),(487,166,'std166','66hdy1','','student',0,0,'','yes','2024-05-07 14:00:09',NULL),(488,166,'parent166','yc2jfz','166','parent',0,0,'','yes','2024-05-07 14:00:09',NULL),(489,167,'std167','nqxflc','','student',0,0,'','yes','2024-05-07 14:00:10',NULL),(490,167,'parent167','ukz6bv','167','parent',0,0,'','yes','2024-05-07 14:00:10',NULL),(491,168,'std168','25t923','','student',0,0,'','yes','2024-05-07 14:00:10',NULL),(492,168,'parent168','9mbeve','168','parent',0,0,'','yes','2024-05-07 14:00:10',NULL),(493,169,'std169','63jjh3','','student',0,0,'','yes','2024-05-07 14:00:10',NULL),(494,169,'parent169','60nyvh','169','parent',0,0,'','yes','2024-05-07 14:00:10',NULL),(495,170,'std170','65kl7p','','student',0,0,'','yes','2024-05-07 14:00:10',NULL),(496,170,'parent170','pd95cn','170','parent',0,0,'','yes','2024-05-07 14:00:10',NULL),(497,171,'std171','tpf5rh','','student',0,0,'','yes','2024-05-07 14:00:10',NULL),(498,171,'parent171','14n3xm','171','parent',0,0,'','yes','2024-05-07 14:00:10',NULL),(499,172,'std172','bd9gip','','student',0,0,'','yes','2024-05-07 14:00:10',NULL),(500,172,'parent172','2y0dfk','172','parent',0,0,'','yes','2024-05-07 14:00:10',NULL),(501,173,'std173','z8xeqv','','student',0,0,'','yes','2024-05-07 14:01:58',NULL),(502,173,'parent173','q10n7i','173','parent',0,0,'','yes','2024-05-07 14:01:58',NULL),(503,174,'std174','s7oexb','','student',0,0,'','yes','2024-05-07 14:01:58',NULL),(504,174,'parent174','yzsfhr','174','parent',0,0,'','yes','2024-05-07 14:01:58',NULL),(505,175,'std175','otf7uj','','student',0,0,'','yes','2024-05-07 14:01:58',NULL),(506,175,'parent175','0q2r7x','175','parent',0,0,'','yes','2024-05-07 14:01:58',NULL),(507,176,'std176','xykbmn','','student',0,0,'','yes','2024-05-07 14:01:58',NULL),(508,176,'parent176','3zoze4','176','parent',0,0,'','yes','2024-05-07 14:01:58',NULL),(509,177,'std177','594zd9','','student',0,0,'','yes','2024-05-07 14:01:58',NULL),(510,177,'parent177','rbn8rn','177','parent',0,0,'','yes','2024-05-07 14:01:58',NULL),(511,178,'std178','gnop7y','','student',0,0,'','yes','2024-05-07 14:01:58',NULL),(512,178,'parent178','b6qekd','178','parent',0,0,'','yes','2024-05-07 14:01:58',NULL),(513,179,'std179','2j9pxd','','student',0,0,'','yes','2024-05-07 14:01:58',NULL),(514,179,'parent179','wzqgi8','179','parent',0,0,'','yes','2024-05-07 14:01:58',NULL),(515,180,'std180','jc7hlc','','student',0,0,'','yes','2024-05-07 14:01:58',NULL),(516,180,'parent180','8voyrv','180','parent',0,0,'','yes','2024-05-07 14:01:58',NULL),(517,181,'std181','k2lkn7','','student',0,0,'','yes','2024-05-07 14:01:58',NULL),(518,181,'parent181','m7uc21','181','parent',0,0,'','yes','2024-05-07 14:01:58',NULL),(519,182,'std182','eacp68','','student',0,0,'','yes','2024-05-07 14:01:58',NULL),(520,182,'parent182','jnjl2y','182','parent',0,0,'','yes','2024-05-07 14:01:58',NULL),(521,183,'std183','idpyey','','student',0,0,'','yes','2024-05-07 14:01:58',NULL),(522,183,'parent183','2udg6o','183','parent',0,0,'','yes','2024-05-07 14:01:58',NULL),(523,184,'std184','u02mkq','','student',0,0,'','yes','2024-05-07 14:01:58',NULL),(524,184,'parent184','uudi0g','184','parent',0,0,'','yes','2024-05-07 14:01:58',NULL),(525,185,'std185','9cv08v','','student',0,0,'','yes','2024-05-07 14:01:58',NULL),(526,185,'parent185','zyhgn8','185','parent',0,0,'','yes','2024-05-07 14:01:58',NULL),(527,186,'std186','uj7vx6','','student',0,0,'','yes','2024-05-07 14:01:58',NULL),(528,186,'parent186','sm18in','186','parent',0,0,'','yes','2024-05-07 14:01:58',NULL),(529,187,'std187','u78alv','','student',0,0,'','yes','2024-05-07 14:01:58',NULL),(530,187,'parent187','i23du9','187','parent',0,0,'','yes','2024-05-07 14:01:58',NULL),(531,188,'std188','9i455l','','student',0,0,'','yes','2024-05-07 14:01:58',NULL),(532,188,'parent188','ffpdgn','188','parent',0,0,'','yes','2024-05-07 14:01:58',NULL),(533,189,'std189','04b5l6','','student',0,0,'','yes','2024-05-07 14:01:58',NULL),(534,189,'parent189','oknqmy','189','parent',0,0,'','yes','2024-05-07 14:01:58',NULL),(535,190,'std190','tqo8su','','student',0,0,'','yes','2024-05-07 14:01:58',NULL),(536,190,'parent190','x2tofl','190','parent',0,0,'','yes','2024-05-07 14:01:58',NULL),(537,191,'std191','kqqtdq','','student',0,0,'','yes','2024-05-07 14:01:58',NULL),(538,191,'parent191','gr0hij','191','parent',0,0,'','yes','2024-05-07 14:01:58',NULL),(539,192,'std192','8lzycy','','student',0,0,'','yes','2024-05-07 14:01:58',NULL),(540,192,'parent192','t9h1zz','192','parent',0,0,'','yes','2024-05-07 14:01:58',NULL),(541,193,'std193','uvxsh4','','student',0,0,'','yes','2024-05-07 14:01:58',NULL),(542,193,'parent193','mk0kyk','193','parent',0,0,'','yes','2024-05-07 14:01:58',NULL),(543,194,'std194','8hutti','','student',0,0,'','yes','2024-05-07 14:01:58',NULL),(544,194,'parent194','c3e85w','194','parent',0,0,'','yes','2024-05-07 14:01:58',NULL),(545,195,'std195','5r8rx9','','student',0,0,'','yes','2024-05-07 14:01:58',NULL),(546,195,'parent195','iy48jj','195','parent',0,0,'','yes','2024-05-07 14:01:58',NULL),(547,196,'std196','mwcrvc','','student',0,0,'','yes','2024-05-07 14:01:58',NULL),(548,196,'parent196','9cpkz4','196','parent',0,0,'','yes','2024-05-07 14:01:58',NULL),(549,197,'std197','jjhmy5','','student',0,0,'','yes','2024-05-07 14:01:58',NULL),(550,197,'parent197','0okp4x','197','parent',0,0,'','yes','2024-05-07 14:01:58',NULL),(551,198,'std198','853ht4','','student',0,0,'','yes','2024-05-07 14:01:58',NULL),(552,198,'parent198','2kg8fp','198','parent',0,0,'','yes','2024-05-07 14:01:58',NULL),(553,199,'std199','pk7jlo','','student',0,0,'','yes','2024-05-07 14:01:59',NULL),(554,199,'parent199','zyk0d7','199','parent',0,0,'','yes','2024-05-07 14:01:59',NULL),(555,200,'std200','gvinst','','student',0,0,'','yes','2024-05-07 14:01:59',NULL),(556,200,'parent200','ds29nl','200','parent',0,0,'','yes','2024-05-07 14:01:59',NULL),(557,201,'std201','3zpli0','','student',0,0,'','yes','2024-05-07 14:01:59',NULL),(558,201,'parent201','dqsf4j','201','parent',0,0,'','yes','2024-05-07 14:01:59',NULL),(559,202,'std202','3h24tu','','student',0,0,'','yes','2024-05-07 14:01:59',NULL),(560,202,'parent202','iuzhti','202','parent',0,0,'','yes','2024-05-07 14:01:59',NULL),(561,203,'std203','ncrhle','','student',0,0,'','yes','2024-05-07 14:01:59',NULL),(562,203,'parent203','snw4nr','203','parent',0,0,'','yes','2024-05-07 14:01:59',NULL),(563,204,'std204','treo0f','','student',0,0,'','yes','2024-05-07 14:01:59',NULL),(564,204,'parent204','7kprw1','204','parent',0,0,'','yes','2024-05-07 14:01:59',NULL),(565,205,'std205','q015on','','student',0,0,'','yes','2024-05-07 14:01:59',NULL),(566,205,'parent205','d6zdf7','205','parent',0,0,'','yes','2024-05-07 14:01:59',NULL),(567,206,'std206','1b6epy','','student',0,0,'','yes','2024-05-07 14:01:59',NULL),(568,206,'parent206','d2eoxm','206','parent',0,0,'','yes','2024-05-07 14:01:59',NULL),(569,207,'std207','39stdo','','student',0,0,'','yes','2024-05-07 14:01:59',NULL),(570,207,'parent207','608vz6','207','parent',0,0,'','yes','2024-05-07 14:01:59',NULL),(571,208,'std208','go1ujs','','student',0,0,'','yes','2024-05-07 14:01:59',NULL),(572,208,'parent208','udwdiz','208','parent',0,0,'','yes','2024-05-07 14:01:59',NULL),(573,209,'std209','bfo3bb','','student',0,0,'','yes','2024-05-07 14:01:59',NULL),(574,209,'parent209','fksm9l','209','parent',0,0,'','yes','2024-05-07 14:01:59',NULL),(575,210,'std210','p1c6py','','student',0,0,'','yes','2024-05-07 14:01:59',NULL),(576,210,'parent210','8plo2k','210','parent',0,0,'','yes','2024-05-07 14:01:59',NULL),(577,211,'std211','x8klk6','','student',0,0,'','yes','2024-05-07 14:01:59',NULL),(578,211,'parent211','jzbpmu','211','parent',0,0,'','yes','2024-05-07 14:01:59',NULL),(579,212,'std212','6y7c6b','','student',0,0,'','yes','2024-05-07 14:01:59',NULL),(580,212,'parent212','r2lu9w','212','parent',0,0,'','yes','2024-05-07 14:01:59',NULL),(581,213,'std213','jonfgh','','student',0,0,'','yes','2024-05-07 14:01:59',NULL),(582,213,'parent213','51z1lz','213','parent',0,0,'','yes','2024-05-07 14:01:59',NULL),(583,214,'std214','vh1aed','','student',0,0,'','yes','2024-05-07 14:01:59',NULL),(584,214,'parent214','sl0cun','214','parent',0,0,'','yes','2024-05-07 14:01:59',NULL),(585,215,'std215','egik5r','','student',0,0,'','yes','2024-05-07 14:18:56',NULL),(586,215,'parent215','fsg1k3','215','parent',0,0,'','yes','2024-05-07 14:18:56',NULL),(587,216,'std216','sxqyd6','','student',0,0,'','yes','2024-05-07 14:18:56',NULL),(588,216,'parent216','rig5fm','216','parent',0,0,'','yes','2024-05-07 14:18:56',NULL),(589,217,'std217','mkefgf','','student',0,0,'','yes','2024-05-07 14:18:56',NULL),(590,217,'parent217','4sdwr2','217','parent',0,0,'','yes','2024-05-07 14:18:56',NULL),(591,218,'std218','c173sn','','student',0,0,'','yes','2024-05-07 14:18:56',NULL),(592,218,'parent218','o1auzi','218','parent',0,0,'','yes','2024-05-07 14:18:56',NULL),(593,219,'std219','1qpvhp','','student',0,0,'','yes','2024-05-07 14:18:56',NULL),(594,219,'parent219','u0xehu','219','parent',0,0,'','yes','2024-05-07 14:18:56',NULL),(595,220,'std220','jr9sp6','','student',0,0,'','yes','2024-05-07 14:18:56',NULL),(596,220,'parent220','0kvass','220','parent',0,0,'','yes','2024-05-07 14:18:56',NULL),(597,221,'std221','wjeclt','','student',0,0,'','yes','2024-05-07 14:18:56',NULL),(598,221,'parent221','vjziqs','221','parent',0,0,'','yes','2024-05-07 14:18:56',NULL),(599,222,'std222','kikew7','','student',0,0,'','yes','2024-05-07 14:18:56',NULL),(600,222,'parent222','p0ae3q','222','parent',0,0,'','yes','2024-05-07 14:18:56',NULL),(601,223,'std223','e0oo0h','','student',0,0,'','yes','2024-05-07 14:18:56',NULL),(602,223,'parent223','zou4gs','223','parent',0,0,'','yes','2024-05-07 14:18:56',NULL),(603,224,'std224','2xivdu','','student',0,0,'','yes','2024-05-07 14:18:56',NULL),(604,224,'parent224','8xcw5j','224','parent',0,0,'','yes','2024-05-07 14:18:56',NULL),(605,225,'std225','42kf0r','','student',0,0,'','yes','2024-05-07 14:18:56',NULL),(606,225,'parent225','88ihfw','225','parent',0,0,'','yes','2024-05-07 14:18:56',NULL),(607,226,'std226','8aqohj','','student',0,0,'','yes','2024-05-07 14:18:56',NULL),(608,226,'parent226','6gygd7','226','parent',0,0,'','yes','2024-05-07 14:18:56',NULL),(609,227,'std227','p0gb10','','student',0,0,'','yes','2024-05-07 14:18:56',NULL),(610,227,'parent227','5klkbk','227','parent',0,0,'','yes','2024-05-07 14:18:56',NULL),(611,228,'std228','ncm7nd','','student',0,0,'','yes','2024-05-07 14:18:56',NULL),(612,228,'parent228','x5ykjb','228','parent',0,0,'','yes','2024-05-07 14:18:56',NULL),(613,229,'std229','j7ohid','','student',0,0,'','yes','2024-05-07 14:18:56',NULL),(614,229,'parent229','uo11yu','229','parent',0,0,'','yes','2024-05-07 14:18:56',NULL),(615,230,'std230','qjbk0o','','student',0,0,'','yes','2024-05-07 14:18:56',NULL),(616,230,'parent230','hye059','230','parent',0,0,'','yes','2024-05-07 14:18:56',NULL),(617,231,'std231','fpqqhg','','student',0,0,'','yes','2024-05-07 14:18:56',NULL),(618,231,'parent231','fiedo5','231','parent',0,0,'','yes','2024-05-07 14:18:56',NULL),(619,232,'std232','lfvk3j','','student',0,0,'','yes','2024-05-07 14:18:57',NULL),(620,232,'parent232','soh329','232','parent',0,0,'','yes','2024-05-07 14:18:57',NULL),(621,233,'std233','mnqkaq','','student',0,0,'','yes','2024-05-07 14:18:57',NULL),(622,233,'parent233','smlxy0','233','parent',0,0,'','yes','2024-05-07 14:18:57',NULL),(623,234,'std234','1guafq','','student',0,0,'','yes','2024-05-07 14:18:57',NULL),(624,234,'parent234','7hcd39','234','parent',0,0,'','yes','2024-05-07 14:18:57',NULL),(625,235,'std235','hpw04x','','student',0,0,'','yes','2024-05-07 14:18:57',NULL),(626,235,'parent235','91sss0','235','parent',0,0,'','yes','2024-05-07 14:18:57',NULL),(627,236,'std236','ztf3kn','','student',0,0,'','yes','2024-05-07 14:18:57',NULL),(628,236,'parent236','1b19s8','236','parent',0,0,'','yes','2024-05-07 14:18:57',NULL),(629,237,'std237','tmlz1o','','student',0,0,'','yes','2024-05-07 14:18:57',NULL),(630,237,'parent237','or6uur','237','parent',0,0,'','yes','2024-05-07 14:18:57',NULL),(631,238,'std238','q8o387','','student',0,0,'','yes','2024-05-07 14:18:57',NULL),(632,238,'parent238','ii0ae5','238','parent',0,0,'','yes','2024-05-07 14:18:57',NULL),(633,239,'std239','b1ds6a','','student',0,0,'','yes','2024-05-07 14:18:57',NULL),(634,239,'parent239','2nqn85','239','parent',0,0,'','yes','2024-05-07 14:18:57',NULL),(635,240,'std240','xd9ttb','','student',0,0,'','yes','2024-05-07 14:18:57',NULL),(636,240,'parent240','p4vwwi','240','parent',0,0,'','yes','2024-05-07 14:18:57',NULL),(637,241,'std241','pw10zr','','student',0,0,'','yes','2024-05-07 14:18:57',NULL),(638,241,'parent241','3sq3a0','241','parent',0,0,'','yes','2024-05-07 14:18:57',NULL),(639,242,'std242','kn3w8c','','student',0,0,'','yes','2024-05-07 14:18:57',NULL),(640,242,'parent242','tjfl1g','242','parent',0,0,'','yes','2024-05-07 14:18:57',NULL),(641,243,'std243','i6f9uo','','student',0,0,'','yes','2024-05-07 14:18:57',NULL),(642,243,'parent243','rf98ck','243','parent',0,0,'','yes','2024-05-07 14:18:57',NULL),(643,244,'std244','rgykx2','','student',0,0,'','yes','2024-05-07 14:18:57',NULL),(644,244,'parent244','zymecn','244','parent',0,0,'','yes','2024-05-07 14:18:57',NULL),(645,245,'std245','41ky3j','','student',0,0,'','yes','2024-05-07 14:18:57',NULL),(646,245,'parent245','o24x8u','245','parent',0,0,'','yes','2024-05-07 14:18:57',NULL),(647,246,'std246','5em14f','','student',0,0,'','yes','2024-05-07 14:19:12',NULL),(648,246,'parent246','i2t0s6','246','parent',0,0,'','yes','2024-05-07 14:19:12',NULL),(649,247,'std247','ti8qcg','','student',0,0,'','yes','2024-05-07 14:19:12',NULL),(650,247,'parent247','1ky0yd','247','parent',0,0,'','yes','2024-05-07 14:19:12',NULL),(651,248,'std248','6esxkh','','student',0,0,'','yes','2024-05-07 14:19:12',NULL),(652,248,'parent248','zwfvxp','248','parent',0,0,'','yes','2024-05-07 14:19:12',NULL),(653,249,'std249','lde9mj','','student',0,0,'','yes','2024-05-07 14:19:12',NULL),(654,249,'parent249','pdx7hn','249','parent',0,0,'','yes','2024-05-07 14:19:12',NULL),(655,250,'std250','gifjza','','student',0,0,'','yes','2024-05-07 14:19:12',NULL),(656,250,'parent250','ycyemz','250','parent',0,0,'','yes','2024-05-07 14:19:12',NULL),(657,251,'std251','r2ig4v','','student',0,0,'','yes','2024-05-07 14:19:12',NULL),(658,251,'parent251','2pqbly','251','parent',0,0,'','yes','2024-05-07 14:19:12',NULL),(659,252,'std252','18g7zq','','student',0,0,'','yes','2024-05-07 14:19:12',NULL),(660,252,'parent252','n9n7ch','252','parent',0,0,'','yes','2024-05-07 14:19:12',NULL),(661,253,'std253','yuxsy1','','student',0,0,'','yes','2024-05-07 14:19:12',NULL),(662,253,'parent253','07vsgy','253','parent',0,0,'','yes','2024-05-07 14:19:12',NULL),(663,254,'std254','ay0q3q','','student',0,0,'','yes','2024-05-07 14:19:12',NULL),(664,254,'parent254','mlcbjr','254','parent',0,0,'','yes','2024-05-07 14:19:12',NULL),(665,255,'std255','umo0oe','','student',0,0,'','yes','2024-05-07 14:19:12',NULL),(666,255,'parent255','lg7538','255','parent',0,0,'','yes','2024-05-07 14:19:12',NULL),(667,256,'std256','s6sn62','','student',0,0,'','yes','2024-05-07 14:19:12',NULL),(668,256,'parent256','813tvi','256','parent',0,0,'','yes','2024-05-07 14:19:12',NULL),(669,257,'std257','pi8rtr','','student',0,0,'','yes','2024-05-07 14:19:12',NULL),(670,257,'parent257','hmqlgx','257','parent',0,0,'','yes','2024-05-07 14:19:12',NULL),(671,258,'std258','ucsm8h','','student',0,0,'','yes','2024-05-07 14:19:12',NULL),(672,258,'parent258','30ktoi','258','parent',0,0,'','yes','2024-05-07 14:19:12',NULL),(673,259,'std259','h7a2az','','student',0,0,'','yes','2024-05-07 14:19:12',NULL),(674,259,'parent259','fqkr1k','259','parent',0,0,'','yes','2024-05-07 14:19:12',NULL),(675,260,'std260','p7j0gr','','student',0,0,'','yes','2024-05-07 14:19:12',NULL),(676,260,'parent260','i4xs6j','260','parent',0,0,'','yes','2024-05-07 14:19:12',NULL),(677,261,'std261','vxvcgr','','student',0,0,'','yes','2024-05-07 14:19:12',NULL),(678,261,'parent261','qe7mye','261','parent',0,0,'','yes','2024-05-07 14:19:12',NULL),(679,262,'std262','zmpfmq','','student',0,0,'','yes','2024-05-07 14:19:12',NULL),(680,262,'parent262','c82zqv','262','parent',0,0,'','yes','2024-05-07 14:19:12',NULL),(681,263,'std263','hpte1f','','student',0,0,'','yes','2024-05-07 14:19:12',NULL),(682,263,'parent263','c1spzx','263','parent',0,0,'','yes','2024-05-07 14:19:12',NULL),(683,264,'std264','7q0jkp','','student',0,0,'','yes','2024-05-07 14:19:12',NULL),(684,264,'parent264','b89slp','264','parent',0,0,'','yes','2024-05-07 14:19:12',NULL),(685,265,'std265','cyd1th','','student',0,0,'','yes','2024-05-07 14:19:12',NULL),(686,265,'parent265','6480v7','265','parent',0,0,'','yes','2024-05-07 14:19:12',NULL),(687,266,'std266','b4ik64','','student',0,0,'','yes','2024-05-07 14:19:12',NULL),(688,266,'parent266','p0hgro','266','parent',0,0,'','yes','2024-05-07 14:19:12',NULL),(689,267,'std267','cv4rcc','','student',0,0,'','yes','2024-05-07 14:19:12',NULL),(690,267,'parent267','7fq0o1','267','parent',0,0,'','yes','2024-05-07 14:19:12',NULL),(691,268,'std268','886vk3','','student',0,0,'','yes','2024-05-07 14:19:12',NULL),(692,268,'parent268','022wdu','268','parent',0,0,'','yes','2024-05-07 14:19:12',NULL),(693,269,'std269','6rmr9x','','student',0,0,'','yes','2024-05-07 14:19:12',NULL),(694,269,'parent269','3sydyz','269','parent',0,0,'','yes','2024-05-07 14:19:12',NULL),(695,270,'std270','6h12th','','student',0,0,'','yes','2024-05-07 14:19:12',NULL),(696,270,'parent270','riu0wh','270','parent',0,0,'','yes','2024-05-07 14:19:12',NULL),(697,271,'std271','8aivj8','','student',0,0,'','yes','2024-05-07 14:19:12',NULL),(698,271,'parent271','10c3uo','271','parent',0,0,'','yes','2024-05-07 14:19:12',NULL),(699,272,'std272','all8rw','','student',0,0,'','yes','2024-05-07 14:19:12',NULL),(700,272,'parent272','oxtfse','272','parent',0,0,'','yes','2024-05-07 14:19:12',NULL),(701,273,'std273','3dew8n','','student',0,0,'','yes','2024-05-07 14:19:28',NULL),(702,273,'parent273','x6083j','273','parent',0,0,'','yes','2024-05-07 14:19:28',NULL),(703,274,'std274','6exgvf','','student',0,0,'','yes','2024-05-07 14:19:28',NULL),(704,274,'parent274','56huoz','274','parent',0,0,'','yes','2024-05-07 14:19:28',NULL),(705,275,'std275','rwmzue','','student',0,0,'','yes','2024-05-07 14:19:28',NULL),(706,275,'parent275','3wqvni','275','parent',0,0,'','yes','2024-05-07 14:19:28',NULL),(707,276,'std276','bfrz7b','','student',0,0,'','yes','2024-05-07 14:19:28',NULL),(708,276,'parent276','lj0rle','276','parent',0,0,'','yes','2024-05-07 14:19:28',NULL),(709,277,'std277','1q3cqa','','student',0,0,'','yes','2024-05-07 14:19:28',NULL),(710,277,'parent277','cvkn1w','277','parent',0,0,'','yes','2024-05-07 14:19:28',NULL),(711,278,'std278','lj00a5','','student',0,0,'','yes','2024-05-07 14:19:29',NULL),(712,278,'parent278','1fc589','278','parent',0,0,'','yes','2024-05-07 14:19:29',NULL),(713,279,'std279','od8okt','','student',0,0,'','yes','2024-05-07 14:19:29',NULL),(714,279,'parent279','mb1xix','279','parent',0,0,'','yes','2024-05-07 14:19:29',NULL),(715,280,'std280','rh0030','','student',0,0,'','yes','2024-05-07 14:19:29',NULL),(716,280,'parent280','zeady0','280','parent',0,0,'','yes','2024-05-07 14:19:29',NULL),(717,281,'std281','f10rv9','','student',0,0,'','yes','2024-05-07 14:19:29',NULL),(718,281,'parent281','ozbqim','281','parent',0,0,'','yes','2024-05-07 14:19:29',NULL),(719,282,'std282','vcv8t0','','student',0,0,'','yes','2024-05-07 14:19:29',NULL),(720,282,'parent282','t8z0fj','282','parent',0,0,'','yes','2024-05-07 14:19:29',NULL),(721,283,'std283','zbe7fh','','student',0,0,'','yes','2024-05-07 14:19:29',NULL),(722,283,'parent283','qv9avk','283','parent',0,0,'','yes','2024-05-07 14:19:29',NULL),(723,284,'std284','0xcmo3','','student',0,0,'','yes','2024-05-07 14:19:29',NULL),(724,284,'parent284','uciajf','284','parent',0,0,'','yes','2024-05-07 14:19:29',NULL),(725,285,'std285','qvrzy8','','student',0,0,'','yes','2024-05-07 14:19:29',NULL),(726,285,'parent285','faxrs5','285','parent',0,0,'','yes','2024-05-07 14:19:29',NULL),(727,286,'std286','tivh7d','','student',0,0,'','yes','2024-05-07 14:19:29',NULL),(728,286,'parent286','tty4qo','286','parent',0,0,'','yes','2024-05-07 14:19:29',NULL),(729,287,'std287','ssgco6','','student',0,0,'','yes','2024-05-07 14:19:29',NULL),(730,287,'parent287','7altpx','287','parent',0,0,'','yes','2024-05-07 14:19:29',NULL),(731,288,'std288','kmez6u','','student',0,0,'','yes','2024-05-07 14:19:29',NULL),(732,288,'parent288','rqqu0t','288','parent',0,0,'','yes','2024-05-07 14:19:29',NULL),(733,289,'std289','cvtcah','','student',0,0,'','yes','2024-05-07 14:19:29',NULL),(734,289,'parent289','s3h9xi','289','parent',0,0,'','yes','2024-05-07 14:19:29',NULL),(735,290,'std290','pgvt9l','','student',0,0,'','yes','2024-05-07 14:19:29',NULL),(736,290,'parent290','yfjtkx','290','parent',0,0,'','yes','2024-05-07 14:19:29',NULL),(737,291,'std291','k9hua4','','student',0,0,'','yes','2024-05-07 14:19:29',NULL),(738,291,'parent291','6tfi3f','291','parent',0,0,'','yes','2024-05-07 14:19:29',NULL),(739,292,'std292','ktugqs','','student',0,0,'','yes','2024-05-07 14:19:29',NULL),(740,292,'parent292','rm4p49','292','parent',0,0,'','yes','2024-05-07 14:19:29',NULL),(741,293,'std293','oms2c8','','student',0,0,'','yes','2024-05-07 14:19:29',NULL),(742,293,'parent293','66vbm8','293','parent',0,0,'','yes','2024-05-07 14:19:29',NULL),(743,294,'std294','95fldt','','student',0,0,'','yes','2024-05-07 14:19:29',NULL),(744,294,'parent294','rpnijq','294','parent',0,0,'','yes','2024-05-07 14:19:29',NULL),(745,295,'std295','iu9erv','','student',0,0,'','yes','2024-05-07 14:19:29',NULL),(746,295,'parent295','vcc2sw','295','parent',0,0,'','yes','2024-05-07 14:19:29',NULL),(747,296,'std296','b2iw16','','student',0,0,'','yes','2024-05-07 14:19:29',NULL),(748,296,'parent296','gziu5t','296','parent',0,0,'','yes','2024-05-07 14:19:29',NULL),(749,297,'std297','5uzh99','','student',0,0,'','yes','2024-05-07 14:19:29',NULL),(750,297,'parent297','rhrtyv','297','parent',0,0,'','yes','2024-05-07 14:19:29',NULL),(751,298,'std298','4s7k3j','','student',0,0,'','yes','2024-05-07 14:19:29',NULL),(752,298,'parent298','m7k0ag','298','parent',0,0,'','yes','2024-05-07 14:19:29',NULL),(753,299,'std299','a89kby','','student',0,0,'','yes','2024-05-07 14:19:29',NULL),(754,299,'parent299','ywgy69','299','parent',0,0,'','yes','2024-05-07 14:19:29',NULL),(755,300,'std300','6zxdxh','','student',0,0,'','yes','2024-05-07 14:19:29',NULL),(756,300,'parent300','imibwu','300','parent',0,0,'','yes','2024-05-07 14:19:29',NULL),(757,301,'std301','cvzmai','','student',0,0,'','yes','2024-05-07 14:19:29',NULL),(758,301,'parent301','pwpsix','301','parent',0,0,'','yes','2024-05-07 14:19:29',NULL),(759,302,'std302','7t33ep','','student',0,0,'','yes','2024-05-07 14:19:29',NULL),(760,302,'parent302','e9aco8','302','parent',0,0,'','yes','2024-05-07 14:19:29',NULL),(761,303,'std303','m4w9tp','','student',0,0,'','yes','2024-05-07 14:19:29',NULL),(762,303,'parent303','lbz31v','303','parent',0,0,'','yes','2024-05-07 14:19:29',NULL),(763,304,'std304','9qzr0g','','student',0,0,'','yes','2024-05-07 14:19:29',NULL),(764,304,'parent304','f96ki9','304','parent',0,0,'','yes','2024-05-07 14:19:29',NULL),(765,305,'std305','hahw0s','','student',0,0,'','yes','2024-05-07 14:19:29',NULL),(766,305,'parent305','ju3ul9','305','parent',0,0,'','yes','2024-05-07 14:19:29',NULL),(767,306,'std306','snn6qm','','student',0,0,'','yes','2024-05-07 14:19:29',NULL),(768,306,'parent306','zpooi3','306','parent',0,0,'','yes','2024-05-07 14:19:29',NULL),(769,307,'std307','dwzedh','','student',0,0,'','yes','2024-05-07 14:19:29',NULL),(770,307,'parent307','930tdy','307','parent',0,0,'','yes','2024-05-07 14:19:29',NULL),(771,308,'std308','bhn1km','','student',0,0,'','yes','2024-05-07 14:19:29',NULL),(772,308,'parent308','n81sq2','308','parent',0,0,'','yes','2024-05-07 14:19:29',NULL),(773,309,'std309','wf4alq','','student',0,0,'','yes','2024-05-07 14:19:29',NULL),(774,309,'parent309','fxlmjk','309','parent',0,0,'','yes','2024-05-07 14:19:29',NULL),(775,310,'std310','rom15h','','student',0,0,'','yes','2024-05-07 14:19:29',NULL),(776,310,'parent310','c8p1dn','310','parent',0,0,'','yes','2024-05-07 14:19:29',NULL),(777,311,'std311','afe02c','','student',0,0,'','yes','2024-05-07 14:19:29',NULL),(778,311,'parent311','a0sfxx','311','parent',0,0,'','yes','2024-05-07 14:19:29',NULL),(779,312,'std312','0u4eh4','','student',0,0,'','yes','2024-05-07 14:19:29',NULL),(780,312,'parent312','fjzhiz','312','parent',0,0,'','yes','2024-05-07 14:19:29',NULL),(781,313,'std313','9vq5ls','','student',0,0,'','yes','2024-05-07 14:19:29',NULL),(782,313,'parent313','utdats','313','parent',0,0,'','yes','2024-05-07 14:19:29',NULL),(783,314,'std314','8hxs73','','student',0,0,'','yes','2024-05-07 14:19:29',NULL),(784,314,'parent314','2syr07','314','parent',0,0,'','yes','2024-05-07 14:19:29',NULL),(785,315,'std315','6awxxx','','student',0,0,'','yes','2024-05-07 14:19:29',NULL),(786,315,'parent315','7n0zrm','315','parent',0,0,'','yes','2024-05-07 14:19:29',NULL),(787,316,'std316','n1sfoo','','student',0,0,'','yes','2024-05-07 14:21:44',NULL),(788,316,'parent316','0p9izy','316','parent',0,0,'','yes','2024-05-07 14:21:44',NULL),(789,317,'std317','w03lb9','','student',0,0,'','yes','2024-05-07 14:21:44',NULL),(790,317,'parent317','4gy008','317','parent',0,0,'','yes','2024-05-07 14:21:44',NULL),(791,318,'std318','m0xedg','','student',0,0,'','yes','2024-05-07 14:21:44',NULL),(792,318,'parent318','192333','318','parent',0,0,'','yes','2024-05-07 14:21:44',NULL),(793,319,'std319','2m7hi1','','student',0,0,'','yes','2024-05-07 14:21:44',NULL),(794,319,'parent319','49f9ie','319','parent',0,0,'','yes','2024-05-07 14:21:44',NULL),(795,320,'std320','gni3d0','','student',0,0,'','yes','2024-05-07 14:21:44',NULL),(796,320,'parent320','y57jpp','320','parent',0,0,'','yes','2024-05-07 14:21:44',NULL),(797,321,'std321','6p5saz','','student',0,0,'','yes','2024-05-07 14:21:44',NULL),(798,321,'parent321','szvfnw','321','parent',0,0,'','yes','2024-05-07 14:21:44',NULL),(799,322,'std322','61qsl1','','student',0,0,'','yes','2024-05-07 14:21:44',NULL),(800,322,'parent322','uiv5fu','322','parent',0,0,'','yes','2024-05-07 14:21:44',NULL),(801,323,'std323','jhzchw','','student',0,0,'','yes','2024-05-07 14:21:44',NULL),(802,323,'parent323','vkuz33','323','parent',0,0,'','yes','2024-05-07 14:21:44',NULL),(803,324,'std324','32asc3','','student',0,0,'','yes','2024-05-07 14:21:44',NULL),(804,324,'parent324','xwfjvz','324','parent',0,0,'','yes','2024-05-07 14:21:44',NULL),(805,325,'std325','juazyi','','student',0,0,'','yes','2024-05-07 14:21:44',NULL),(806,325,'parent325','ci1qws','325','parent',0,0,'','yes','2024-05-07 14:21:44',NULL),(807,326,'std326','mtbpfi','','student',0,0,'','yes','2024-05-07 14:21:45',NULL),(808,326,'parent326','jj9qnx','326','parent',0,0,'','yes','2024-05-07 14:21:45',NULL),(809,327,'std327','riwc89','','student',0,0,'','yes','2024-05-07 14:21:45',NULL),(810,327,'parent327','6ro42p','327','parent',0,0,'','yes','2024-05-07 14:21:45',NULL),(811,328,'std328','oy3742','','student',0,0,'','yes','2024-05-07 14:21:45',NULL),(812,328,'parent328','be43dw','328','parent',0,0,'','yes','2024-05-07 14:21:45',NULL),(813,329,'std329','2wgb3c','','student',0,0,'','yes','2024-05-07 14:21:45',NULL),(814,329,'parent329','msfv2b','329','parent',0,0,'','yes','2024-05-07 14:21:45',NULL),(815,330,'std330','knbwek','','student',0,0,'','yes','2024-05-07 14:21:45',NULL),(816,330,'parent330','llgt64','330','parent',0,0,'','yes','2024-05-07 14:21:45',NULL),(817,331,'std331','thdnw0','','student',0,0,'','yes','2024-05-07 14:21:45',NULL),(818,331,'parent331','h0a3ij','331','parent',0,0,'','yes','2024-05-07 14:21:45',NULL),(819,332,'std332','r7cijp','','student',0,0,'','yes','2024-05-07 14:21:45',NULL),(820,332,'parent332','gfmgpc','332','parent',0,0,'','yes','2024-05-07 14:21:45',NULL),(821,333,'std333','7wn033','','student',0,0,'','yes','2024-05-07 14:21:45',NULL),(822,333,'parent333','yb9p7l','333','parent',0,0,'','yes','2024-05-07 14:21:45',NULL),(823,334,'std334','xsrszd','','student',0,0,'','yes','2024-05-07 14:21:45',NULL),(824,334,'parent334','qh8zzd','334','parent',0,0,'','yes','2024-05-07 14:21:45',NULL),(825,335,'std335','9b9rvk','','student',0,0,'','yes','2024-05-07 14:21:45',NULL),(826,335,'parent335','xi9003','335','parent',0,0,'','yes','2024-05-07 14:21:45',NULL),(827,336,'std336','oz6mhu','','student',0,0,'','yes','2024-05-07 14:21:45',NULL),(828,336,'parent336','zmhcpr','336','parent',0,0,'','yes','2024-05-07 14:21:45',NULL),(829,337,'std337','jkf9xb','','student',0,0,'','yes','2024-05-07 14:21:45',NULL),(830,337,'parent337','50e2gy','337','parent',0,0,'','yes','2024-05-07 14:21:45',NULL),(831,338,'std338','05xbjy','','student',0,0,'','yes','2024-05-07 14:21:45',NULL),(832,338,'parent338','kahizm','338','parent',0,0,'','yes','2024-05-07 14:21:45',NULL),(833,339,'std339','5pq66a','','student',0,0,'','yes','2024-05-07 14:21:45',NULL),(834,339,'parent339','cl2d6x','339','parent',0,0,'','yes','2024-05-07 14:21:45',NULL),(835,340,'std340','uqoten','','student',0,0,'','yes','2024-05-07 14:21:45',NULL),(836,340,'parent340','17xk2a','340','parent',0,0,'','yes','2024-05-07 14:21:45',NULL),(837,341,'std341','9sacpb','','student',0,0,'','yes','2024-05-07 14:21:45',NULL),(838,341,'parent341','w8nyqd','341','parent',0,0,'','yes','2024-05-07 14:21:45',NULL),(839,342,'std342','og8qfy','','student',0,0,'','yes','2024-05-07 14:21:45',NULL),(840,342,'parent342','8gpmfl','342','parent',0,0,'','yes','2024-05-07 14:21:45',NULL),(841,343,'std343','olw69y','','student',0,0,'','yes','2024-05-07 14:21:45',NULL),(842,343,'parent343','2pf1nz','343','parent',0,0,'','yes','2024-05-07 14:21:45',NULL),(843,344,'std344','lxyu9r','','student',0,0,'','yes','2024-05-07 14:21:45',NULL),(844,344,'parent344','203ptf','344','parent',0,0,'','yes','2024-05-07 14:21:45',NULL),(845,345,'std345','zgvin0','','student',0,0,'','yes','2024-05-07 14:21:45',NULL),(846,345,'parent345','patdno','345','parent',0,0,'','yes','2024-05-07 14:21:45',NULL),(847,346,'std346','1i5bdj','','student',0,0,'','yes','2024-05-07 14:21:45',NULL),(848,346,'parent346','r1iglq','346','parent',0,0,'','yes','2024-05-07 14:21:45',NULL),(849,347,'std347','88vjv8','','student',0,0,'','yes','2024-05-07 14:21:45',NULL),(850,347,'parent347','jshl7z','347','parent',0,0,'','yes','2024-05-07 14:21:45',NULL),(851,348,'std348','cuxise','','student',0,0,'','yes','2024-05-07 14:21:45',NULL),(852,348,'parent348','lhutc5','348','parent',0,0,'','yes','2024-05-07 14:21:45',NULL),(853,349,'std349','e9lbbk','','student',0,0,'','yes','2024-05-07 14:21:45',NULL),(854,349,'parent349','saiukl','349','parent',0,0,'','yes','2024-05-07 14:21:45',NULL),(855,350,'std350','vxcz55','','student',0,0,'','yes','2024-05-07 14:21:45',NULL),(856,350,'parent350','t3glbm','350','parent',0,0,'','yes','2024-05-07 14:21:45',NULL),(857,351,'std351','gnjx0c','','student',0,0,'','yes','2024-05-07 14:21:45',NULL),(858,351,'parent351','x095n4','351','parent',0,0,'','yes','2024-05-07 14:21:45',NULL),(859,352,'std352','d1xpvw','','student',0,0,'','yes','2024-05-07 14:21:45',NULL),(860,352,'parent352','v9m84k','352','parent',0,0,'','yes','2024-05-07 14:21:45',NULL),(861,353,'std353','rpb16w','','student',0,0,'','yes','2024-05-07 14:21:45',NULL),(862,353,'parent353','biq3bs','353','parent',0,0,'','yes','2024-05-07 14:21:45',NULL),(863,354,'std354','pjai1i','','student',0,0,'','yes','2024-05-07 14:21:45',NULL),(864,354,'parent354','7dl2tu','354','parent',0,0,'','yes','2024-05-07 14:21:45',NULL),(865,355,'std355','m5r85m','','student',0,0,'','yes','2024-05-07 14:21:45',NULL),(866,355,'parent355','7w2zeb','355','parent',0,0,'','yes','2024-05-07 14:21:45',NULL),(867,356,'std356','khcv2s','','student',0,0,'','yes','2024-05-07 14:21:45',NULL),(868,356,'parent356','qh9se2','356','parent',0,0,'','yes','2024-05-07 14:21:45',NULL),(869,357,'std357','9qrrz2','','student',0,0,'','yes','2024-05-07 14:22:04',NULL),(870,357,'parent357','zmvi2n','357','parent',0,0,'','yes','2024-05-07 14:22:04',NULL),(871,358,'std358','8bevwf','','student',0,0,'','yes','2024-05-07 14:22:04',NULL),(872,358,'parent358','webg6s','358','parent',0,0,'','yes','2024-05-07 14:22:04',NULL),(873,359,'std359','7qvgyd','','student',0,0,'','yes','2024-05-07 14:22:04',NULL),(874,359,'parent359','ugtj6o','359','parent',0,0,'','yes','2024-05-07 14:22:04',NULL),(875,360,'std360','ofy3y0','','student',0,0,'','yes','2024-05-07 14:22:04',NULL),(876,360,'parent360','su45kq','360','parent',0,0,'','yes','2024-05-07 14:22:04',NULL),(877,361,'std361','rinw7h','','student',0,0,'','yes','2024-05-07 14:22:04',NULL),(878,361,'parent361','61ydpt','361','parent',0,0,'','yes','2024-05-07 14:22:04',NULL),(879,362,'std362','wdmwgc','','student',0,0,'','yes','2024-05-07 14:22:04',NULL),(880,362,'parent362','qdrqay','362','parent',0,0,'','yes','2024-05-07 14:22:04',NULL),(881,363,'std363','cwdi73','','student',0,0,'','yes','2024-05-07 14:22:04',NULL),(882,363,'parent363','gjjqh8','363','parent',0,0,'','yes','2024-05-07 14:22:04',NULL),(883,364,'std364','fzdkwk','','student',0,0,'','yes','2024-05-07 14:22:04',NULL),(884,364,'parent364','yuuxql','364','parent',0,0,'','yes','2024-05-07 14:22:04',NULL),(885,365,'std365','u27npt','','student',0,0,'','yes','2024-05-07 14:22:04',NULL),(886,365,'parent365','uwfqgl','365','parent',0,0,'','yes','2024-05-07 14:22:04',NULL),(887,366,'std366','dzymcx','','student',0,0,'','yes','2024-05-07 14:22:04',NULL),(888,366,'parent366','h9iq48','366','parent',0,0,'','yes','2024-05-07 14:22:04',NULL),(889,367,'std367','ada4fe','','student',0,0,'','yes','2024-05-07 14:22:04',NULL),(890,367,'parent367','cebjp4','367','parent',0,0,'','yes','2024-05-07 14:22:04',NULL),(891,368,'std368','dkbyqr','','student',0,0,'','yes','2024-05-07 14:22:04',NULL),(892,368,'parent368','x7ndq9','368','parent',0,0,'','yes','2024-05-07 14:22:04',NULL),(893,369,'std369','zqroba','','student',0,0,'','yes','2024-05-07 14:22:04',NULL),(894,369,'parent369','n2qh6w','369','parent',0,0,'','yes','2024-05-07 14:22:04',NULL),(895,370,'std370','a0ce4o','','student',0,0,'','yes','2024-05-07 14:22:04',NULL),(896,370,'parent370','g2rmfd','370','parent',0,0,'','yes','2024-05-07 14:22:04',NULL),(897,371,'std371','984je5','','student',0,0,'','yes','2024-05-07 14:22:04',NULL),(898,371,'parent371','ptwmxb','371','parent',0,0,'','yes','2024-05-07 14:22:04',NULL),(899,372,'std372','2q40rm','','student',0,0,'','yes','2024-05-07 14:22:04',NULL),(900,372,'parent372','p5ir34','372','parent',0,0,'','yes','2024-05-07 14:22:04',NULL),(901,373,'std373','xvz4td','','student',0,0,'','yes','2024-05-07 14:22:04',NULL),(902,373,'parent373','w0yjra','373','parent',0,0,'','yes','2024-05-07 14:22:04',NULL),(903,374,'std374','kk9zni','','student',0,0,'','yes','2024-05-07 14:22:04',NULL),(904,374,'parent374','b2krv8','374','parent',0,0,'','yes','2024-05-07 14:22:04',NULL),(905,375,'std375','evwjtx','','student',0,0,'','yes','2024-05-07 14:22:04',NULL),(906,375,'parent375','tmnsml','375','parent',0,0,'','yes','2024-05-07 14:22:04',NULL),(907,376,'std376','n3it7c','','student',0,0,'','yes','2024-05-07 14:22:04',NULL),(908,376,'parent376','nw9bd4','376','parent',0,0,'','yes','2024-05-07 14:22:04',NULL),(909,377,'std377','e92hf1','','student',0,0,'','yes','2024-05-07 14:22:04',NULL),(910,377,'parent377','f37jqw','377','parent',0,0,'','yes','2024-05-07 14:22:04',NULL),(911,378,'std378','spmecl','','student',0,0,'','yes','2024-05-07 14:22:04',NULL),(912,378,'parent378','pj82sy','378','parent',0,0,'','yes','2024-05-07 14:22:04',NULL),(913,379,'std379','x4au0n','','student',0,0,'','yes','2024-05-07 14:22:04',NULL),(914,379,'parent379','puyimc','379','parent',0,0,'','yes','2024-05-07 14:22:04',NULL),(915,380,'std380','qbpvoy','','student',0,0,'','yes','2024-05-07 14:22:19',NULL),(916,380,'parent380','83xl8f','380','parent',0,0,'','yes','2024-05-07 14:22:19',NULL),(917,381,'std381','yh96j0','','student',0,0,'','yes','2024-05-07 14:22:19',NULL),(918,381,'parent381','glssk2','381','parent',0,0,'','yes','2024-05-07 14:22:19',NULL),(919,382,'std382','1hdhlu','','student',0,0,'','yes','2024-05-07 14:22:19',NULL),(920,382,'parent382','i2ukk2','382','parent',0,0,'','yes','2024-05-07 14:22:19',NULL),(921,383,'std383','2zbhuh','','student',0,0,'','yes','2024-05-07 14:22:20',NULL),(922,383,'parent383','f27b2r','383','parent',0,0,'','yes','2024-05-07 14:22:20',NULL),(923,384,'std384','gu9fmf','','student',0,0,'','yes','2024-05-07 14:22:20',NULL),(924,384,'parent384','4t1s0l','384','parent',0,0,'','yes','2024-05-07 14:22:20',NULL),(925,385,'std385','hsh5tu','','student',0,0,'','yes','2024-05-07 14:22:20',NULL),(926,385,'parent385','6a767c','385','parent',0,0,'','yes','2024-05-07 14:22:20',NULL),(927,386,'std386','hy194x','','student',0,0,'','yes','2024-05-07 14:22:20',NULL),(928,386,'parent386','dvmh3u','386','parent',0,0,'','yes','2024-05-07 14:22:20',NULL),(929,387,'std387','nzrnit','','student',0,0,'','yes','2024-05-07 14:22:20',NULL),(930,387,'parent387','2dz9rw','387','parent',0,0,'','yes','2024-05-07 14:22:20',NULL),(931,388,'std388','9s35pd','','student',0,0,'','yes','2024-05-07 14:22:20',NULL),(932,388,'parent388','98xcj7','388','parent',0,0,'','yes','2024-05-07 14:22:20',NULL),(933,389,'std389','trxvex','','student',0,0,'','yes','2024-05-07 14:22:20',NULL),(934,389,'parent389','pwz77n','389','parent',0,0,'','yes','2024-05-07 14:22:20',NULL),(935,390,'std390','jnxxtd','','student',0,0,'','yes','2024-05-07 14:22:20',NULL),(936,390,'parent390','2cgpmk','390','parent',0,0,'','yes','2024-05-07 14:22:20',NULL),(937,391,'std391','nehuhx','','student',0,0,'','yes','2024-05-07 14:22:20',NULL),(938,391,'parent391','qnh493','391','parent',0,0,'','yes','2024-05-07 14:22:20',NULL),(939,392,'std392','tc4rqk','','student',0,0,'','yes','2024-05-07 14:22:20',NULL),(940,392,'parent392','0kzt9h','392','parent',0,0,'','yes','2024-05-07 14:22:20',NULL),(941,393,'std393','eob0db','','student',0,0,'','yes','2024-05-07 14:22:20',NULL),(942,393,'parent393','ospufq','393','parent',0,0,'','yes','2024-05-07 14:22:20',NULL),(943,394,'std394','kq7khk','','student',0,0,'','yes','2024-05-07 14:22:20',NULL),(944,394,'parent394','4fr7ru','394','parent',0,0,'','yes','2024-05-07 14:22:20',NULL),(945,395,'std395','ewjhg3','','student',0,0,'','yes','2024-05-07 14:22:20',NULL),(946,395,'parent395','29y5ie','395','parent',0,0,'','yes','2024-05-07 14:22:20',NULL),(947,396,'std396','1j70p5','','student',0,0,'','yes','2024-05-07 14:22:20',NULL),(948,396,'parent396','ml8lfc','396','parent',0,0,'','yes','2024-05-07 14:22:20',NULL),(949,397,'std397','2d8ikl','','student',0,0,'','yes','2024-05-07 14:22:20',NULL),(950,397,'parent397','gzgh5x','397','parent',0,0,'','yes','2024-05-07 14:22:20',NULL),(951,398,'std398','ornzgn','','student',0,0,'','yes','2024-05-07 14:22:20',NULL),(952,398,'parent398','g1n5an','398','parent',0,0,'','yes','2024-05-07 14:22:20',NULL),(953,399,'std399','243i9s','','student',0,0,'','yes','2024-05-07 14:22:20',NULL),(954,399,'parent399','svjeex','399','parent',0,0,'','yes','2024-05-07 14:22:20',NULL),(955,400,'std400','2krld4','','student',0,0,'','yes','2024-05-07 14:22:20',NULL),(956,400,'parent400','c3mfpk','400','parent',0,0,'','yes','2024-05-07 14:22:20',NULL),(957,401,'std401','e26vz8','','student',0,0,'','yes','2024-05-07 14:22:20',NULL),(958,401,'parent401','an831j','401','parent',0,0,'','yes','2024-05-07 14:22:20',NULL),(959,402,'std402','ln4vuk','','student',0,0,'','yes','2024-05-07 14:22:20',NULL),(960,402,'parent402','6s6to6','402','parent',0,0,'','yes','2024-05-07 14:22:20',NULL),(961,403,'std403','v5iapz','','student',0,0,'','yes','2024-05-07 14:22:20',NULL),(962,403,'parent403','g2ad49','403','parent',0,0,'','yes','2024-05-07 14:22:20',NULL),(963,404,'std404','ctn7em','','student',0,0,'','yes','2024-05-07 14:38:56',NULL),(964,404,'parent404','dtn31g','404','parent',0,0,'','yes','2024-05-07 14:38:56',NULL),(965,405,'std405','9j4l1y','','student',0,0,'','yes','2024-05-07 14:38:56',NULL),(966,405,'parent405','8jr0nn','405','parent',0,0,'','yes','2024-05-07 14:38:56',NULL),(967,406,'std406','xdzcy4','','student',0,0,'','yes','2024-05-07 14:38:56',NULL),(968,406,'parent406','i9hevr','406','parent',0,0,'','yes','2024-05-07 14:38:56',NULL),(969,407,'std407','lwkbt3','','student',0,0,'','yes','2024-05-07 14:38:56',NULL),(970,407,'parent407','00sna9','407','parent',0,0,'','yes','2024-05-07 14:38:56',NULL),(971,408,'std408','p075bo','','student',0,0,'','yes','2024-05-07 14:38:56',NULL),(972,408,'parent408','wboe7c','408','parent',0,0,'','yes','2024-05-07 14:38:56',NULL),(973,409,'std409','v67ugu','','student',0,0,'','yes','2024-05-07 14:38:56',NULL),(974,409,'parent409','8zw0xs','409','parent',0,0,'','yes','2024-05-07 14:38:56',NULL),(975,410,'std410','5vt82y','','student',0,0,'','yes','2024-05-07 14:38:56',NULL),(976,410,'parent410','bu2ks4','410','parent',0,0,'','yes','2024-05-07 14:38:56',NULL),(977,411,'std411','b2yqbc','','student',0,0,'','yes','2024-05-07 14:38:56',NULL),(978,411,'parent411','w5fwd1','411','parent',0,0,'','yes','2024-05-07 14:38:56',NULL),(979,412,'std412','sfko1n','','student',0,0,'','yes','2024-05-07 14:38:56',NULL),(980,412,'parent412','5y0wt5','412','parent',0,0,'','yes','2024-05-07 14:38:56',NULL),(981,413,'std413','kfi5wu','','student',0,0,'','yes','2024-05-07 14:38:56',NULL),(982,413,'parent413','n8irwu','413','parent',0,0,'','yes','2024-05-07 14:38:56',NULL),(983,414,'std414','qcjkb9','','student',0,0,'','yes','2024-05-07 14:38:56',NULL),(984,414,'parent414','xmrzws','414','parent',0,0,'','yes','2024-05-07 14:38:56',NULL),(985,415,'std415','a73ebx','','student',0,0,'','yes','2024-05-07 14:38:56',NULL),(986,415,'parent415','qwxm4l','415','parent',0,0,'','yes','2024-05-07 14:38:56',NULL),(987,416,'std416','qe7f7f','','student',0,0,'','yes','2024-05-07 14:38:56',NULL),(988,416,'parent416','x0hq85','416','parent',0,0,'','yes','2024-05-07 14:38:56',NULL),(989,417,'std417','bnokym','','student',0,0,'','yes','2024-05-07 14:38:56',NULL),(990,417,'parent417','90kpmp','417','parent',0,0,'','yes','2024-05-07 14:38:57',NULL),(991,418,'std418','ok7l8b','','student',0,0,'','yes','2024-05-07 14:38:57',NULL),(992,418,'parent418','q5a43n','418','parent',0,0,'','yes','2024-05-07 14:38:57',NULL),(993,419,'std419','z0g00h','','student',0,0,'','yes','2024-05-07 14:38:57',NULL),(994,419,'parent419','ocftn0','419','parent',0,0,'','yes','2024-05-07 14:38:57',NULL),(995,420,'std420','4l4q74','','student',0,0,'','yes','2024-05-07 14:38:57',NULL),(996,420,'parent420','6e6hxi','420','parent',0,0,'','yes','2024-05-07 14:38:57',NULL),(997,421,'std421','149w53','','student',0,0,'','yes','2024-05-07 14:39:14',NULL),(998,421,'parent421','rbn3if','421','parent',0,0,'','yes','2024-05-07 14:39:14',NULL),(999,422,'std422','7iz9lf','','student',0,0,'','yes','2024-05-07 14:39:14',NULL),(1000,422,'parent422','aebqbd','422','parent',0,0,'','yes','2024-05-07 14:39:14',NULL),(1001,423,'std423','8bct2l','','student',0,0,'','yes','2024-05-07 14:39:14',NULL),(1002,423,'parent423','prs8gw','423','parent',0,0,'','yes','2024-05-07 14:39:14',NULL),(1003,424,'std424','ojxudw','','student',0,0,'','yes','2024-05-07 14:39:14',NULL),(1004,424,'parent424','wkabge','424','parent',0,0,'','yes','2024-05-07 14:39:14',NULL),(1005,425,'std425','6z8tr4','','student',0,0,'','yes','2024-05-07 14:39:14',NULL),(1006,425,'parent425','n1uhsu','425','parent',0,0,'','yes','2024-05-07 14:39:14',NULL),(1007,426,'std426','326j1d','','student',0,0,'','yes','2024-05-07 14:39:14',NULL),(1008,426,'parent426','lolw8n','426','parent',0,0,'','yes','2024-05-07 14:39:14',NULL),(1009,427,'std427','p1yb1e','','student',0,0,'','yes','2024-05-07 14:39:14',NULL),(1010,427,'parent427','3y8e0y','427','parent',0,0,'','yes','2024-05-07 14:39:14',NULL),(1011,428,'std428','g1e2ol','','student',0,0,'','yes','2024-05-07 14:39:14',NULL),(1012,428,'parent428','6p96uy','428','parent',0,0,'','yes','2024-05-07 14:39:14',NULL),(1013,429,'std429','53cm03','','student',0,0,'','yes','2024-05-07 14:39:14',NULL),(1014,429,'parent429','7dpbj7','429','parent',0,0,'','yes','2024-05-07 14:39:14',NULL),(1015,430,'std430','5i4h79','','student',0,0,'','yes','2024-05-07 14:39:14',NULL),(1016,430,'parent430','9bq1tg','430','parent',0,0,'','yes','2024-05-07 14:39:14',NULL),(1017,431,'std431','kyijil','','student',0,0,'','yes','2024-05-07 14:39:14',NULL),(1018,431,'parent431','wp8ngx','431','parent',0,0,'','yes','2024-05-07 14:39:14',NULL),(1019,432,'std432','ba06rq','','student',0,0,'','yes','2024-05-07 14:39:14',NULL),(1020,432,'parent432','8uoy6t','432','parent',0,0,'','yes','2024-05-07 14:39:14',NULL),(1021,433,'std433','u0rq9u','','student',0,0,'','yes','2024-05-07 14:39:14',NULL),(1022,433,'parent433','t1e4vc','433','parent',0,0,'','yes','2024-05-07 14:39:14',NULL),(1023,434,'std434','d85cwe','','student',0,0,'','yes','2024-05-07 14:39:14',NULL),(1024,434,'parent434','l8sn56','434','parent',0,0,'','yes','2024-05-07 14:39:14',NULL),(1025,435,'std435','qg75kx','','student',0,0,'','yes','2024-05-07 14:39:14',NULL),(1026,435,'parent435','xhb9vf','435','parent',0,0,'','yes','2024-05-07 14:39:14',NULL),(1027,436,'std436','yljlkb','','student',0,0,'','yes','2024-05-07 14:39:14',NULL),(1028,436,'parent436','3bq48j','436','parent',0,0,'','yes','2024-05-07 14:39:14',NULL),(1029,437,'std437','2oduf9','','student',0,0,'','yes','2024-05-07 14:39:14',NULL),(1030,437,'parent437','y41udx','437','parent',0,0,'','yes','2024-05-07 14:39:14',NULL),(1031,438,'std438','x340th','','student',0,0,'','yes','2024-05-07 14:39:14',NULL),(1032,438,'parent438','deq13y','438','parent',0,0,'','yes','2024-05-07 14:39:14',NULL),(1033,439,'std439','utmvde','','student',0,0,'','yes','2024-05-07 14:39:14',NULL),(1034,439,'parent439','avs75r','439','parent',0,0,'','yes','2024-05-07 14:39:14',NULL),(1035,440,'std440','i68myp','','student',0,0,'','yes','2024-05-07 14:39:14',NULL),(1036,440,'parent440','zq4ipg','440','parent',0,0,'','yes','2024-05-07 14:39:14',NULL),(1037,441,'std441','08s8lt','','student',0,0,'','yes','2024-05-07 14:39:14',NULL),(1038,441,'parent441','ozjs7v','441','parent',0,0,'','yes','2024-05-07 14:39:14',NULL),(1039,442,'std442','stiscq','','student',0,0,'','yes','2024-05-07 14:39:14',NULL),(1040,442,'parent442','3gy6oa','442','parent',0,0,'','yes','2024-05-07 14:39:14',NULL),(1041,443,'std443','h2do24','','student',0,0,'','yes','2024-05-07 14:39:14',NULL),(1042,443,'parent443','iqgm75','443','parent',0,0,'','yes','2024-05-07 14:39:14',NULL),(1043,444,'std444','3rddlb','','student',0,0,'','yes','2024-05-07 14:39:14',NULL),(1044,444,'parent444','btx1jx','444','parent',0,0,'','yes','2024-05-07 14:39:14',NULL),(1045,445,'std445','67n17t','','student',0,0,'','yes','2024-05-07 14:39:14',NULL),(1046,445,'parent445','hmhagg','445','parent',0,0,'','yes','2024-05-07 14:39:14',NULL),(1047,446,'std446','8tw6td','','student',0,0,'','yes','2024-05-07 14:39:14',NULL),(1048,446,'parent446','qp4fmn','446','parent',0,0,'','yes','2024-05-07 14:39:14',NULL),(1049,447,'std447','q92nmt','','student',0,0,'','yes','2024-05-07 14:39:14',NULL),(1050,447,'parent447','qfxh8r','447','parent',0,0,'','yes','2024-05-07 14:39:14',NULL),(1051,448,'std448','9qti3a','','student',0,0,'','yes','2024-05-07 14:39:14',NULL),(1052,448,'parent448','c61dzi','448','parent',0,0,'','yes','2024-05-07 14:39:15',NULL),(1053,449,'std449','qw64bp','','student',0,0,'','yes','2024-05-07 14:39:46',NULL),(1054,449,'parent449','39ivs4','449','parent',0,0,'','yes','2024-05-07 14:39:46',NULL),(1055,450,'std450','wercki','','student',0,0,'','yes','2024-05-07 14:39:46',NULL),(1056,450,'parent450','4umyf1','450','parent',0,0,'','yes','2024-05-07 14:39:46',NULL),(1057,451,'std451','4e8wn5','','student',0,0,'','yes','2024-05-07 14:39:46',NULL),(1058,451,'parent451','specpi','451','parent',0,0,'','yes','2024-05-07 14:39:46',NULL),(1059,452,'std452','s9g9rk','','student',0,0,'','yes','2024-05-07 14:39:46',NULL),(1060,452,'parent452','jc0qvv','452','parent',0,0,'','yes','2024-05-07 14:39:46',NULL),(1061,453,'std453','8q1b8l','','student',0,0,'','yes','2024-05-07 14:39:46',NULL),(1062,453,'parent453','v9errc','453','parent',0,0,'','yes','2024-05-07 14:39:46',NULL),(1063,454,'std454','jodn5h','','student',0,0,'','yes','2024-05-07 14:39:46',NULL),(1064,454,'parent454','paj26a','454','parent',0,0,'','yes','2024-05-07 14:39:46',NULL),(1065,455,'std455','idsxnd','','student',0,0,'','yes','2024-05-07 14:39:47',NULL),(1066,455,'parent455','satab2','455','parent',0,0,'','yes','2024-05-07 14:39:47',NULL),(1067,456,'std456','wb55ib','','student',0,0,'','yes','2024-05-07 14:39:47',NULL),(1068,456,'parent456','uvii22','456','parent',0,0,'','yes','2024-05-07 14:39:47',NULL),(1069,457,'std457','2xkqwj','','student',0,0,'','yes','2024-05-07 14:39:47',NULL),(1070,457,'parent457','sez118','457','parent',0,0,'','yes','2024-05-07 14:39:47',NULL),(1071,458,'std458','myyp72','','student',0,0,'','yes','2024-05-07 14:39:47',NULL),(1072,458,'parent458','prh2bl','458','parent',0,0,'','yes','2024-05-07 14:39:47',NULL),(1073,459,'std459','9kvw5r','','student',0,0,'','yes','2024-05-07 14:39:47',NULL),(1074,459,'parent459','sh9m73','459','parent',0,0,'','yes','2024-05-07 14:39:47',NULL),(1075,460,'std460','n7okkn','','student',0,0,'','yes','2024-05-07 14:39:47',NULL),(1076,460,'parent460','sr2knf','460','parent',0,0,'','yes','2024-05-07 14:39:47',NULL),(1077,461,'std461','uab7xw','','student',0,0,'','yes','2024-05-07 14:39:47',NULL),(1078,461,'parent461','kjn3xb','461','parent',0,0,'','yes','2024-05-07 14:39:47',NULL),(1079,462,'std462','4xmlaj','','student',0,0,'','yes','2024-05-07 14:39:47',NULL),(1080,462,'parent462','ujo6ll','462','parent',0,0,'','yes','2024-05-07 14:39:47',NULL),(1081,463,'std463','pmx3yy','','student',0,0,'','yes','2024-05-07 14:39:47',NULL),(1082,463,'parent463','wqczti','463','parent',0,0,'','yes','2024-05-07 14:39:47',NULL),(1083,464,'std464','rva9w4','','student',0,0,'','yes','2024-05-07 14:39:47',NULL),(1084,464,'parent464','oonxm9','464','parent',0,0,'','yes','2024-05-07 14:39:47',NULL),(1085,465,'std465','uknsmc','','student',0,0,'','yes','2024-05-07 14:39:47',NULL),(1086,465,'parent465','in7crd','465','parent',0,0,'','yes','2024-05-07 14:39:47',NULL),(1087,466,'std466','2jxr47','','student',0,0,'','yes','2024-05-07 14:39:47',NULL),(1088,466,'parent466','hhtjui','466','parent',0,0,'','yes','2024-05-07 14:39:47',NULL),(1089,467,'std467','kkqk9i','','student',0,0,'','yes','2024-05-07 14:39:47',NULL),(1090,467,'parent467','ww8jah','467','parent',0,0,'','yes','2024-05-07 14:39:47',NULL),(1091,468,'std468','6jjcnf','','student',0,0,'','yes','2024-05-07 14:39:47',NULL),(1092,468,'parent468','jhidqy','468','parent',0,0,'','yes','2024-05-07 14:39:47',NULL),(1093,469,'std469','jx24ab','','student',0,0,'','yes','2024-05-07 14:39:47',NULL),(1094,469,'parent469','lcutmv','469','parent',0,0,'','yes','2024-05-07 14:39:47',NULL),(1095,470,'std470','wf9hws','','student',0,0,'','yes','2024-05-07 14:39:47',NULL),(1096,470,'parent470','w0bxr4','470','parent',0,0,'','yes','2024-05-07 14:39:47',NULL),(1097,471,'std471','pcq0zy','','student',0,0,'','yes','2024-05-07 14:40:09',NULL),(1098,471,'parent471','god7vo','471','parent',0,0,'','yes','2024-05-07 14:40:09',NULL),(1099,472,'std472','0qmwdg','','student',0,0,'','yes','2024-05-07 14:40:09',NULL),(1100,472,'parent472','aqltha','472','parent',0,0,'','yes','2024-05-07 14:40:09',NULL),(1101,473,'std473','xic9l4','','student',0,0,'','yes','2024-05-07 14:40:09',NULL),(1102,473,'parent473','8k7snj','473','parent',0,0,'','yes','2024-05-07 14:40:09',NULL),(1103,474,'std474','tfdzbh','','student',0,0,'','yes','2024-05-07 14:40:09',NULL),(1104,474,'parent474','c6vyrh','474','parent',0,0,'','yes','2024-05-07 14:40:09',NULL),(1105,475,'std475','33ytz4','','student',0,0,'','yes','2024-05-07 14:40:09',NULL),(1106,475,'parent475','7hojc7','475','parent',0,0,'','yes','2024-05-07 14:40:09',NULL),(1107,476,'std476','ktrqd4','','student',0,0,'','yes','2024-05-07 14:40:09',NULL),(1108,476,'parent476','3xsd9u','476','parent',0,0,'','yes','2024-05-07 14:40:09',NULL),(1109,477,'std477','m6p8qy','','student',0,0,'','yes','2024-05-07 15:06:55',NULL),(1110,477,'parent477','oliprx','477','parent',0,0,'','yes','2024-05-07 15:06:55',NULL),(1111,478,'std478','2llljn','','student',0,0,'','yes','2024-05-07 15:06:55',NULL),(1112,478,'parent478','yyzj0n','478','parent',0,0,'','yes','2024-05-07 15:06:55',NULL),(1113,479,'std479','cg29d9','','student',0,0,'','yes','2024-05-07 15:06:55',NULL),(1114,479,'parent479','8tc4lz','479','parent',0,0,'','yes','2024-05-07 15:06:55',NULL),(1115,480,'std480','r8rdnr','','student',0,0,'','yes','2024-05-07 15:06:55',NULL),(1116,480,'parent480','cyuj7v','480','parent',0,0,'','yes','2024-05-07 15:06:55',NULL),(1117,481,'std481','s1g38f','','student',0,0,'','yes','2024-05-07 15:06:55',NULL),(1118,481,'parent481','hk0va5','481','parent',0,0,'','yes','2024-05-07 15:06:55',NULL),(1119,482,'std482','cmi9lu','','student',0,0,'','yes','2024-05-07 15:06:55',NULL),(1120,482,'parent482','4w98py','482','parent',0,0,'','yes','2024-05-07 15:06:55',NULL),(1121,483,'std483','lxakgv','','student',0,0,'','yes','2024-05-07 15:06:55',NULL),(1122,483,'parent483','yqin0l','483','parent',0,0,'','yes','2024-05-07 15:06:55',NULL),(1123,484,'std484','roegus','','student',0,0,'','yes','2024-05-07 15:06:55',NULL),(1124,484,'parent484','msp91n','484','parent',0,0,'','yes','2024-05-07 15:06:55',NULL),(1125,485,'std485','1906rx','','student',0,0,'','yes','2024-05-07 15:06:55',NULL),(1126,485,'parent485','vz7nzv','485','parent',0,0,'','yes','2024-05-07 15:06:55',NULL),(1127,486,'std486','atsv8j','','student',0,0,'','yes','2024-05-07 15:06:55',NULL),(1128,486,'parent486','li2hzf','486','parent',0,0,'','yes','2024-05-07 15:06:55',NULL),(1129,487,'std487','c9l91i','','student',0,0,'','yes','2024-05-07 15:06:55',NULL),(1130,487,'parent487','fq7sn2','487','parent',0,0,'','yes','2024-05-07 15:06:55',NULL),(1131,488,'std488','jta8ka','','student',0,0,'','yes','2024-05-07 15:06:55',NULL),(1132,488,'parent488','p4jfzm','488','parent',0,0,'','yes','2024-05-07 15:06:55',NULL),(1133,489,'std489','kj8om9','','student',0,0,'','yes','2024-05-07 15:06:55',NULL),(1134,489,'parent489','zw9bwu','489','parent',0,0,'','yes','2024-05-07 15:06:55',NULL),(1135,490,'std490','wpgjvp','','student',0,0,'','yes','2024-05-07 15:06:55',NULL),(1136,490,'parent490','y5yl9w','490','parent',0,0,'','yes','2024-05-07 15:06:55',NULL),(1137,491,'std491','2my39x','','student',0,0,'','yes','2024-05-07 15:06:55',NULL),(1138,491,'parent491','2o70d6','491','parent',0,0,'','yes','2024-05-07 15:06:55',NULL),(1139,492,'std492','z9z589','','student',0,0,'','yes','2024-05-07 15:06:55',NULL),(1140,492,'parent492','u1mdou','492','parent',0,0,'','yes','2024-05-07 15:06:55',NULL),(1141,493,'std493','ltmkza','','student',0,0,'','yes','2024-05-07 15:06:55',NULL),(1142,493,'parent493','8c65ph','493','parent',0,0,'','yes','2024-05-07 15:06:55',NULL),(1143,494,'std494','nf2blr','','student',0,0,'','yes','2024-05-07 15:06:55',NULL),(1144,494,'parent494','sse264','494','parent',0,0,'','yes','2024-05-07 15:06:55',NULL),(1145,495,'std495','bnuyqq','','student',0,0,'','yes','2024-05-07 15:06:56',NULL),(1146,495,'parent495','kc5w7b','495','parent',0,0,'','yes','2024-05-07 15:06:56',NULL),(1147,496,'std496','8qmu1w','','student',0,0,'','yes','2024-05-07 15:06:56',NULL),(1148,496,'parent496','4i4j2x','496','parent',0,0,'','yes','2024-05-07 15:06:56',NULL),(1149,497,'std497','iolzyk','','student',0,0,'','yes','2024-05-07 15:06:56',NULL),(1150,497,'parent497','73f7na','497','parent',0,0,'','yes','2024-05-07 15:06:56',NULL),(1151,498,'std498','tu6ybm','','student',0,0,'','yes','2024-05-07 15:06:56',NULL),(1152,498,'parent498','rrnm9l','498','parent',0,0,'','yes','2024-05-07 15:06:56',NULL),(1153,499,'std499','6qdoz3','','student',0,0,'','yes','2024-05-07 15:06:56',NULL),(1154,499,'parent499','4acorb','499','parent',0,0,'','yes','2024-05-07 15:06:56',NULL),(1155,500,'std500','y9fnme','','student',0,0,'','yes','2024-05-07 15:06:56',NULL),(1156,500,'parent500','lxkwil','500','parent',0,0,'','yes','2024-05-07 15:06:56',NULL),(1157,501,'std501','bvnzeb','','student',0,0,'','yes','2024-05-07 15:06:56',NULL),(1158,501,'parent501','10xsmc','501','parent',0,0,'','yes','2024-05-07 15:06:56',NULL),(1159,502,'std502','laz505','','student',0,0,'','yes','2024-05-07 15:06:56',NULL),(1160,502,'parent502','9yr4gd','502','parent',0,0,'','yes','2024-05-07 15:06:56',NULL),(1161,503,'std503','1vc94x','','student',0,0,'','yes','2024-05-07 15:06:56',NULL),(1162,503,'parent503','iso87v','503','parent',0,0,'','yes','2024-05-07 15:06:56',NULL),(1163,504,'std504','ksz3tz','','student',0,0,'','yes','2024-05-07 15:06:56',NULL),(1164,504,'parent504','dd3s0f','504','parent',0,0,'','yes','2024-05-07 15:06:56',NULL),(1165,505,'std505','nyorlc','','student',0,0,'','yes','2024-05-07 15:06:56',NULL),(1166,505,'parent505','jmx6a8','505','parent',0,0,'','yes','2024-05-07 15:06:56',NULL),(1167,506,'std506','eto59w','','student',4,0,'','yes','2024-05-07 23:33:13',NULL),(1168,0,'parent506','yv7q6t','506','parent',0,0,'','yes','2024-05-07 23:33:13',NULL),(1169,507,'std507','th7e91','','student',4,0,'','yes','2024-05-11 14:38:27',NULL),(1170,0,'parent507','ejmovw','507','parent',0,0,'','yes','2024-05-11 14:38:27',NULL),(1171,508,'std508','ugv5pt','','student',4,0,'','yes','2024-05-11 14:43:49',NULL),(1172,0,'parent508','m6ufoj','508','parent',0,0,'','yes','2024-05-11 14:43:49',NULL),(1173,509,'std509','1wllc9','','student',4,0,'','yes','2024-05-11 14:45:43',NULL),(1174,0,'parent509','i017nv','509','parent',0,0,'','yes','2024-05-11 14:45:43',NULL),(1175,510,'std510','2arboa','','student',4,0,'','yes','2024-05-12 06:26:10',NULL),(1176,0,'parent510','aciez3','510','parent',0,0,'','yes','2024-05-12 06:26:10',NULL),(1177,511,'std511','03p7c2','','student',4,0,'','yes','2024-05-12 10:30:11',NULL),(1178,0,'parent511','lxxq5f','511','parent',0,0,'','yes','2024-05-12 10:30:11',NULL),(1179,512,'std512','2m11gj','','student',4,0,'','yes','2024-05-12 10:36:48',NULL),(1180,0,'parent512','rsg8ir','512','parent',0,0,'','yes','2024-05-12 10:36:48',NULL),(1181,513,'std513','tn4ky4','','student',4,0,'','yes','2024-05-12 10:42:03',NULL),(1182,0,'parent513','h6jskn','513','parent',0,0,'','yes','2024-05-12 10:42:03',NULL),(1183,514,'std514','sjcgt1','','student',4,0,'','yes','2024-05-12 12:17:55',NULL),(1184,0,'parent514','dwg1i4','514','parent',0,0,'','yes','2024-05-12 12:17:55',NULL),(1185,515,'std515','w5a1ei','','student',4,0,'','yes','2024-05-12 12:55:49',NULL),(1186,0,'parent515','qk3bd3','515','parent',0,0,'','yes','2024-05-12 12:55:49',NULL),(1187,516,'std516','y47xnh','','student',4,0,'','yes','2024-05-12 12:57:45',NULL),(1188,0,'parent516','rbg9a6','516','parent',0,0,'','yes','2024-05-12 12:57:45',NULL),(1189,517,'std517','ilgibb','','student',4,0,'','yes','2024-05-12 13:02:55',NULL),(1190,0,'parent517','uwcyns','517','parent',0,0,'','yes','2024-05-12 13:02:55',NULL),(1191,518,'std518','0a3uls','','student',4,0,'','yes','2024-05-12 13:15:43',NULL),(1192,0,'parent518','6wt7no','518','parent',0,0,'','yes','2024-05-12 13:15:43',NULL),(1193,519,'std519','aiuj8j','','student',4,0,'','yes','2024-05-12 13:31:16',NULL),(1194,0,'parent519','s5ti2c','519','parent',0,0,'','yes','2024-05-12 13:31:16',NULL),(1195,520,'std520','nlrs1n','','student',4,0,'','yes','2024-05-12 13:34:11',NULL),(1196,0,'parent520','t9pr9l','520','parent',0,0,'','yes','2024-05-12 13:34:11',NULL),(1197,521,'std521','9x4y8x','','student',4,0,'','yes','2024-05-12 13:35:33',NULL),(1198,0,'parent521','fmzbp6','521','parent',0,0,'','yes','2024-05-12 13:35:33',NULL);

--
-- Table structure for table `users_authentication`
--

CREATE TABLE `users_authentication` (
  `id` int NOT NULL AUTO_INCREMENT,
  `users_id` int NOT NULL,
  `token` varchar(255) NOT NULL,
  `staff_id` int DEFAULT NULL,
  `expired_at` timestamp NOT NULL DEFAULT CURRENT_TIMESTAMP,
  `created_at` date DEFAULT NULL,
  `updated_at` date DEFAULT NULL,
  PRIMARY KEY (`id`)
) ENGINE=InnoDB AUTO_INCREMENT=16 DEFAULT CHARSET=utf8mb3;

--
-- Dumping data for table `users_authentication`
--

INSERT INTO `users_authentication` VALUES (3,1109,'MTAMwMgMTA',NULL,'2025-05-08 08:14:26',NULL,NULL),(5,333,'NQMTAMwNAMw',NULL,'2025-05-08 09:46:39',NULL,NULL),(6,333,'OANgNQMwMg',NULL,'2025-05-08 09:59:26',NULL,NULL),(7,617,'NQOAOAMgOQ',NULL,'2025-05-08 10:23:33',NULL,NULL),(9,1110,'MTANwNwMwNQ',NULL,'2025-05-09 08:53:04',NULL,NULL),(14,1111,'NQMgNgMgMg',NULL,'2025-05-11 06:25:59',NULL,NULL),(15,1197,'NAMwNgNANQ',NULL,'2025-05-12 10:42:32',NULL,NULL);

--
-- Table structure for table `vehicle_routes`
--

CREATE TABLE `vehicle_routes` (
  `id` int NOT NULL AUTO_INCREMENT,
  `route_id` int DEFAULT NULL,
  `vehicle_id` int DEFAULT NULL,
  `created_at` timestamp NOT NULL DEFAULT CURRENT_TIMESTAMP ON UPDATE CURRENT_TIMESTAMP,
  PRIMARY KEY (`id`),
  KEY `route_id` (`route_id`),
  KEY `vehicle_id` (`vehicle_id`),
  CONSTRAINT `vehicle_routes_ibfk_1` FOREIGN KEY (`route_id`) REFERENCES `transport_route` (`id`) ON DELETE CASCADE,
  CONSTRAINT `vehicle_routes_ibfk_2` FOREIGN KEY (`vehicle_id`) REFERENCES `vehicles` (`id`) ON DELETE CASCADE
) ENGINE=InnoDB DEFAULT CHARSET=utf8mb3;

--
-- Dumping data for table `vehicle_routes`
--


--
-- Table structure for table `vehicles`
--

CREATE TABLE `vehicles` (
  `id` int NOT NULL AUTO_INCREMENT,
  `vehicle_no` varchar(20) DEFAULT NULL,
  `vehicle_model` varchar(100) NOT NULL DEFAULT 'None',
  `vehicle_photo` varchar(255) DEFAULT NULL,
  `manufacture_year` varchar(4) DEFAULT NULL,
  `registration_number` varchar(50) NOT NULL,
  `chasis_number` varchar(100) NOT NULL,
  `max_seating_capacity` varchar(255) NOT NULL,
  `driver_name` varchar(50) DEFAULT NULL,
  `driver_licence` varchar(50) NOT NULL DEFAULT 'None',
  `driver_contact` varchar(20) DEFAULT NULL,
  `note` text,
  `created_at` timestamp NOT NULL DEFAULT CURRENT_TIMESTAMP ON UPDATE CURRENT_TIMESTAMP,
  PRIMARY KEY (`id`),
  KEY `idx_vehicle_no` (`vehicle_no`)
) ENGINE=InnoDB DEFAULT CHARSET=utf8mb3;

--
-- Dumping data for table `vehicles`
--


--
-- Table structure for table `video_tutorial`
--

CREATE TABLE `video_tutorial` (
  `id` int NOT NULL AUTO_INCREMENT,
  `title` varchar(100) NOT NULL,
  `vid_title` text,
  `description` text NOT NULL,
  `thumb_path` varchar(500) DEFAULT NULL,
  `dir_path` varchar(500) DEFAULT NULL,
  `img_name` varchar(300) NOT NULL,
  `thumb_name` varchar(300) NOT NULL,
  `video_link` varchar(100) NOT NULL,
  `created_by` int NOT NULL,
  `created_at` timestamp NOT NULL DEFAULT CURRENT_TIMESTAMP,
  PRIMARY KEY (`id`),
  KEY `created_by` (`created_by`),
  KEY `idx_title` (`title`),
  CONSTRAINT `video_tutorial_ibfk_1` FOREIGN KEY (`created_by`) REFERENCES `staff` (`id`) ON DELETE CASCADE
) ENGINE=InnoDB DEFAULT CHARSET=utf8mb3;

--
-- Dumping data for table `video_tutorial`
--


--
-- Table structure for table `video_tutorial_class_sections`
--

CREATE TABLE `video_tutorial_class_sections` (
  `id` int NOT NULL AUTO_INCREMENT,
  `video_tutorial_id` int NOT NULL,
  `class_section_id` int NOT NULL,
  `created_date` date NOT NULL,
  PRIMARY KEY (`id`),
  KEY `class_section_id` (`class_section_id`),
  KEY `video_tutorial_id` (`video_tutorial_id`),
  CONSTRAINT `video_tutorial_class_sections_ibfk_1` FOREIGN KEY (`class_section_id`) REFERENCES `class_sections` (`id`) ON DELETE CASCADE,
  CONSTRAINT `video_tutorial_class_sections_ibfk_2` FOREIGN KEY (`video_tutorial_id`) REFERENCES `video_tutorial` (`id`) ON DELETE CASCADE
) ENGINE=InnoDB DEFAULT CHARSET=utf8mb3;

--
-- Dumping data for table `video_tutorial_class_sections`
--


--
-- Table structure for table `visitors_book`
--

CREATE TABLE `visitors_book` (
  `id` int NOT NULL AUTO_INCREMENT,
  `staff_id` int DEFAULT NULL,
  `student_session_id` int DEFAULT NULL,
  `source` varchar(100) DEFAULT NULL,
  `purpose` varchar(255) NOT NULL,
  `name` varchar(100) NOT NULL,
  `email` varchar(100) DEFAULT NULL,
  `contact` varchar(12) NOT NULL,
  `id_proof` varchar(50) NOT NULL,
  `no_of_people` int NOT NULL,
  `date` date NOT NULL,
  `in_time` varchar(20) NOT NULL,
  `out_time` varchar(20) NOT NULL,
  `note` text NOT NULL,
  `image` varchar(100) DEFAULT NULL,
  `meeting_with` varchar(20) NOT NULL,
  `created_at` timestamp NOT NULL DEFAULT CURRENT_TIMESTAMP,
  PRIMARY KEY (`id`),
  KEY `staff_id` (`staff_id`),
  KEY `student_session_id` (`student_session_id`),
  CONSTRAINT `visitors_book_ibfk_1` FOREIGN KEY (`staff_id`) REFERENCES `staff` (`id`) ON DELETE CASCADE,
  CONSTRAINT `visitors_book_ibfk_2` FOREIGN KEY (`student_session_id`) REFERENCES `student_session` (`id`) ON DELETE CASCADE
) ENGINE=InnoDB DEFAULT CHARSET=utf8mb3;

--
-- Dumping data for table `visitors_book`
--


--
-- Table structure for table `visitors_purpose`
--

CREATE TABLE `visitors_purpose` (
  `id` int NOT NULL AUTO_INCREMENT,
  `visitors_purpose` varchar(100) NOT NULL,
  `description` text NOT NULL,
  `created_at` timestamp NOT NULL DEFAULT CURRENT_TIMESTAMP,
  PRIMARY KEY (`id`)
) ENGINE=InnoDB DEFAULT CHARSET=utf8mb3;

--
-- Dumping data for table `visitors_purpose`
--



